Southwest Florida Weather History, Yearly, Monthly, Daily, Records
 Click here to register!Home | Advertise | Forum | Live Webcams | Contact Us | Tell a Friend | Your Account  

Lee County Forecast
Today

Today: Mostly sunny, with a high near 79. West wind 5 to 13 mph, with gusts as high as 18 mph.
Mostly Sunny

Tonight

Tonight: Partly cloudy, with a low around 58. Northwest wind 9 to 13 mph becoming north northeast after midnight. Winds could gust as high as 18 mph.
Partly Cloudy

Hi 79 °FLo 58 °F
Extended Forecast
Florida Weather Forecast

Southwest Florida Webcams

Main Navigation
Weather
· Home
· Current Conditions
· Storm Warnings
· Station Graphs
· Storm Fronts
· Temperature Map
· Station History
· Drought Index
· Storm Reports
· Rainfall Estimates
· Fire Graphs

Doppler Radar
· Lee County
· Charlotte County
· Collier County
· Hendry County
· Desoto County
· Glades County
· Sarasota County
· Manatee County
· Hillsborough County
· Pinellas County
· Pasco County
· Southwest Florida
· Florida
· State Radars
· National

Satellite
· South Florida
· North Florida
· Regional
· National

Forecast
· Extended
· Marine
· Discussion
· Florida Forecast
· Hazardous Outlook
· Wave Heights
· Fire

Lightning
· Live
· Tracker
· Loop
· Network
· WASP
· WASP Loop
· 3 Hour Forecast

Tropical Weather
· Hurricane Tracker
· Tropical Satellite
· Sea Temperature
· Discussion
· Buoy Data
· Tracking Tools
· Monthly Summary

Moon and Tides
· Tides
· Moon Phase

Live Products

Fishing Reports

Local News

Other Info

  
 

Southwest Florida Monthly and Yearly Weather Reports

2017: Jan | Feb | Mar | Apr | May | Jun | Jul | Aug | Sep | Oct | Nov | Dec 
2016: Jan | Feb | Mar | Apr | May | Jun | Jul | Aug | Sep | Oct | Nov | Dec 
2015: Jan | Feb | Mar | Apr | May | Jun | Jul | Aug | Sep | Oct | Nov | Dec 
2014: Jan | Feb | Mar | Apr | May | Jun | Jul | Aug | Sep | Oct | Nov | Dec 
2013: Jan | Feb | Mar | Apr | May | Jun | Jul | Aug | Sep | Oct | Nov | Dec 
2012: Jan | Feb | Mar | Apr | May | Jun | Jul | Aug | Sep | Oct | Nov | Dec 
2011: Jan | Feb | Mar | Apr | May | Jun | Jul | Aug | Sep | Oct | Nov | Dec 
2010: Jan | Feb | Mar | Apr | May | Jun | Jul | Aug | Sep | Oct | Nov | Dec 
2009: Jan | Feb | Mar | Apr | May | Jun | Jul | Aug | Sep | Oct | Nov | Dec 
2008: Jan | Feb | Mar | Apr | May | Jun | Jul | Aug | Sep | Oct | Nov | Dec 
2007: Jan | Feb | Mar | Apr | May | Jun | Jul | Aug | Sep | Oct | Nov | Dec 
2006: Jan | Feb | Mar | Apr | May | Jun | Jul | Aug | Sep | Oct | Nov | Dec 
2005: Jan | Feb | Mar | Apr | May | Jun | Jul | Aug | Sep | Oct | Nov | Dec 

Report for 2012 09
MONTHLY CLIMATOLOGICAL SUMMARY FOR 9/2012 HEAT COOL MEAN DEG DEG WIND SPEED DOM MEAN MEAN DAY TEMP HIGH TIME LOW TIME DAYS DAYS RAIN AVG HI TIME DIR BAROM HUM --------------------------------------------------------------------------------------- 1 84.6 95.7 4:07pm 76.8 7:05am 0 20 0.00 2 17 5:55pm ENE 30.06 74 2 82.7 92.7 4:37pm 72.8 7:18am 0 18 0.00 2 14 10:07am ENE 30.01 69 3 81.7 90.4 2:09pm 72.5 6:49am 0 17 0.00 1 13 4:34pm WNW 29.99 73 4 81.8 89.6 3:35pm 74.8 6:44am 0 17 0.00 1 13 4:26pm SW 29.97 80 5 81.5 89.3 3:20pm 74.5 11:26pm 0 17 0.70 2 19 11:21pm SW 29.95 82 6 79.9 89.6 1:39pm 73.3 2:14am 0 15 0.05 1 17 7:43pm SW 29.97 85 7 81.7 89.5 1:08pm 74.9 2:51am 0 17 0.00 1 14 2:54pm SW 29.94 81 8 83.1 88.9 2:57pm 77.1 7:27am 0 18 0.00 2 15 1:36pm SW 29.91 78 9 84.0 88.2 1:51pm 80.8 9:52pm 0 19 0.04 6 20 10:33am SW 29.93 78 10 81.6 86.5 2:55pm 76.8 9:24am 0 17 0.60 2 23 2:04pm W 29.96 85 11 80.9 91.9 2:24pm 75.6 5:57am 0 16 0.06 2 21 5:06pm ENE 30.02 83 12 82.6 92.0 2:20pm 74.5 6:01am 0 15 0.00 4 28 5:27pm ENE 30.02 75 13 79.7 85.4 12:30pm 75.8 7:13am 0 15 0.02 4 19 1:13pm ENE 30.00 83 14 81.2 92.5 3:26pm 74.0 6:52am 0 16 0.00 2 16 12:26pm ENE 29.98 79 15 80.4 90.3 1:38pm 75.8 6:50am 0 15 0.08 1 17 4:44pm E 29.99 84 16 78.6 89.2 3:58pm 73.0 5:51pm 0 14 2.15 1 19 4:58pm E 29.98 87 17 80.1 88.2 1:50pm 73.5 3:14am 0 15 0.01 1 13 12:39pm SSE 29.94 86 18 80.5 88.4 12:47pm 74.6 6:07pm 0 16 0.66 3 19 5:27pm SW 29.92 87 19 80.2 86.6 4:46pm 74.3 5:40am 0 15 0.01 1 10 10:23am W 29.96 83 20 80.7 92.3 5:21pm 74.7 11:57pm 0 16 0.00 1 21 5:34pm E 29.97 83 21 77.3 90.5 4:40pm 73.1 10:59pm 0 12 0.41 1 21 5:02pm ENE 29.95 87 22 76.2 84.7 1:48pm 72.4 3:27am 0 11 1.05 0 17 4:08pm ENE 29.96 92 23 79.7 92.4 3:13pm 73.0 6:47am 0 14 0.00 1 13 1:39pm NE 30.01 80 24 78.7 88.9 1:30pm 73.3 7:29am 0 14 0.00 2 16 4:53pm NE 30.02 79 25 78.4 87.7 3:00pm 72.1 6:39am 0 13 0.00 1 11 9:43am ENE 30.02 75 26 80.1 88.1 4:08pm 74.9 11:59pm 0 15 0.00 0 12 8:14pm ENE 30.04 78 27 81.2 93.8 4:40pm 72.5 7:06am 0 16 0.00 1 12 11:12am ENE 30.03 79 28 80.7 93.0 3:53pm 73.7 6:48am 0 15 0.44 1 15 7:35pm ENE 29.97 81 29 80.5 89.4 2:28pm 73.7 4:57am 0 15 0.01 1 13 3:42pm WNW 29.90 84 30 81.0 89.0 2:34pm 74.4 7:12am 0 16 0.00 1 13 12:00am SW 29.82 82 --------------------------------------------------------------------------------------- TOT 81.6 830.7 9/12/12 72.1 9/25/12 0 467 6.29 2 49 9/12/12 ENE 29.97 80 HEAT BASE: 65.0 COOL BASE: 65.0
 
  
Hurricane Tracker

Hurricane Tracker
Hurricane Tracker
2017 Storm Tracker Forum


Atlantic Storms
No Storms


Sponsored Links

Recent Forum Posts

New Post
SW FL-Bonita Beach:Nice trout Inshore;Keeper Mutton Offshore
Posted by
fishbuster on Nov 09, 2017 at 02:17:33 PM


New Post
Philippe- Final Advisory
Posted by
ccstorms on Oct 29, 2017 at 05:36:13 PM


New Post
Invest 92L- Deactivated
Posted by
ccstorms on Oct 17, 2017 at 06:12:31 AM


New Post
Ophelia- Final Advisory
Posted by
ccstorms on Oct 16, 2017 at 06:32:58 AM


New Post
Nate- Final Advisory
Posted by
ccstorms on Oct 08, 2017 at 02:04:43 PM


New Post
SW FL-Bonita Beach: Fishing pre and post Hurricane Irma
Posted by
fishbuster on Oct 07, 2017 at 12:55:48 PM


***FORUM RULES***

Sponsored Links

Member Login
Username

Password


Join For Free!!
Click here to Register!

Total Hits
We received
79107882
page views since June 2005

Social Networks

Southwest Florida Weather | Central Florida Weather | Florida Weather

Cape Coral | Fort Myers | Bonita Springs | Naples | Punta Gorda | Port Charlotte | Estero | Sanibel | Lehigh Acres | Captiva | Pine Island | Bokeelia | St. James City | Alva | Arcadia | Labelle | Clewiston | Venice

Lee County | Charlotte County | Collier County | Hendry County | Desoto County
Glades County | Monroe County | Sarasota County | Manatee County
Hillsborough County | Pinellas County | Pasco County

Recommend us




Copyright Capeweather.com 2005-2017

DO NOT make decisions that affect life or property based on this data!
PHP-Nuke Copyright © 2004 by Francisco Burzi. This is free software, and you may redistribute it under the GPL. PHP-Nuke comes with absolutely no warranty, for details, see the license.
Page Generation: 0.23 Seconds