Southwest Florida Weather History, Yearly, Monthly, Daily, Records
 Click here to register!Home | Advertise | Forum | Live Webcams | Contact Us | Tell a Friend | Your Account  

Lee County Forecast
This
Afternoon
This Afternoon: Partly sunny, with a high near 74. Breezy, with a west northwest wind 14 to 17 mph, with gusts as high as 23 mph.
Partly Sunny
and Breezy
Tonight

Tonight: Mostly clear, with a low around 48. West northwest wind 10 to 13 mph becoming north after midnight.
Mostly Clear

Hi 74 °FLo 48 °F
Extended Forecast
Florida Weather Forecast

Southwest Florida Webcams

Main Navigation
Weather
· Home
· Current Conditions
· Storm Warnings
· Station Graphs
· Storm Fronts
· Station History
· Drought Index
· Storm Reports
· Rainfall Estimates
· Fire Graphs

Doppler Radar
· Lee County
· Charlotte County
· Collier County
· Hendry County
· Desoto County
· Glades County
· Sarasota County
· Manatee County
· Hillsborough County
· Pinellas County
· Pasco County
· Southwest Florida
· Florida
· State Radars
· National

Satellite
· South Florida
· North Florida
· Regional
· National

Forecast
· Extended
· Marine
· Discussion
· Florida Forecast
· Hazardous Outlook
· Wave Heights
· Fire

Lightning
· Live
· Tracker
· Loop
· Network
· WASP
· WASP Loop

Tropical Weather
· Hurricane Tracker
· Tropical Satellite
· Sea Temperature
· Discussion
· Buoy Data
· Tracking Tools
· Monthly Summary

Moon and Tides
· Tides
· Moon Phase

Live Products

Fishing Reports

Local News

Other Info

Support Us

Support Capeweather.com
donations

If you find this website useful, consider making
a donation.

Click here to learn more


  
 

Southwest Florida Monthly and Yearly Weather Reports

2017: Jan | Feb | Mar | Apr | May | Jun | Jul | Aug | Sep | Oct | Nov | Dec 
2016: Jan | Feb | Mar | Apr | May | Jun | Jul | Aug | Sep | Oct | Nov | Dec 
2015: Jan | Feb | Mar | Apr | May | Jun | Jul | Aug | Sep | Oct | Nov | Dec 
2014: Jan | Feb | Mar | Apr | May | Jun | Jul | Aug | Sep | Oct | Nov | Dec 
2013: Jan | Feb | Mar | Apr | May | Jun | Jul | Aug | Sep | Oct | Nov | Dec 
2012: Jan | Feb | Mar | Apr | May | Jun | Jul | Aug | Sep | Oct | Nov | Dec 
2011: Jan | Feb | Mar | Apr | May | Jun | Jul | Aug | Sep | Oct | Nov | Dec 
2010: Jan | Feb | Mar | Apr | May | Jun | Jul | Aug | Sep | Oct | Nov | Dec 
2009: Jan | Feb | Mar | Apr | May | Jun | Jul | Aug | Sep | Oct | Nov | Dec 
2008: Jan | Feb | Mar | Apr | May | Jun | Jul | Aug | Sep | Oct | Nov | Dec 
2007: Jan | Feb | Mar | Apr | May | Jun | Jul | Aug | Sep | Oct | Nov | Dec 
2006: Jan | Feb | Mar | Apr | May | Jun | Jul | Aug | Sep | Oct | Nov | Dec 
2005: Jan | Feb | Mar | Apr | May | Jun | Jul | Aug | Sep | Oct | Nov | Dec 

Report for 2012 08
MONTHLY CLIMATOLOGICAL SUMMARY FOR 8/2012 HEAT COOL MEAN DEG DEG WIND SPEED DOM MEAN MEAN DAY TEMP HIGH TIME LOW TIME DAYS DAYS RAIN AVG HI TIME DIR BAROM HUM --------------------------------------------------------------------------------------- 1 83.3 89.7 4:43pm 77.6 5:10am 0 18 0.01 2 15 9:41am W 29.97 79 2 83.9 90.6 2:32pm 76.9 7:00am 0 18 0.00 2 15 2:59pm W 29.95 76 3 82.3 95.1 3:16pm 76.0 6:26am 0 17 0.48 1 22 3:28pm E 29.96 77 4 83.0 95.3 3:03pm 75.0 7:00am 0 18 0.18 1 21 5:17pm WNW 29.98 78 5 80.8 90.8 11:11am 76.5 3:41am 0 16 0.03 1 15 4:35pm ESE 30.02 85 6 80.0 91.6 3:02pm 75.7 10:51pm 0 15 0.34 1 18 3:22pm E 30.01 88 7 84.0 92.2 2:43pm 75.3 1:07am 0 18 0.00 1 11 11:03am SW 29.97 81 8 84.4 94.1 2:45pm 75.8 10:45pm 0 18 0.03 1 25 10:04pm WNW 29.98 77 9 82.8 93.5 2:30pm 74.9 11:46pm 0 18 0.49 1 15 5:05pm WNW 29.96 81 10 79.6 90.8 2:29pm 74.7 10:08pm 0 15 0.32 1 15 5:14pm SW 29.94 85 11 78.8 88.5 3:57pm 74.8 12:00am 0 14 0.25 1 27 4:27pm SW 29.96 88 12 78.8 83.8 2:32pm 76.1 11:52pm 0 14 0.15 0 13 2:10pm SSE 30.01 90 13 82.5 90.8 1:45pm 75.6 6:46am 0 17 0.01 1 12 3:57pm W 30.02 82 14 82.8 91.5 3:51pm 76.4 6:57am 0 18 0.00 1 15 7:48pm SW 29.99 79 15 82.6 92.8 4:12pm 75.3 6:32am 0 18 0.01 1 14 7:34pm W 29.99 81 16 83.5 90.6 4:57pm 78.6 7:35am 0 19 0.00 0 17 12:12pm WSW 30.01 80 17 82.1 89.3 1:41pm 76.1 11:17am 0 17 0.73 1 21 11:00am WSW 29.98 85 18 82.0 89.8 2:21pm 77.9 5:43am 0 17 0.42 1 21 9:31am W 29.94 83 19 83.8 90.6 3:03pm 77.2 11:59pm 0 19 0.11 2 17 3:49pm SW 29.95 80 20 84.7 91.6 2:19pm 75.6 12:26am 0 20 0.00 2 16 6:58pm SW 29.95 79 21 83.5 92.2 3:10pm 73.9 11:42pm 0 18 0.71 3 30 8:07pm SSW 30.00 78 22 79.9 90.5 2:03pm 72.9 5:36am 0 14 0.08 2 18 6:47pm SSW 30.04 83 23 81.4 93.2 5:47pm 73.5 7:25am 0 15 0.00 1 15 6:41pm E 30.03 75 24 82.5 93.6 2:39pm 75.0 7:00am 0 15 0.00 3 18 3:08pm ENE 29.97 75 25 79.8 85.9 2:30pm 74.0 7:17am 0 13 0.00 5 23 5:06pm ENE 29.93 79 26 78.6 84.8 12:00pm 74.4 10:09pm 0 12 1.67 10 34 12:22pm NE 29.78 90 27 81.7 88.2 5:29pm 77.1 12:00am 0 16 0.49 9 32 11:33am SSE 29.71 88 28 83.3 89.2 1:45pm 74.4 10:33pm 0 18 1.77 5 24 11:28am S 29.90 84 29 82.3 89.3 3:58pm 76.1 12:00am 0 17 0.00 2 20 12:02pm SSE 29.93 85 30 82.5 90.8 2:15pm 76.9 6:56am 0 17 0.07 1 12 3:58pm SW 30.00 83 31 84.5 95.9 5:08pm 76.6 7:08am 0 19 0.00 1 13 4:21pm E 30.08 77 --------------------------------------------------------------------------------------- TOT 82.1 95.9 8/31/12 72.9 8/22/12 0 519 8.35 2 34 8/26/12 ENE 29.97 82 HEAT BASE: 65.0 COOL BASE: 65.0
 
  
Hurricane Tracker

Hurricane Tracker
Hurricane Tracker
2017 Storm Tracker Forum


Atlantic Storms
No Storms


Sponsored Links

Recent Forum Posts

New Post
SW FL-Bonita Beach: Sharks, Grouper, Snapper; Sheeps, Drum
Posted by
fishbuster on Nov 30, 2017 at 02:32:09 PM


New Post
SW FL-Bonita Beach:Nice trout Inshore;Keeper Mutton Offshore
Posted by
fishbuster on Nov 09, 2017 at 02:17:33 PM


New Post
Philippe- Final Advisory
Posted by
ccstorms on Oct 29, 2017 at 05:36:13 PM


New Post
Invest 92L- Deactivated
Posted by
ccstorms on Oct 17, 2017 at 06:12:31 AM


New Post
Ophelia- Final Advisory
Posted by
ccstorms on Oct 16, 2017 at 06:32:58 AM


New Post
Nate- Final Advisory
Posted by
ccstorms on Oct 08, 2017 at 02:04:43 PM


***FORUM RULES***

Member Login
Username

Password


Join For Free!!
Click here to Register!

Total Hits
We received
79771569
page views since June 2005

Sponsored Links

Social Networks

Southwest Florida Weather | Central Florida Weather | Florida Weather

Cape Coral | Fort Myers | Bonita Springs | Naples | Punta Gorda | Port Charlotte | Estero | Sanibel | Lehigh Acres | Captiva | Pine Island | Bokeelia | St. James City | Alva | Arcadia | Labelle | Clewiston | Venice

Lee County | Charlotte County | Collier County | Hendry County | Desoto County
Glades County | Monroe County | Sarasota County | Manatee County
Hillsborough County | Pinellas County | Pasco County

Recommend us




Copyright Capeweather.com 2005-2017

DO NOT make decisions that affect life or property based on this data!
PHP-Nuke Copyright © 2004 by Francisco Burzi. This is free software, and you may redistribute it under the GPL. PHP-Nuke comes with absolutely no warranty, for details, see the license.
Page Generation: 0.59 Seconds