Southwest Florida Weather History, Yearly, Monthly, Daily, Records
 Click here to register!Home | Advertise | Forum | Live Webcams | Contact Us | Tell a Friend | Your Account  

Lee County Forecast
This
Afternoon
This Afternoon: Isolated showers and thunderstorms.  Sunny, with a high near 94. Heat index values as high as 99. East northeast wind 3 to 5 mph.  Chance of precipitation is 20%.
Isolated
T-storms
Tonight

Tonight: Partly cloudy, with a low around 77. North northwest wind 5 to 7 mph becoming east in the evening.
Partly Cloudy

Hi 94 °FLo 77 °F
Extended Forecast
Florida Weather Forecast

Southwest Florida Webcams

Main Navigation
Weather
· Home
· Current Conditions
· Storm Warnings
· Station Graphs
· Storm Fronts
· Temperature Map
· Station History
· Drought Index
· Storm Reports
· Rainfall Estimates
· Fire Graphs

Doppler Radar
· Lee County
· Charlotte County
· Collier County
· Hendry County
· Desoto County
· Glades County
· Sarasota County
· Manatee County
· Hillsborough County
· Pinellas County
· Pasco County
· Southwest Florida
· Florida
· State Radars
· National

Satellite
· South Florida
· North Florida
· Regional
· National

Forecast
· Extended
· Marine
· Discussion
· Florida Forecast
· Hazardous Outlook
· Wave Heights
· Fire

Lightning
· Live
· Tracker
· Loop
· Network
· WASP
· WASP Loop
· 3 Hour Forecast

Tropical Weather
· Hurricane Tracker
· Tropical Satellite
· Sea Temperature
· Discussion
· Buoy Data
· Tracking Tools
· Monthly Summary

Moon and Tides
· Tides
· Moon Phase

Live Products

Fishing Reports

Local News

Other Info

  
 

Southwest Florida Monthly and Yearly Weather Reports

2017: Jan | Feb | Mar | Apr | May | Jun | Jul | Aug | Sep | Oct | Nov | Dec 
2016: Jan | Feb | Mar | Apr | May | Jun | Jul | Aug | Sep | Oct | Nov | Dec 
2015: Jan | Feb | Mar | Apr | May | Jun | Jul | Aug | Sep | Oct | Nov | Dec 
2014: Jan | Feb | Mar | Apr | May | Jun | Jul | Aug | Sep | Oct | Nov | Dec 
2013: Jan | Feb | Mar | Apr | May | Jun | Jul | Aug | Sep | Oct | Nov | Dec 
2012: Jan | Feb | Mar | Apr | May | Jun | Jul | Aug | Sep | Oct | Nov | Dec 
2011: Jan | Feb | Mar | Apr | May | Jun | Jul | Aug | Sep | Oct | Nov | Dec 
2010: Jan | Feb | Mar | Apr | May | Jun | Jul | Aug | Sep | Oct | Nov | Dec 
2009: Jan | Feb | Mar | Apr | May | Jun | Jul | Aug | Sep | Oct | Nov | Dec 
2008: Jan | Feb | Mar | Apr | May | Jun | Jul | Aug | Sep | Oct | Nov | Dec 
2007: Jan | Feb | Mar | Apr | May | Jun | Jul | Aug | Sep | Oct | Nov | Dec 
2006: Jan | Feb | Mar | Apr | May | Jun | Jul | Aug | Sep | Oct | Nov | Dec 
2005: Jan | Feb | Mar | Apr | May | Jun | Jul | Aug | Sep | Oct | Nov | Dec 

Report for 2012 06
MONTHLY CLIMATOLOGICAL SUMMARY FOR 6/2012 HEAT COOL MEAN DEG DEG WIND SPEED DOM MEAN MEAN DAY TEMP HIGH TIME LOW TIME DAYS DAYS RAIN AVG HI TIME DIR BAROM HUM --------------------------------------------------------------------------------------- 1 78.2 83.9 12:46pm 73.2 8:36pm 0 13 0.83 3 21 3:00pm SW 29.89 84 2 80.0 85.5 3:36pm 75.3 7:05am 0 15 0.00 3 16 3:40pm W 29.93 80 3 80.7 88.8 3:00pm 73.3 5:33am 0 16 0.00 3 14 1:13pm WNW 29.99 75 4 80.1 85.9 12:49pm 73.3 6:41am 0 15 0.00 3 17 1:02pm W 29.93 81 5 82.2 86.9 1:36pm 79.7 6:35am 0 17 0.00 3 16 1:08pm WSW 29.85 81 6 81.8 85.1 12:34pm 74.5 7:40am 0 16 0.09 2 20 7:03am SSW 29.88 81 7 83.0 88.7 12:17pm 79.5 3:45am 0 18 0.00 3 18 1:38pm SW 29.92 80 8 82.3 89.0 3:49pm 76.0 11:57pm 0 17 0.16 3 26 11:06am SW 29.91 83 9 80.3 89.9 3:19pm 70.9 4:21am 0 15 1.16 2 28 1:12am SSW 29.95 83 10 82.9 92.2 4:30pm 76.5 5:59am 0 18 0.00 1 21 5:07pm SW 30.02 80 11 84.6 95.0 3:08pm 76.5 6:41am 0 20 0.00 2 15 3:25pm E 30.05 73 12 82.0 92.8 2:02pm 72.4 6:45am 0 17 0.00 2 15 5:05pm WNW 30.00 71 13 81.6 88.3 2:09pm 73.4 6:37am 0 17 0.00 2 15 3:29pm W 29.93 76 14 82.8 88.9 1:33pm 77.0 7:09am 0 18 0.00 3 18 1:51pm WNW 29.94 76 15 79.8 90.5 2:10pm 71.6 6:40am 0 15 0.00 3 29 7:14pm ENE 29.96 77 16 81.0 92.0 2:28pm 73.2 6:17am 0 16 0.00 4 25 4:03pm ENE 29.97 72 17 80.5 91.3 3:32pm 70.6 6:32am 0 15 0.00 4 21 2:22pm ENE 29.97 66 18 81.3 91.9 4:37pm 72.0 6:51am 0 16 0.00 5 18 11:17am E 29.95 61 19 80.1 88.0 2:52pm 72.7 6:41am 0 15 0.00 6 22 7:54pm ENE 29.98 69 20 80.1 87.3 2:39pm 75.0 6:42am 0 15 0.00 4 21 6:01am E 29.93 79 21 79.8 89.6 11:34am 75.0 6:18am 0 14 0.53 2 22 1:46pm ESE 29.89 81 22 77.2 81.9 1:28pm 75.2 6:08am 0 12 0.48 1 13 1:35pm ESE 29.86 90 23 75.8 79.3 11:29am 72.9 6:13am 0 11 0.51 3 18 8:40pm ESE 29.89 94 24 79.0 83.8 3:54pm 74.7 1:24am 0 14 1.37 7 38 8:37pm SSE 29.83 91 25 80.9 84.0 4:50pm 75.4 9:33am 0 15 0.63 10 33 2:03am S 29.73 85 26 81.7 85.6 3:00pm 76.5 6:18am 0 17 0.25 11 37 6:08am SSW 29.69 85 27 80.9 86.1 4:00pm 76.8 11:58pm 0 16 0.21 7 33 2:38am WNW 29.85 84 28 81.2 88.5 1:11pm 74.1 6:56am 0 16 0.00 1 13 4:04pm W 30.02 79 29 81.1 89.3 2:54pm 72.8 6:56am 0 16 0.00 2 13 3:20pm W 29.99 74 30 81.9 88.4 2:25pm 75.5 6:44am 0 17 0.00 3 15 2:55pm W 29.97 80 --------------------------------------------------------------------------------------- TOT 80.8 95.0 6/11/12 70.6 6/17/12 0 472 6.22 4 38 6/24/12 E 29.92 79 HEAT BASE: 65.0 COOL BASE: 65.0
 
  
Hurricane Tracker

Hurricane Tracker
Hurricane Tracker
2017 Storm Tracker Forum


Atlantic Storms
92L
Harvey


Sponsored Links

Recent Forum Posts

New Post
SWFL-BonitaBeach:Reds,Snook Inshore;Shark,Grouper,Snapper
Posted by
fishbuster on Aug 19, 2017 at 02:28:23 PM


New Post
Harvey
Posted by
ccstorms on Aug 19, 2017 at 11:47:30 AM


New Post
Pre-Invest East Atlantic 20%
Posted by
ccstorms on Aug 19, 2017 at 09:09:57 AM


New Post
Invest 92L-Atlantic 40%
Posted by
ccstorms on Aug 19, 2017 at 09:08:51 AM


New Post
Gert- Final Advisory
Posted by
ccstorms on Aug 17, 2017 at 06:17:15 PM


New Post
Hurricane Charley. 13 years ago today.
Posted by
chris on Aug 13, 2017 at 10:54:05 AM


***FORUM RULES***

Sponsored Links

Member Login
Username

Password


Join For Free!!
Click here to Register!

Total Hits
We received
75682005
page views since June 2005

Free Weather Graphics

Free weather stickers

Add a weather graphic to your website with the latest conditions!
Click for Details

Sponsored Links

Social Networks

Southwest Florida Weather | Central Florida Weather | Florida Weather

Cape Coral | Fort Myers | Bonita Springs | Naples | Punta Gorda | Port Charlotte | Estero | Sanibel | Lehigh Acres | Captiva | Pine Island | Bokeelia | St. James City | Alva | Arcadia | Labelle | Clewiston | Venice

Lee County | Charlotte County | Collier County | Hendry County | Desoto County
Glades County | Monroe County | Sarasota County | Manatee County
Hillsborough County | Pinellas County | Pasco County

Recommend us




Copyright Capeweather.com 2005-2017

DO NOT make decisions that affect life or property based on this data!
PHP-Nuke Copyright © 2004 by Francisco Burzi. This is free software, and you may redistribute it under the GPL. PHP-Nuke comes with absolutely no warranty, for details, see the license.
Page Generation: 0.26 Seconds