Southwest Florida Weather History, Yearly, Monthly, Daily, Records
 Click here to register!Home | Advertise | Forum | Live Webcams | Contact Us | Tell a Friend | Your Account  

Lee County Forecast
Today

Today: Mostly sunny, with a high near 79. West wind 5 to 13 mph, with gusts as high as 18 mph.
Mostly Sunny

Tonight

Tonight: Partly cloudy, with a low around 58. Northwest wind 9 to 13 mph becoming north northeast after midnight. Winds could gust as high as 18 mph.
Partly Cloudy

Hi 79 °FLo 58 °F
Extended Forecast
Florida Weather Forecast

Southwest Florida Webcams

Main Navigation
Weather
· Home
· Current Conditions
· Storm Warnings
· Station Graphs
· Storm Fronts
· Temperature Map
· Station History
· Drought Index
· Storm Reports
· Rainfall Estimates
· Fire Graphs

Doppler Radar
· Lee County
· Charlotte County
· Collier County
· Hendry County
· Desoto County
· Glades County
· Sarasota County
· Manatee County
· Hillsborough County
· Pinellas County
· Pasco County
· Southwest Florida
· Florida
· State Radars
· National

Satellite
· South Florida
· North Florida
· Regional
· National

Forecast
· Extended
· Marine
· Discussion
· Florida Forecast
· Hazardous Outlook
· Wave Heights
· Fire

Lightning
· Live
· Tracker
· Loop
· Network
· WASP
· WASP Loop
· 3 Hour Forecast

Tropical Weather
· Hurricane Tracker
· Tropical Satellite
· Sea Temperature
· Discussion
· Buoy Data
· Tracking Tools
· Monthly Summary

Moon and Tides
· Tides
· Moon Phase

Live Products

Fishing Reports

Local News

Other Info

  
 

Southwest Florida Monthly and Yearly Weather Reports

2017: Jan | Feb | Mar | Apr | May | Jun | Jul | Aug | Sep | Oct | Nov | Dec 
2016: Jan | Feb | Mar | Apr | May | Jun | Jul | Aug | Sep | Oct | Nov | Dec 
2015: Jan | Feb | Mar | Apr | May | Jun | Jul | Aug | Sep | Oct | Nov | Dec 
2014: Jan | Feb | Mar | Apr | May | Jun | Jul | Aug | Sep | Oct | Nov | Dec 
2013: Jan | Feb | Mar | Apr | May | Jun | Jul | Aug | Sep | Oct | Nov | Dec 
2012: Jan | Feb | Mar | Apr | May | Jun | Jul | Aug | Sep | Oct | Nov | Dec 
2011: Jan | Feb | Mar | Apr | May | Jun | Jul | Aug | Sep | Oct | Nov | Dec 
2010: Jan | Feb | Mar | Apr | May | Jun | Jul | Aug | Sep | Oct | Nov | Dec 
2009: Jan | Feb | Mar | Apr | May | Jun | Jul | Aug | Sep | Oct | Nov | Dec 
2008: Jan | Feb | Mar | Apr | May | Jun | Jul | Aug | Sep | Oct | Nov | Dec 
2007: Jan | Feb | Mar | Apr | May | Jun | Jul | Aug | Sep | Oct | Nov | Dec 
2006: Jan | Feb | Mar | Apr | May | Jun | Jul | Aug | Sep | Oct | Nov | Dec 
2005: Jan | Feb | Mar | Apr | May | Jun | Jul | Aug | Sep | Oct | Nov | Dec 

Report for 2012 04
MONTHLY CLIMATOLOGICAL SUMMARY FOR 4/2012 HEAT COOL MEAN DEG DEG WIND SPEED DOM MEAN MEAN DAY TEMP HIGH TIME LOW TIME DAYS DAYS RAIN AVG HI TIME DIR BAROM HUM --------------------------------------------------------------------------------------- 1 74.9 84.1 1:19pm 67.3 7:06am 0 10 0.00 3 16 3:35pm WNW 29.91 78 2 74.5 83.6 11:58am 66.3 7:19am 0 9 0.00 2 17 3:38pm W 29.91 78 3 75.0 87.4 3:57pm 64.7 7:30am 0 10 0.00 2 13 5:13pm SW 29.94 72 4 76.2 84.0 3:51pm 68.5 7:20am 0 11 0.00 2 32 11:58pm SSW 29.90 82 5 75.6 82.6 2:24pm 68.2 7:17am 0 11 0.04 6 29 12:04am W 29.81 82 6 77.4 83.2 3:20pm 68.0 11:59pm 0 12 0.04 9 25 5:12am WNW 29.81 70 7 72.5 86.5 2:10pm 61.9 6:58am 0 8 0.00 8 23 9:42pm ENE 30.01 65 8 72.1 85.6 3:37pm 60.8 6:45am 1 8 0.00 4 19 5:48pm ENE 30.09 60 9 72.7 83.3 12:02pm 62.5 5:42am 0 8 0.00 2 14 4:24pm W 30.04 65 10 73.2 84.3 2:33pm 62.5 7:22am 0 8 0.00 2 16 3:45pm W 30.02 72 11 73.2 81.4 12:48pm 65.0 7:07am 0 7 0.00 3 18 4:52pm WNW 30.02 72 12 73.2 83.9 2:02pm 62.7 7:19am 0 8 0.00 4 21 6:39pm WNW 30.01 68 13 73.6 85.0 3:07pm 63.1 7:28am 0 9 0.00 2 16 4:34pm W 30.04 70 14 73.3 82.4 1:02pm 68.4 7:01am 0 8 0.00 6 30 2:17pm E 30.13 76 15 74.8 85.0 1:18pm 65.8 7:08am 0 10 0.00 3 16 11:02am ESE 30.15 65 16 75.2 86.0 3:35pm 65.8 6:16am 0 7 0.00 3 15 10:53am ESE 30.11 62 17 75.8 86.0 3:35pm 65.8 6:16am 0 10 0.00 3 16 5:27pm ESE 30.09 63 18 75.4 83.4 2:41pm 67.0 6:36am 0 10 0.00 3 18 3:27pm SW 30.02 73 19 77.1 84.3 2:28pm 71.3 3:52am 0 12 0.00 3 17 4:39pm SW 29.93 78 20 77.8 85.1 2:24pm 72.3 6:43am 0 13 0.00 3 17 3:19pm SW 29.87 79 21 71.1 76.2 3:14pm 68.0 3:24am 0 6 1.11 3 28 1:19pm SE 29.74 87 22 72.4 79.3 3:28pm 64.5 6:52am 0 7 1.66 9 37 1:40am WNW 29.63 77 23 70.4 76.3 12:34pm 65.4 11:55pm 0 5 0.00 9 26 12:14pm WNW 29.83 55 24 65.4 74.1 2:38pm 56.9 7:22am 2 2 0.00 5 21 12:22pm WNW 29.98 52 25 65.7 77.5 3:28pm 53.7 6:51am 3 4 0.00 2 16 4:26pm WSW 30.08 61 26 70.1 81.8 3:05pm 59.1 6:59am 1 7 0.00 2 13 9:47am SW 30.09 71 27 74.0 86.5 2:49pm 62.7 6:42am 0 9 0.00 1 14 3:45pm W 30.06 72 28 75.5 87.7 1:19pm 69.1 6:32am 0 11 0.32 1 19 4:28pm E 30.04 82 29 73.8 78.9 12:52pm 69.3 6:47am 0 9 0.00 4 19 2:56pm ENE 30.03 85 30 75.6 85.3 2:50pm 68.6 3:13am 0 10 0.00 9 33 2:44pm ENE 30.00 76 --------------------------------------------------------------------------------------- TOT 73.5 87.7 4/28/12 53.7 4/25/12 9 261 3.17 4 37 4/22/12 WNW 29.98 71 HEAT BASE: 65.0 COOL BASE: 65.0
 
  
Hurricane Tracker

Hurricane Tracker
Hurricane Tracker
2017 Storm Tracker Forum


Atlantic Storms
No Storms


Sponsored Links

Recent Forum Posts

New Post
SW FL-Bonita Beach:Nice trout Inshore;Keeper Mutton Offshore
Posted by
fishbuster on Nov 09, 2017 at 02:17:33 PM


New Post
Philippe- Final Advisory
Posted by
ccstorms on Oct 29, 2017 at 05:36:13 PM


New Post
Invest 92L- Deactivated
Posted by
ccstorms on Oct 17, 2017 at 06:12:31 AM


New Post
Ophelia- Final Advisory
Posted by
ccstorms on Oct 16, 2017 at 06:32:58 AM


New Post
Nate- Final Advisory
Posted by
ccstorms on Oct 08, 2017 at 02:04:43 PM


New Post
SW FL-Bonita Beach: Fishing pre and post Hurricane Irma
Posted by
fishbuster on Oct 07, 2017 at 12:55:48 PM


***FORUM RULES***

Sponsored Links

Member Login
Username

Password


Join For Free!!
Click here to Register!

Total Hits
We received
79107880
page views since June 2005

Social Networks

Southwest Florida Weather | Central Florida Weather | Florida Weather

Cape Coral | Fort Myers | Bonita Springs | Naples | Punta Gorda | Port Charlotte | Estero | Sanibel | Lehigh Acres | Captiva | Pine Island | Bokeelia | St. James City | Alva | Arcadia | Labelle | Clewiston | Venice

Lee County | Charlotte County | Collier County | Hendry County | Desoto County
Glades County | Monroe County | Sarasota County | Manatee County
Hillsborough County | Pinellas County | Pasco County

Recommend us




Copyright Capeweather.com 2005-2017

DO NOT make decisions that affect life or property based on this data!
PHP-Nuke Copyright © 2004 by Francisco Burzi. This is free software, and you may redistribute it under the GPL. PHP-Nuke comes with absolutely no warranty, for details, see the license.
Page Generation: 0.22 Seconds