Southwest Florida Weather History, Yearly, Monthly, Daily, Records
 Click here to register!Home | Advertise | Forum | Live Webcams | Contact Us | Tell a Friend | Your Account  

Lee County Forecast
Tonight

Tonight: Partly cloudy, with a low around 76. East southeast wind 3 to 5 mph.
Partly Cloudy

Saturday

Saturday: Isolated showers and thunderstorms after 5pm.  Mostly sunny, with a high near 93. Heat index values as high as 101. Light and variable wind becoming north 5 to 7 mph in the afternoon.  Chance of precipitation is 10%.
Mostly Sunny
then Isolated
T-storms
Lo 76 °FHi 93 °F
Extended Forecast
Florida Weather Forecast

Southwest Florida Webcams

Main Navigation
Weather
· Home
· Current Conditions
· Storm Warnings
· Station Graphs
· Storm Fronts
· Temperature Map
· Station History
· Drought Index
· Storm Reports
· Rainfall Estimates
· Fire Graphs

Doppler Radar
· Lee County
· Charlotte County
· Collier County
· Hendry County
· Desoto County
· Glades County
· Sarasota County
· Manatee County
· Hillsborough County
· Pinellas County
· Pasco County
· Southwest Florida
· Florida
· State Radars
· National

Satellite
· South Florida
· North Florida
· Regional
· National

Forecast
· Extended
· Marine
· Discussion
· Florida Forecast
· Hazardous Outlook
· Wave Heights
· Fire

Lightning
· Live
· Tracker
· Loop
· Network
· WASP
· WASP Loop
· 3 Hour Forecast

Tropical Weather
· Hurricane Tracker
· Tropical Satellite
· Sea Temperature
· Discussion
· Buoy Data
· Tracking Tools
· Monthly Summary

Moon and Tides
· Tides
· Moon Phase

Live Products

Fishing Reports

Local News

Other Info

  
 

Southwest Florida Monthly and Yearly Weather Reports

2017: Jan | Feb | Mar | Apr | May | Jun | Jul | Aug | Sep | Oct | Nov | Dec 
2016: Jan | Feb | Mar | Apr | May | Jun | Jul | Aug | Sep | Oct | Nov | Dec 
2015: Jan | Feb | Mar | Apr | May | Jun | Jul | Aug | Sep | Oct | Nov | Dec 
2014: Jan | Feb | Mar | Apr | May | Jun | Jul | Aug | Sep | Oct | Nov | Dec 
2013: Jan | Feb | Mar | Apr | May | Jun | Jul | Aug | Sep | Oct | Nov | Dec 
2012: Jan | Feb | Mar | Apr | May | Jun | Jul | Aug | Sep | Oct | Nov | Dec 
2011: Jan | Feb | Mar | Apr | May | Jun | Jul | Aug | Sep | Oct | Nov | Dec 
2010: Jan | Feb | Mar | Apr | May | Jun | Jul | Aug | Sep | Oct | Nov | Dec 
2009: Jan | Feb | Mar | Apr | May | Jun | Jul | Aug | Sep | Oct | Nov | Dec 
2008: Jan | Feb | Mar | Apr | May | Jun | Jul | Aug | Sep | Oct | Nov | Dec 
2007: Jan | Feb | Mar | Apr | May | Jun | Jul | Aug | Sep | Oct | Nov | Dec 
2006: Jan | Feb | Mar | Apr | May | Jun | Jul | Aug | Sep | Oct | Nov | Dec 
2005: Jan | Feb | Mar | Apr | May | Jun | Jul | Aug | Sep | Oct | Nov | Dec 

Report for 2012 02
MONTHLY CLIMATOLOGICAL SUMMARY FOR 2/2012 HEAT COOL MEAN DEG DEG WIND SPEED DOM MEAN MEAN DAY TEMP HIGH TIME LOW TIME DAYS DAYS RAIN AVG HI TIME DIR BAROM HUM --------------------------------------------------------------------------------------- 1 71.4 82.4 1:41pm 63.9 2:56am 0 7 0.00 3 14 9:33am ENE 30.16 75 2 72.8 83.2 11:53am 64.8 3:49am 0 8 0.00 1 13 3:11pm ESE 30.11 81 3 74.5 81.3 8:29pm 68.4 6:26am 0 10 0.00 4 19 1:26pm E 30.12 77 4 73.3 81.5 2:10pm 68.1 2:19am 0 10 0.00 5 20 12:43pm E 30.10 73 5 74.1 81.3 11:49am 69.8 3:11am 0 12 0.00 1 9 10:59am E 30.03 82 6 73.3 83.2 11:28am 68.8 6:30am 0 11 0.36 2 19 11:51am ENE 30.02 85 7 77.1 88.0 12:19pm 71.5 11:56pm 0 15 0.01 3 17 7:43pm ENE 30.00 83 8 72.9 82.4 12:41pm 66.6 11:53pm 0 10 0.00 5 17 1:46pm NNE 30.04 79 9 67.2 75.6 2:26pm 59.9 6:18am 0 5 0.00 5 18 12:36pm ENE 30.07 68 10 71.9 82.0 11:17am 64.8 3:35am 0 9 0.01 4 16 11:51pm WNW 30.00 84 11 68.4 77.1 12:00pm 54.8 11:35pm 1 7 0.10 8 27 3:25pm NNW 29.99 76 12 47.9 57.3 3:40pm 39.8 11:59pm 15 0 0.00 8 24 8:48am NE 30.23 42 13 52.3 69.5 4:21pm 37.7 3:32am 11 1 0.00 4 17 8:38am NE 30.18 61 14 64.2 74.0 1:27pm 54.0 3:26am 2 4 0.00 2 20 12:21pm SSE 30.10 74 15 70.3 82.6 11:00am 63.5 7:05am 0 8 0.00 2 14 12:15pm SSW 30.15 78 16 73.8 85.1 10:29am 66.3 12:00am 0 11 0.00 2 16 10:07am S 30.13 83 17 77.4 85.3 10:45am 72.8 12:00am 0 15 0.00 2 13 12:28pm SSW 30.04 86 18 78.4 86.8 10:28am 74.0 12:00am 0 16 0.00 2 13 12:57pm S 29.96 87 19 80.4 87.6 11:13am 72.2 11:52pm 0 18 0.00 7 30 2:22pm WNW 29.91 86 20 68.1 76.5 3:46pm 57.4 11:41pm 0 6 0.00 5 20 2:36am ENE 30.06 61 21 62.2 79.0 1:58pm 55.1 1:13am 2 2 0.00 3 16 9:58am SW 30.15 80 22 69.8 77.1 2:02pm 62.1 6:56am 0 5 0.00 2 13 12:59pm S 30.04 82 23 72.6 79.7 2:54pm 68.6 4:50am 0 8 0.00 3 14 4:04pm S 29.96 89 24 74.4 81.0 1:16pm 69.8 4:26am 0 9 0.00 3 17 12:27pm SSW 29.99 89 25 71.4 80.3 1:42pm 62.5 11:49pm 0 7 0.00 5 21 7:45pm ENE 30.10 75 26 69.8 80.2 2:24pm 61.0 6:52am 1 6 0.00 7 20 10:38am ENE 30.20 72 27 74.7 84.5 11:56am 68.3 7:05am 0 10 0.06 4 14 9:09am E 30.22 81 28 75.0 87.8 3:02pm 65.9 6:40am 0 10 0.01 4 19 5:30pm E 30.20 78 29 73.9 82.6 11:37am 66.3 4:45am 0 9 0.00 3 14 3:16pm SW 30.15 82 --------------------------------------------------------------------------------------- TOT 70.7 88.0 2/7/12 37.7 2/13/12 33 247 0.55 4 30 2/19/12 ENE 30.08 77 HEAT BASE: 65.0 COOL BASE: 65.0
 
  
Hurricane Tracker

Hurricane Tracker
Hurricane Tracker
2017 Storm Tracker Forum


Atlantic Storms
92L
Harvey


Sponsored Links

Recent Forum Posts

New Post
Pre-Invest East Atlantic 30%
Posted by
ccstorms on Aug 18, 2017 at 07:49:10 PM


New Post
Invest 92L-Atlantic 50%
Posted by
ccstorms on Aug 18, 2017 at 07:46:16 PM


New Post
Harvey
Posted by
ccstorms on Aug 18, 2017 at 05:52:38 PM


New Post
Gert- Final Advisory
Posted by
ccstorms on Aug 17, 2017 at 06:17:15 PM


New Post
Hurricane Charley. 13 years ago today.
Posted by
chris on Aug 13, 2017 at 10:54:05 AM


New Post
Franklin- Final Advisory
Posted by
ccstorms on Aug 10, 2017 at 11:19:48 AM


***FORUM RULES***

Sponsored Links

Member Login
Username

Password


Join For Free!!
Click here to Register!

Total Hits
We received
75664649
page views since June 2005

Free Weather Graphics

Free weather stickers

Add a weather graphic to your website with the latest conditions!
Click for Details

Sponsored Links

Social Networks

Southwest Florida Weather | Central Florida Weather | Florida Weather

Cape Coral | Fort Myers | Bonita Springs | Naples | Punta Gorda | Port Charlotte | Estero | Sanibel | Lehigh Acres | Captiva | Pine Island | Bokeelia | St. James City | Alva | Arcadia | Labelle | Clewiston | Venice

Lee County | Charlotte County | Collier County | Hendry County | Desoto County
Glades County | Monroe County | Sarasota County | Manatee County
Hillsborough County | Pinellas County | Pasco County

Recommend us




Copyright Capeweather.com 2005-2017

DO NOT make decisions that affect life or property based on this data!
PHP-Nuke Copyright © 2004 by Francisco Burzi. This is free software, and you may redistribute it under the GPL. PHP-Nuke comes with absolutely no warranty, for details, see the license.
Page Generation: 0.23 Seconds