Southwest Florida Weather History, Yearly, Monthly, Daily, Records
 Click here to register!Home | Advertise | Forum | Live Webcams | Contact Us | Tell a Friend | Your Account  

Lee County Forecast
Overnight

Overnight: Partly cloudy, with a low around 72. East southeast wind around 8 mph.
Partly Cloudy

Saturday

Saturday: Mostly sunny, with a high near 90. Breezy, with an east southeast wind 10 to 15 mph, with gusts as high as 21 mph.
Mostly Sunny
then Sunny
and Breezy
Lo 72 °FHi 90 °F
Extended Forecast
Florida Weather Forecast

Southwest Florida Webcams

Main Navigation
Weather
· Home
· Current Conditions
· Storm Warnings
· Station Graphs
· Storm Fronts
· Temperature Map
· Station History
· Drought Index
· Storm Reports
· Rainfall Estimates
· Fire Graphs

Doppler Radar
· Lee County
· Charlotte County
· Collier County
· Hendry County
· Desoto County
· Glades County
· Sarasota County
· Manatee County
· Hillsborough County
· Pinellas County
· Pasco County
· Southwest Florida
· Florida
· State Radars
· National

Satellite
· South Florida
· North Florida
· Regional
· National

Forecast
· Extended
· Marine
· Discussion
· Florida Forecast
· Hazardous Outlook
· Wave Heights
· Fire

Lightning
· Live
· Tracker
· Loop
· Network
· WASP
· WASP Loop
· 3 Hour Forecast

Tropical Weather
· Hurricane Tracker
· Tropical Satellite
· Sea Temperature
· Discussion
· Buoy Data
· Tracking Tools
· Jeff Masters Blog
· Monthly Summary

Moon and Tides
· Tides
· Moon Phase

Live Products
· Webcams
· NOAA Radio
· Police Scanner
· Marine VHF Radio

Fishing Reports
· Forum Reports
· Captain Joe

Local News
· Cape Coral
· Fort Myers
· Lehigh Acres
· Estero
· Bonita Springs

Other Info
· Advertising
· Donation Support
· Station Status
· Disclaimer
· Forum
· Facebook
· Contact Us
· CWOP
· Events Calendar

Matched Content

  
 

Southwest Florida Monthly and Yearly Weather Reports

2017: Jan | Feb | Mar | Apr | May | Jun | Jul | Aug | Sep | Oct | Nov | Dec 
2016: Jan | Feb | Mar | Apr | May | Jun | Jul | Aug | Sep | Oct | Nov | Dec 
2015: Jan | Feb | Mar | Apr | May | Jun | Jul | Aug | Sep | Oct | Nov | Dec 
2014: Jan | Feb | Mar | Apr | May | Jun | Jul | Aug | Sep | Oct | Nov | Dec 
2013: Jan | Feb | Mar | Apr | May | Jun | Jul | Aug | Sep | Oct | Nov | Dec 
2012: Jan | Feb | Mar | Apr | May | Jun | Jul | Aug | Sep | Oct | Nov | Dec 
2011: Jan | Feb | Mar | Apr | May | Jun | Jul | Aug | Sep | Oct | Nov | Dec 
2010: Jan | Feb | Mar | Apr | May | Jun | Jul | Aug | Sep | Oct | Nov | Dec 
2009: Jan | Feb | Mar | Apr | May | Jun | Jul | Aug | Sep | Oct | Nov | Dec 
2008: Jan | Feb | Mar | Apr | May | Jun | Jul | Aug | Sep | Oct | Nov | Dec 
2007: Jan | Feb | Mar | Apr | May | Jun | Jul | Aug | Sep | Oct | Nov | Dec 
2006: Jan | Feb | Mar | Apr | May | Jun | Jul | Aug | Sep | Oct | Nov | Dec 
2005: Jan | Feb | Mar | Apr | May | Jun | Jul | Aug | Sep | Oct | Nov | Dec 

Report for 2012 01
MONTHLY CLIMATOLOGICAL SUMMARY FOR 1/2012 HEAT COOL MEAN DEG DEG WIND SPEED DOM MEAN MEAN DAY TEMP HIGH TIME LOW TIME DAYS DAYS RAIN AVG HI TIME DIR BAROM HUM --------------------------------------------------------------------------------------- 1 70.8 80.7 10:42am 65.8 6:31am 0 6 0.00 1 12 2:28pm WSW 30.14 83 2 66.8 79.2 9:49am 55.9 11:28pm 2 4 0.00 6 27 4:59pm NNW 30.10 79 3 52.6 60.2 5:09am 39.3 11:57pm 12 0 0.00 8 34 7:34am NNW 30.24 49 4 47.5 63.7 4:09pm 34.7 7:30am 17 0 0.00 3 14 8:47am NE 30.29 52 5 53.1 68.9 4:05pm 38.0 7:10am 12 0 0.00 3 16 2:01pm NNE 30.20 64 6 61.3 73.3 11:49am 53.6 12:25am 5 2 0.00 1 11 11:59am ENE 30.12 81 7 64.3 74.4 1:54pm 57.6 7:32am 3 2 0.00 1 10 12:56pm SW 30.09 79 8 67.2 79.6 2:57pm 59.2 7:36am 2 4 0.00 1 12 11:48am ESE 30.12 75 9 68.7 80.3 3:39pm 59.6 5:51am 1 5 0.00 1 12 11:58am ESE 30.08 75 10 70.5 80.5 12:25pm 65.2 2:39am 0 5 0.00 1 12 2:09pm SSE 29.97 80 11 72.7 76.1 4:13pm 67.3 2:00am 0 8 0.00 5 31 7:10am W 29.81 87 12 73.2 82.0 11:04am 68.9 7:02am 0 8 0.00 3 15 10:43am W 29.88 80 13 66.6 76.7 4:05am 53.5 11:59pm 2 4 0.00 5 17 9:32am NNW 30.08 60 14 54.1 69.4 1:20pm 46.4 11:56pm 11 0 0.00 5 22 9:10am NNE 30.26 39 15 55.3 75.3 3:28pm 40.6 12:00am 11 2 0.00 3 20 12:41pm NNE 30.37 58 16 60.9 74.9 2:47pm 49.6 1:02am 6 2 0.00 4 18 11:29am ENE 30.34 64 17 64.3 76.3 11:40am 53.9 5:18am 4 4 0.00 1 15 11:00am E 30.22 75 18 67.6 78.8 10:54am 59.6 4:41am 2 4 0.00 2 15 2:08pm W 30.08 82 19 67.0 76.7 1:44pm 56.9 11:02pm 1 3 0.00 4 20 10:11am NE 30.08 61 20 64.5 78.8 2:32pm 52.8 6:15am 4 4 0.00 2 13 10:30am E 30.12 65 21 66.9 77.0 12:17pm 58.1 6:32am 2 4 0.00 1 17 10:41am ESE 30.08 77 22 68.8 81.8 2:04pm 61.0 6:51am 1 5 0.00 1 13 2:22pm ESE 30.08 76 23 71.1 82.2 10:47am 61.8 1:00am 1 7 0.00 2 14 9:44am SW 30.07 81 24 73.4 84.0 11:58am 66.1 5:36am 0 8 0.00 1 13 10:59am ESE 30.10 79 25 74.2 84.7 12:57pm 67.6 2:39am 0 9 0.00 2 16 10:58am ESE 30.09 79 26 75.2 84.3 11:33am 69.8 12:00am 0 10 0.00 4 20 11:39am ESE 30.02 81 27 74.6 78.3 12:42pm 70.6 10:29pm 0 10 0.14 4 26 6:42am W 29.99 86 28 70.0 79.8 11:23am 64.8 10:27pm 0 5 0.00 4 18 4:11pm NW 30.10 76 29 67.5 78.6 3:26pm 60.4 11:57pm 1 3 0.00 5 20 10:37am NE 30.19 63 30 66.0 78.8 2:35pm 57.3 3:48am 3 4 0.00 8 25 10:41am ENE 30.25 65 31 69.3 81.2 2:40pm 59.9 3:06am 1 5 0.00 6 22 9:49am ENE 30.23 63 --------------------------------------------------------------------------------------- TOT 68.6 84.7 1/25/12 49.6 1/16/12 106 137 0.14 3 26 1/27/12 ENE 30.14 72 HEAT BASE: 65.0 COOL BASE: 65.0
 
  
Hurricane Tracker

Hurricane Tracker
Hurricane Tracker
Storm Tracker Forum


Atlantic Storms
No Storms


Sponsored Links

Recent Forum Posts

New Post
SWFL-Bonita Beach:Bull Red, Drum Bayside; Grouper Offshore
Posted by
fishbuster on Apr 09, 2017 at 02:30:08 PM


New Post
SW FL-Bonita Beach: Offshore or Inshore--Great Fishing!
Posted by
fishbuster on Mar 25, 2017 at 11:22:51 AM


New Post
SWFL-Bonita Beach:Redfish&Drum Inshore;Grouper & Sna
Posted by
fishbuster on Mar 05, 2017 at 03:02:40 PM


New Post
Florida Stormy Clouds
Posted by
emeryhayward98 on Mar 03, 2017 at 12:08:57 PM


New Post
SW FL-Bonita Beach: Two weeks of excellent fishing offshore
Posted by
fishbuster on Feb 16, 2017 at 02:43:04 PM


New Post
SW FL-Bonita Beach: All kinds of bottom fish offshore; Drum
Posted by
chris on Jan 27, 2017 at 09:03:43 PM


***FORUM RULES***

Member Login
Username

Password


Join For Free!!
Click here to Register!

Sponsors

Social Networks

Total Hits
We received
71761592
page views since June 2005

Free Weather Graphics

Free weather stickers

Add a weather graphic to your website with the latest conditions!
Click for Details

Sponsored Links

Southwest Florida Weather | Central Florida Weather | Florida Weather

Cape Coral | Fort Myers | Bonita Springs | Naples | Punta Gorda | Port Charlotte | Estero | Sanibel | Lehigh Acres | Captiva | Pine Island | Bokeelia | St. James City | Alva | Arcadia | Labelle | Clewiston | Venice

Lee County | Charlotte County | Collier County | Hendry County | Desoto County
Glades County | Monroe County | Sarasota County | Manatee County
Hillsborough County | Pinellas County | Pasco County

Recommend us




Copyright Capeweather.com 2005-2017

DO NOT make decisions that affect life or property based on this data!
PHP-Nuke Copyright © 2004 by Francisco Burzi. This is free software, and you may redistribute it under the GPL. PHP-Nuke comes with absolutely no warranty, for details, see the license.
Page Generation: 0.20 Seconds