Southwest Florida Weather History, Yearly, Monthly, Daily, Records
 Click here to register!Home | Advertise | Forum | Live Webcams | Contact Us | Tell a Friend | Your Account  

Lee County Forecast
Overnight

Overnight: Mostly clear, with a low around 73. Calm wind.
Mostly Clear

Memorial
Day
Memorial Day: Sunny, with a high near 92. Heat index values as high as 98. North wind 5 to 7 mph becoming west in the afternoon.
Sunny

Lo 73 °FHi 92 °F
Extended Forecast
Florida Weather Forecast

Southwest Florida Webcams

Main Navigation
Weather
· Home
· Current Conditions
· Storm Warnings
· Station Graphs
· Storm Fronts
· Temperature Map
· Station History
· Drought Index
· Storm Reports
· Rainfall Estimates
· Fire Graphs

Doppler Radar
· Lee County
· Charlotte County
· Collier County
· Hendry County
· Desoto County
· Glades County
· Sarasota County
· Manatee County
· Hillsborough County
· Pinellas County
· Pasco County
· Southwest Florida
· Florida
· State Radars
· National

Satellite
· South Florida
· North Florida
· Regional
· National

Forecast
· Extended
· Marine
· Discussion
· Florida Forecast
· Hazardous Outlook
· Wave Heights
· Fire

Lightning
· Live
· Tracker
· Loop
· Network
· WASP
· WASP Loop
· 3 Hour Forecast

Tropical Weather
· Hurricane Tracker
· Tropical Satellite
· Sea Temperature
· Discussion
· Buoy Data
· Tracking Tools
· Jeff Masters Blog
· Monthly Summary

Moon and Tides
· Tides
· Moon Phase

Live Products
· Webcams
· NOAA Radio
· Police Scanner
· Marine VHF Radio

Fishing Reports
· Forum Reports
· Captain Joe

Local News
· Cape Coral
· Fort Myers
· Lehigh Acres
· Estero
· Bonita Springs

Other Info
· Advertising
· Donation Support
· Station Status
· Disclaimer
· Forum
· Facebook
· Contact Us
· CWOP
· Events Calendar

Matched Content

  
 

Southwest Florida Monthly and Yearly Weather Reports

2017: Jan | Feb | Mar | Apr | May | Jun | Jul | Aug | Sep | Oct | Nov | Dec 
2016: Jan | Feb | Mar | Apr | May | Jun | Jul | Aug | Sep | Oct | Nov | Dec 
2015: Jan | Feb | Mar | Apr | May | Jun | Jul | Aug | Sep | Oct | Nov | Dec 
2014: Jan | Feb | Mar | Apr | May | Jun | Jul | Aug | Sep | Oct | Nov | Dec 
2013: Jan | Feb | Mar | Apr | May | Jun | Jul | Aug | Sep | Oct | Nov | Dec 
2012: Jan | Feb | Mar | Apr | May | Jun | Jul | Aug | Sep | Oct | Nov | Dec 
2011: Jan | Feb | Mar | Apr | May | Jun | Jul | Aug | Sep | Oct | Nov | Dec 
2010: Jan | Feb | Mar | Apr | May | Jun | Jul | Aug | Sep | Oct | Nov | Dec 
2009: Jan | Feb | Mar | Apr | May | Jun | Jul | Aug | Sep | Oct | Nov | Dec 
2008: Jan | Feb | Mar | Apr | May | Jun | Jul | Aug | Sep | Oct | Nov | Dec 
2007: Jan | Feb | Mar | Apr | May | Jun | Jul | Aug | Sep | Oct | Nov | Dec 
2006: Jan | Feb | Mar | Apr | May | Jun | Jul | Aug | Sep | Oct | Nov | Dec 
2005: Jan | Feb | Mar | Apr | May | Jun | Jul | Aug | Sep | Oct | Nov | Dec 

Report for 2011 12
MONTHLY CLIMATOLOGICAL SUMMARY FOR 12/2011 HEAT COOL MEAN DEG DEG WIND SPEED DOM MEAN MEAN DAY TEMP HIGH TIME LOW TIME DAYS DAYS RAIN AVG HI TIME DIR BAROM HUM --------------------------------------------------------------------------------------- 1 61.1 73.0 3:18pm 53.1 6:56am 5 1 0.00 5 20 4:09pm NE 30.07 72 2 67.2 77.4 12:15pm 59.0 6:56am 2 4 0.00 6 23 1:32pm NE 30.17 69 3 69.1 79.0 2:22pm 61.8 12:56am 1 5 0.00 5 23 1:41pm NE 30.19 70 4 70.7 81.1 1:28pm 62.7 2:27am 0 6 0.00 5 21 10:45am ENE 30.10 74 5 74.2 83.4 2:25pm 66.1 11:52pm 0 9 0.00 3 18 10:55am E 30.02 73 6 72.5 81.1 12:21pm 65.3 6:19am 0 7 0.00 1 12 11:06am E 30.00 77 7 71.9 79.2 12:21pm 60.9 11:59pm 0 7 0.00 4 25 7:44pm WSW 29.97 77 8 58.9 67.4 2:51pm 47.3 7:39am 6 0 0.00 6 21 1:18am NNE 30.06 67 9 73.0 82.6 1:41pm 64.7 12:00am 0 8 0.00 3 14 10:57am ENE 30.02 79 10 76.0 84.5 11:16am 72.3 11:56pm 0 11 0.00 4 18 3:33pm NE 30.03 86 11 75.2 83.0 1:32pm 71.8 6:21am 0 10 0.00 6 21 11:26am ENE 30.05 85 12 76.0 84.0 2:54pm 71.3 2:58am 0 11 0.00 4 19 8:16pm NNE 30.07 81 13 75.3 82.6 1:50pm 68.4 11:50pm 0 10 0.02 6 22 12:32pm ENE 30.12 77 14 71.7 80.3 1:31pm 65.6 11:07pm 0 7 0.00 5 21 11:12am NE 30.14 76 15 70.3 80.1 1:47pm 62.1 4:34am 0 6 0.00 3 17 1:17pm ENE 30.10 74 16 73.8 80.9 2:11pm 69.9 5:39am 0 9 0.00 2 14 12:11pm ENE 30.09 72 17 71.8 81.1 11:27am 66.6 11:57pm 0 7 0.00 3 15 4:34pm NW 30.08 78 18 67.3 76.5 3:02pm 59.0 11:54pm 1 3 0.00 5 22 9:45am NE 30.13 66 19 66.8 78.5 2:28pm 57.6 4:56am 2 4 0.00 4 20 10:30am ESE 30.12 71 20 70.7 81.1 2:38pm 62.9 1:33am 0 6 0.00 3 18 10:42am ESE 30.07 75 21 72.3 80.5 1:14pm 66.6 5:51am 0 7 0.00 2 19 11:03am SSE 30.03 80 22 73.9 82.8 12:43pm 67.1 7:16am 0 9 0.00 2 16 12:02pm S 30.03 82 23 76.7 85.3 12:06pm 70.8 12:00am 0 12 0.00 1 12 2:40pm ESE 30.06 85 24 77.7 85.3 2:34pm 71.8 11:45pm 0 13 0.00 3 15 2:21pm ENE 30.11 79 25 77.1 84.9 12:29pm 72.0 12:00am 0 12 0.00 2 10 6:27am ENE 30.12 81 26 76.0 83.8 11:50am 69.9 3:00am 0 11 0.00 2 14 8:38pm E 30.06 80 27 75.6 82.4 10:37am 67.4 11:52pm 0 11 0.13 5 20 12:00pm NW 29.96 87 28 61.1 69.3 3:32pm 51.7 11:56pm 4 0 0.00 5 20 5:56am NE 30.05 63 29 57.3 68.6 2:45pm 49.5 4:19am 8 0 0.00 2 13 1:15pm NE 30.05 69 30 65.7 81.2 2:38pm 55.7 3:49am 3 3 0.00 1 12 3:47pm ENE 30.05 75 31 71.2 82.2 12:00pm 65.0 12:00am 0 6 0.00 1 12 2:37pm WNW 30.09 78 --------------------------------------------------------------------------------------- TOT 70.9 85.3 12/23/11 47.3 12/8/11 34 216 0.15 4 25 12/7/11 ENE 30.07 76 HEAT BASE: 65.0 COOL BASE: 65.0
 
  
Hurricane Tracker

Hurricane Tracker
Hurricane Tracker
Storm Tracker Forum


Atlantic Storms
No Storms


Sponsored Links

Recent Forum Posts

New Post
2017 Atlantic Hurricane Names
Posted by
Weatherman911 on May 20, 2017 at 11:39:03 PM


New Post
SW FL-Bonita Beach: Summertime Shark Action,Grouper, Snapper
Posted by
fishbuster on May 11, 2017 at 03:06:42 PM


New Post
SWFL-Bonita Beach:Bull Red, Drum Bayside; Grouper Offshore
Posted by
fishbuster on Apr 09, 2017 at 02:30:08 PM


New Post
SW FL-Bonita Beach: Offshore or Inshore--Great Fishing!
Posted by
fishbuster on Mar 25, 2017 at 11:22:51 AM


New Post
SWFL-Bonita Beach:Redfish&Drum Inshore;Grouper & Sna
Posted by
fishbuster on Mar 05, 2017 at 03:02:40 PM


New Post
Florida Stormy Clouds
Posted by
emeryhayward98 on Mar 03, 2017 at 12:08:57 PM


***FORUM RULES***

Member Login
Username

Password


Join For Free!!
Click here to Register!

Sponsors

Social Networks

Total Hits
We received
72559338
page views since June 2005

Free Weather Graphics

Free weather stickers

Add a weather graphic to your website with the latest conditions!
Click for Details

Sponsored Links

Southwest Florida Weather | Central Florida Weather | Florida Weather

Cape Coral | Fort Myers | Bonita Springs | Naples | Punta Gorda | Port Charlotte | Estero | Sanibel | Lehigh Acres | Captiva | Pine Island | Bokeelia | St. James City | Alva | Arcadia | Labelle | Clewiston | Venice

Lee County | Charlotte County | Collier County | Hendry County | Desoto County
Glades County | Monroe County | Sarasota County | Manatee County
Hillsborough County | Pinellas County | Pasco County

Recommend us




Copyright Capeweather.com 2005-2017

DO NOT make decisions that affect life or property based on this data!
PHP-Nuke Copyright © 2004 by Francisco Burzi. This is free software, and you may redistribute it under the GPL. PHP-Nuke comes with absolutely no warranty, for details, see the license.
Page Generation: 0.21 Seconds