Southwest Florida Weather History, Yearly, Monthly, Daily, Records
 Click here to register!Home | Advertise | Forum | Live Webcams | Contact Us | Tell a Friend | Your Account  

Lee County Forecast
Today

Today: A 20 percent chance of showers and thunderstorms after 1pm.  Patchy fog before 8am.  Otherwise, mostly sunny, with a high near 81. Light and variable wind becoming west northwest around 6 mph in the afternoon.
Patchy Fog
then Slight
Chance
T-storms
Tonight

Tonight: A 20 percent chance of showers and thunderstorms before 1am.  Mostly cloudy, with a low around 66. Light and variable wind becoming east 5 to 7 mph in the evening.
Slight Chance
T-storms

Hi 81 °FLo 66 °F
Extended Forecast
Florida Weather Forecast

Southwest Florida Webcams

Main Navigation
Weather
· Home
· Current Conditions
· Storm Warnings
· Station Graphs
· Storm Fronts
· Station History
· Drought Index
· Storm Reports
· Rainfall Estimates
· Fire Graphs

Doppler Radar
· Lee County
· Charlotte County
· Collier County
· Hendry County
· Desoto County
· Glades County
· Sarasota County
· Manatee County
· Hillsborough County
· Pinellas County
· Pasco County
· Southwest Florida
· Florida
· State Radars
· National

Satellite
· South Florida
· North Florida
· Regional
· National

Forecast
· Extended
· Marine
· Discussion
· Florida Forecast
· Hazardous Outlook
· Wave Heights
· Fire

Lightning
· Live
· Tracker
· Loop
· Network
· WASP
· WASP Loop

Tropical Weather
· Hurricane Tracker
· Tropical Satellite
· Sea Temperature
· Discussion
· Buoy Data
· Tracking Tools
· Monthly Summary

Moon and Tides
· Tides
· Moon Phase

Live Products

Fishing Reports

Local News

Other Info

Support Us

Support Capeweather.com
donations

If you find this website useful, consider making
a donation.

Click here to learn more


  
 

Southwest Florida Monthly and Yearly Weather Reports

2017: Jan | Feb | Mar | Apr | May | Jun | Jul | Aug | Sep | Oct | Nov | Dec 
2016: Jan | Feb | Mar | Apr | May | Jun | Jul | Aug | Sep | Oct | Nov | Dec 
2015: Jan | Feb | Mar | Apr | May | Jun | Jul | Aug | Sep | Oct | Nov | Dec 
2014: Jan | Feb | Mar | Apr | May | Jun | Jul | Aug | Sep | Oct | Nov | Dec 
2013: Jan | Feb | Mar | Apr | May | Jun | Jul | Aug | Sep | Oct | Nov | Dec 
2012: Jan | Feb | Mar | Apr | May | Jun | Jul | Aug | Sep | Oct | Nov | Dec 
2011: Jan | Feb | Mar | Apr | May | Jun | Jul | Aug | Sep | Oct | Nov | Dec 
2010: Jan | Feb | Mar | Apr | May | Jun | Jul | Aug | Sep | Oct | Nov | Dec 
2009: Jan | Feb | Mar | Apr | May | Jun | Jul | Aug | Sep | Oct | Nov | Dec 
2008: Jan | Feb | Mar | Apr | May | Jun | Jul | Aug | Sep | Oct | Nov | Dec 
2007: Jan | Feb | Mar | Apr | May | Jun | Jul | Aug | Sep | Oct | Nov | Dec 
2006: Jan | Feb | Mar | Apr | May | Jun | Jul | Aug | Sep | Oct | Nov | Dec 
2005: Jan | Feb | Mar | Apr | May | Jun | Jul | Aug | Sep | Oct | Nov | Dec 

Report for 2011 11
MONTHLY CLIMATOLOGICAL SUMMARY FOR 11/2011 HEAT COOL MEAN DEG DEG WIND SPEED DOM MEAN MEAN DAY TEMP HIGH TIME LOW TIME DAYS DAYS RAIN AVG HI TIME DIR BAROM HUM --------------------------------------------------------------------------------------- 1 74.2 82.6 4:42pm 68.3 11:48pm 0 9 0.00 8 25 6:58pm NE 30.00 77 2 72.7 83.8 3:00pm 65.8 4:42am 0 8 0.00 6 19 1:30pm ENE 30.04 70 3 72.5 82.8 1:10pm 65.8 2:03am 0 7 0.00 3 14 4:32pm NE 29.98 75 4 69.4 77.9 9:31am 59.6 11:52pm 0 5 0.00 6 27 5:20pm NW 29.86 82 5 66.2 77.7 2:26pm 56.9 5:08am 3 4 0.00 6 21 5:33pm NNE 29.93 76 6 72.4 83.0 3:20pm 65.0 1:55am 0 7 0.00 6 22 12:33pm NE 30.02 78 7 73.8 81.4 2:14pm 68.9 11:33pm 0 9 0.00 5 24 1:01pm NE 30.03 78 8 73.9 85.1 2:42pm 66.9 11:42pm 0 9 0.00 4 18 5:26pm NE 29.97 73 9 73.0 83.8 3:09pm 65.5 11:58pm 0 8 0.00 4 20 3:38pm NNE 29.91 77 10 70.1 78.1 12:06pm 62.6 5:07am 0 5 0.00 3 17 1:17pm NW 29.87 75 11 63.0 72.5 3:38pm 54.5 7:42am 4 2 0.00 7 24 8:36am NE 30.02 55 12 66.1 78.3 2:12pm 54.7 3:42am 6 6 0.00 5 17 11:45am NE 30.13 72 13 71.2 82.4 2:43pm 61.0 3:06am 1 7 0.00 3 18 11:24am ENE 30.08 73 14 76.6 86.1 3:27pm 67.6 4:24am 0 11 0.00 3 15 11:17am E 30.01 78 15 81.0 86.3 11:04am 76.3 12:35am 0 16 0.00 2 15 11:18am ESE 29.95 87 16 82.2 86.7 11:07am 78.3 7:50pm 0 17 0.00 3 20 6:14am SSE 29.94 88 17 80.2 88.2 10:51am 72.5 11:51pm 0 15 0.00 3 17 3:42pm NW 29.95 86 18 73.4 79.6 12:51pm 68.6 6:15am 0 8 0.00 9 26 2:02pm ENE 30.05 78 19 78.4 85.7 1:27pm 72.8 12:00am 0 13 0.00 5 19 12:35pm E 30.09 77 20 78.3 86.3 12:34pm 73.2 4:54am 0 13 0.00 4 18 6:16pm ENE 30.11 81 21 80.7 88.6 1:48pm 75.4 12:05am 0 16 0.09 3 14 6:53pm ENE 30.08 84 22 79.5 85.5 10:12am 73.7 8:45pm 0 14 0.01 1 13 10:43am ESE 30.05 83 23 77.8 85.9 12:15pm 73.3 9:43pm 0 13 0.00 2 17 5:01pm W 30.01 87 24 74.6 82.4 2:31pm 65.5 11:54pm 0 10 0.00 6 22 7:36pm ENE 30.05 71 25 69.7 79.6 2:16pm 62.4 6:07am 1 5 0.01 4 21 3:14pm NE 30.09 67 26 72.4 81.8 12:09pm 64.3 12:35am 0 7 0.00 4 19 4:48pm E 30.06 72 27 73.3 83.6 1:55pm 66.3 6:42am 0 8 0.00 3 16 10:43am E 29.96 67 28 74.0 81.1 12:29pm 69.9 12:00am 0 9 0.22 5 23 5:05pm SSE 29.85 89 29 68.6 73.9 10:02am 60.7 9:49pm 1 4 0.01 5 22 2:22pm WNW 29.92 72 30 64.3 73.3 1:10pm 55.6 11:59pm 2 2 0.00 4 20 2:08pm NNW 29.96 82 --------------------------------------------------------------------------------------- TOT 73.5 88.6 11/21/11 54.5 11/11/11 18 268 0.34 4 27 11/4/11 NE 30.00 77 HEAT BASE: 65.0 COOL BASE: 65.0
 
  
Hurricane Tracker

Hurricane Tracker
Hurricane Tracker
2017 Storm Tracker Forum


Atlantic Storms
No Storms


Sponsored Links

Recent Forum Posts

New Post
SW FL-Bonita Beach:Nice trout Inshore;Keeper Mutton Offshore
Posted by
fishbuster on Nov 09, 2017 at 02:17:33 PM


New Post
Philippe- Final Advisory
Posted by
ccstorms on Oct 29, 2017 at 05:36:13 PM


New Post
Invest 92L- Deactivated
Posted by
ccstorms on Oct 17, 2017 at 06:12:31 AM


New Post
Ophelia- Final Advisory
Posted by
ccstorms on Oct 16, 2017 at 06:32:58 AM


New Post
Nate- Final Advisory
Posted by
ccstorms on Oct 08, 2017 at 02:04:43 PM


New Post
SW FL-Bonita Beach: Fishing pre and post Hurricane Irma
Posted by
fishbuster on Oct 07, 2017 at 12:55:48 PM


***FORUM RULES***

Sponsored Links

Member Login
Username

Password


Join For Free!!
Click here to Register!

Total Hits
We received
79184294
page views since June 2005

Sponsored Links

Social Networks

Southwest Florida Weather | Central Florida Weather | Florida Weather

Cape Coral | Fort Myers | Bonita Springs | Naples | Punta Gorda | Port Charlotte | Estero | Sanibel | Lehigh Acres | Captiva | Pine Island | Bokeelia | St. James City | Alva | Arcadia | Labelle | Clewiston | Venice

Lee County | Charlotte County | Collier County | Hendry County | Desoto County
Glades County | Monroe County | Sarasota County | Manatee County
Hillsborough County | Pinellas County | Pasco County

Recommend us




Copyright Capeweather.com 2005-2017

DO NOT make decisions that affect life or property based on this data!
PHP-Nuke Copyright © 2004 by Francisco Burzi. This is free software, and you may redistribute it under the GPL. PHP-Nuke comes with absolutely no warranty, for details, see the license.
Page Generation: 0.25 Seconds