Southwest Florida Weather History, Yearly, Monthly, Daily, Records
 Click here to register!Home | Advertise | Forum | Live Webcams | Contact Us | Tell a Friend | Your Account  

Lee County Forecast
This
Afternoon
This Afternoon: Scattered showers and thunderstorms.  Mostly cloudy, with a high near 88. West wind around 8 mph.  Chance of precipitation is 30%.
Scattered
T-storms
Tonight

Tonight: Scattered showers and thunderstorms before 8pm.  Mostly cloudy, with a low around 77. Southeast wind 3 to 6 mph.  Chance of precipitation is 30%.
Scattered
T-storms then
Partly Cloudy
Hi 88 °FLo 77 °F
Extended Forecast
Florida Weather Forecast

Southwest Florida Webcams

Main Navigation
Weather
· Home
· Current Conditions
· Storm Warnings
· Station Graphs
· Storm Fronts
· Temperature Map
· Station History
· Drought Index
· Storm Reports
· Rainfall Estimates
· Fire Graphs

Doppler Radar
· Lee County
· Charlotte County
· Collier County
· Hendry County
· Desoto County
· Glades County
· Sarasota County
· Manatee County
· Hillsborough County
· Pinellas County
· Pasco County
· Southwest Florida
· Florida
· State Radars
· National

Satellite
· South Florida
· North Florida
· Regional
· National

Forecast
· Extended
· Marine
· Discussion
· Florida Forecast
· Hazardous Outlook
· Wave Heights
· Fire

Lightning
· Live
· Tracker
· Loop
· Network
· WASP
· WASP Loop
· 3 Hour Forecast

Tropical Weather
· Hurricane Tracker
· Tropical Satellite
· Sea Temperature
· Discussion
· Buoy Data
· Tracking Tools
· Jeff Masters Blog
· Monthly Summary

Moon and Tides
· Tides
· Moon Phase

Live Products

Fishing Reports

Local News

Other Info

  
 

Southwest Florida Monthly and Yearly Weather Reports

2017: Jan | Feb | Mar | Apr | May | Jun | Jul | Aug | Sep | Oct | Nov | Dec 
2016: Jan | Feb | Mar | Apr | May | Jun | Jul | Aug | Sep | Oct | Nov | Dec 
2015: Jan | Feb | Mar | Apr | May | Jun | Jul | Aug | Sep | Oct | Nov | Dec 
2014: Jan | Feb | Mar | Apr | May | Jun | Jul | Aug | Sep | Oct | Nov | Dec 
2013: Jan | Feb | Mar | Apr | May | Jun | Jul | Aug | Sep | Oct | Nov | Dec 
2012: Jan | Feb | Mar | Apr | May | Jun | Jul | Aug | Sep | Oct | Nov | Dec 
2011: Jan | Feb | Mar | Apr | May | Jun | Jul | Aug | Sep | Oct | Nov | Dec 
2010: Jan | Feb | Mar | Apr | May | Jun | Jul | Aug | Sep | Oct | Nov | Dec 
2009: Jan | Feb | Mar | Apr | May | Jun | Jul | Aug | Sep | Oct | Nov | Dec 
2008: Jan | Feb | Mar | Apr | May | Jun | Jul | Aug | Sep | Oct | Nov | Dec 
2007: Jan | Feb | Mar | Apr | May | Jun | Jul | Aug | Sep | Oct | Nov | Dec 
2006: Jan | Feb | Mar | Apr | May | Jun | Jul | Aug | Sep | Oct | Nov | Dec 
2005: Jan | Feb | Mar | Apr | May | Jun | Jul | Aug | Sep | Oct | Nov | Dec 

Report for 2011 09
MONTHLY CLIMATOLOGICAL SUMMARY FOR 9/2011 HEAT COOL MEAN DEG DEG WIND SPEED DOM MEAN MEAN DAY TEMP HIGH TIME LOW TIME DAYS DAYS RAIN AVG HI TIME DIR BAROM HUM --------------------------------------------------------------------------------------- 1 83.4 91.4 2:33pm 77.6 8:13pm 0 18 0.00 3 20 6:47pm E 29.95 84 2 83.6 92.3 3:22pm 78.1 6:07pm 0 19 2.35 2 15 6:09pm ENE 29.89 85 3 84.2 90.1 3:52pm 79.4 11:34pm 0 19 0.01 3 14 10:24am E 29.84 82 4 84.7 91.2 2:03pm 79.2 12:04am 0 20 0.00 3 17 2:03pm ESE 29.82 81 5 86.6 91.0 3:47pm 83.4 3:18am 0 22 0.00 6 25 2:25pm S 29.79 76 6 83.7 88.4 11:36am 77.2 1:39pm 0 18 0.99 5 30 1:30pm S 29.81 86 7 84.2 90.1 11:40am 76.0 5:04pm 0 19 0.52 2 26 4:54pm SSW 29.85 85 8 83.7 89.0 2:43pm 79.8 9:08pm 0 19 0.01 3 17 3:35pm WNW 29.85 83 9 84.0 90.3 1:19pm 79.4 8:57pm 0 19 0.01 3 24 5:42pm SW 29.87 82 10 83.9 90.3 12:53pm 78.5 3:59am 0 19 0.00 2 15 3:59pm E 29.90 76 11 84.9 92.9 1:54pm 78.8 10:28pm 0 20 0.00 2 17 4:56pm WNW 29.96 77 12 84.1 92.3 4:31pm 78.5 2:55am 0 19 0.00 3 17 5:11pm NW 29.96 74 13 84.5 93.4 2:05pm 79.6 1:47am 0 20 0.00 2 20 3:54pm ENE 29.89 73 14 83.9 94.5 3:40pm 76.8 6:59am 0 19 0.00 3 15 2:04pm NE 29.85 68 15 82.5 90.5 11:31am 75.8 4:11am 0 18 0.00 3 19 4:08pm WNW 29.89 71 16 82.9 90.5 1:16pm 77.9 7:20am 0 18 0.00 2 14 5:15pm WNW 29.96 73 17 83.8 93.8 3:51pm 76.8 3:36am 0 19 0.00 3 20 11:02pm E 29.97 69 18 83.1 93.2 2:44pm 76.0 4:59am 0 18 0.31 4 21 10:27pm NE 29.95 71 19 83.2 91.6 3:38pm 78.5 12:00am 0 18 0.01 3 18 6:15pm NE 29.90 80 20 85.2 91.2 12:09pm 80.9 12:00am 0 20 0.00 2 17 2:30pm E 29.88 77 21 84.4 91.6 11:44am 77.9 5:59pm 0 19 0.15 3 25 5:18pm E 29.90 84 22 84.6 89.5 1:00pm 79.0 3:15pm 0 20 0.01 2 13 1:24pm ENE 29.92 86 23 85.9 90.7 10:47am 81.6 11:55pm 0 21 0.00 2 15 3:45pm ESE 29.88 81 24 85.3 89.7 1:08pm 81.6 12:00am 0 20 0.12 3 17 1:42pm WNW 29.84 83 25 84.5 89.9 9:57am 78.8 4:45pm 0 19 1.21 2 21 4:27pm SSE 29.85 86 26 84.5 86.7 2:03pm 82.6 11:04pm 0 20 1.05 2 15 3:57pm ESE 29.86 92 27 84.5 90.3 11:53am 79.4 10:49pm 0 19 0.00 3 18 4:37pm WNW 29.86 82 28 84.3 90.7 12:50pm 79.4 12:39am 0 19 0.00 2 16 5:04pm NW 29.82 82 29 83.5 90.5 4:45pm 78.6 3:10am 0 18 0.00 2 23 2:50pm NW 29.78 79 30 82.4 88.0 11:56am 78.3 11:32pm 0 17 0.00 4 21 3:43pm NW 29.75 78 --------------------------------------------------------------------------------------- TOT 84.1 94.5 9/14/11 75.8 9/15/11 0 571 6.75 3 30 9/6/11 E 29.87 80 HEAT BASE: 65.0 COOL BASE: 65.0
 
  
Hurricane Tracker

Hurricane Tracker
Hurricane Tracker
2017 Storm Tracker Forum


Atlantic Storms
No Storms


Sponsored Links

Recent Forum Posts

New Post
SW FL-Bonita Beach: Grouper, snapper, redfish, black drum
Posted by
fishbuster on Jul 20, 2017 at 11:36:41 AM


New Post
Some webcams are offline due to lightning
Posted by
chris on Jul 17, 2017 at 10:23:12 PM


New Post
Surely 50MPH sustained this afternoon
Posted by
chris on Jul 12, 2017 at 08:56:15 PM


New Post
Tropical Depression 4 now Remnant Low 7/7
Posted by
ccstorms on Jul 10, 2017 at 06:30:03 PM


New Post
SW FL-Bonita Beach: June wrap-up--Grouper, Snapper, Shark
Posted by
fishbuster on Jul 01, 2017 at 10:12:57 AM


New Post
Lightning strikes pregnant woman, discount store in FM
Posted by
chris on Jun 29, 2017 at 07:31:54 PM


***FORUM RULES***

Sponsored Links

Member Login
Username

Password


Join For Free!!
Click here to Register!

Total Hits
We received
74628278
page views since June 2005

Free Weather Graphics

Free weather stickers

Add a weather graphic to your website with the latest conditions!
Click for Details

Sponsored Links

Social Networks

Southwest Florida Weather | Central Florida Weather | Florida Weather

Cape Coral | Fort Myers | Bonita Springs | Naples | Punta Gorda | Port Charlotte | Estero | Sanibel | Lehigh Acres | Captiva | Pine Island | Bokeelia | St. James City | Alva | Arcadia | Labelle | Clewiston | Venice

Lee County | Charlotte County | Collier County | Hendry County | Desoto County
Glades County | Monroe County | Sarasota County | Manatee County
Hillsborough County | Pinellas County | Pasco County

Recommend us




Copyright Capeweather.com 2005-2017

DO NOT make decisions that affect life or property based on this data!
PHP-Nuke Copyright © 2004 by Francisco Burzi. This is free software, and you may redistribute it under the GPL. PHP-Nuke comes with absolutely no warranty, for details, see the license.
Page Generation: 0.18 Seconds