Southwest Florida Weather History, Yearly, Monthly, Daily, Records
 Click here to register!Home | Advertise | Forum | Live Webcams | Contact Us | Tell a Friend | Your Account  

Lee County Forecast
Tonight

Tonight: Partly cloudy, with a low around 60. West northwest wind 5 to 7 mph becoming calm  after midnight.
Partly Cloudy

Tuesday

Tuesday: Mostly sunny, with a high near 83. Calm wind becoming west 5 to 8 mph in the afternoon.
Mostly Sunny

Lo 60 °FHi 83 °F
Extended Forecast
Florida Weather Forecast

Southwest Florida Webcams

Main Navigation
Weather
· Home
· Current Conditions
· Storm Warnings
· Station Graphs
· Storm Fronts
· Temperature Map
· Station History
· Drought Index
· Storm Reports
· Rainfall Estimates
· Fire Graphs

Doppler Radar
· Lee County
· Charlotte County
· Collier County
· Hendry County
· Desoto County
· Glades County
· Sarasota County
· Manatee County
· Hillsborough County
· Pinellas County
· Pasco County
· Southwest Florida
· Florida
· State Radars
· National

Satellite
· South Florida
· North Florida
· Regional
· National

Forecast
· Extended
· Marine
· Discussion
· Florida Forecast
· Hazardous Outlook
· Wave Heights
· Fire

Lightning
· Live
· Tracker
· Loop
· Network
· WASP
· WASP Loop
· 3 Hour Forecast

Tropical Weather
· Hurricane Tracker
· Tropical Satellite
· Sea Temperature
· Discussion
· Buoy Data
· Tracking Tools
· Jeff Masters Blog
· Monthly Summary

Moon and Tides
· Tides
· Moon Phase

Live Products
· Webcams
· NOAA Radio
· Police Scanner
· Marine VHF Radio

Fishing Reports
· Forum Reports
· Captain Joe

Local News
· Cape Coral
· Fort Myers
· Lehigh Acres
· Estero
· Bonita Springs

Other Info
· Advertising
· Donation Support
· Station Status
· Disclaimer
· Forum
· Facebook
· Contact Us
· CWOP
· Events Calendar

Matched Content

  
 

Southwest Florida Monthly and Yearly Weather Reports

2017: Jan | Feb | Mar | Apr | May | Jun | Jul | Aug | Sep | Oct | Nov | Dec 
2016: Jan | Feb | Mar | Apr | May | Jun | Jul | Aug | Sep | Oct | Nov | Dec 
2015: Jan | Feb | Mar | Apr | May | Jun | Jul | Aug | Sep | Oct | Nov | Dec 
2014: Jan | Feb | Mar | Apr | May | Jun | Jul | Aug | Sep | Oct | Nov | Dec 
2013: Jan | Feb | Mar | Apr | May | Jun | Jul | Aug | Sep | Oct | Nov | Dec 
2012: Jan | Feb | Mar | Apr | May | Jun | Jul | Aug | Sep | Oct | Nov | Dec 
2011: Jan | Feb | Mar | Apr | May | Jun | Jul | Aug | Sep | Oct | Nov | Dec 
2010: Jan | Feb | Mar | Apr | May | Jun | Jul | Aug | Sep | Oct | Nov | Dec 
2009: Jan | Feb | Mar | Apr | May | Jun | Jul | Aug | Sep | Oct | Nov | Dec 
2008: Jan | Feb | Mar | Apr | May | Jun | Jul | Aug | Sep | Oct | Nov | Dec 
2007: Jan | Feb | Mar | Apr | May | Jun | Jul | Aug | Sep | Oct | Nov | Dec 
2006: Jan | Feb | Mar | Apr | May | Jun | Jul | Aug | Sep | Oct | Nov | Dec 
2005: Jan | Feb | Mar | Apr | May | Jun | Jul | Aug | Sep | Oct | Nov | Dec 

Report for 2011 08
MONTHLY CLIMATOLOGICAL SUMMARY FOR 8/2011 HEAT COOL MEAN DEG DEG WIND SPEED DOM MEAN MEAN DAY TEMP HIGH TIME LOW TIME DAYS DAYS RAIN AVG HI TIME DIR BAROM HUM --------------------------------------------------------------------------------------- 1 84.6 90.5 1:48pm 78.8 5:31am 0 20 0.00 3 16 2:39pm ESE 29.91 76 2 84.4 90.1 12:07pm 79.6 5:53am 0 19 0.29 3 17 12:15pm WNW 29.86 78 3 85.3 90.7 1:53pm 80.9 3:11am 0 20 0.00 3 20 3:49pm W 29.82 80 4 85.0 91.2 4:46pm 80.9 11:53pm 0 20 0.37 2 13 4:25pm W 29.84 77 5 85.8 92.7 1:41pm 79.9 6:40am 0 20 0.10 3 19 6:16pm ESE 29.88 76 6 86.3 92.9 11:59am 80.5 12:00am 0 21 0.01 3 17 3:29pm WNW 29.89 77 7 84.3 91.0 9:29am 77.7 3:47am 0 19 0.64 3 26 8:01pm WNW 29.91 78 8 82.2 88.8 1:53pm 76.3 6:42am 0 17 1.38 3 26 2:44pm SSW 29.88 88 9 83.1 88.4 10:39am 78.5 8:07pm 0 18 0.05 3 26 1:37pm WSW 29.85 84 10 81.9 86.3 8:30am 78.3 10:41am 0 17 1.08 4 28 9:01am W 29.84 90 11 85.2 90.7 2:29pm 76.3 10:00pm 0 20 0.05 4 27 8:57pm WNW 29.83 83 12 84.8 92.5 11:20am 78.1 12:00am 0 20 0.01 2 15 1:19pm W 29.86 84 13 84.3 90.3 4:33pm 76.1 1:20am 0 19 0.02 3 20 12:25am WNW 29.89 79 14 84.7 90.1 1:58pm 78.8 2:53am 0 20 0.00 4 18 1:36pm W 29.86 76 15 85.8 90.3 1:38pm 81.4 7:11am 0 21 0.00 4 19 1:59pm W 29.83 75 16 83.8 89.9 4:07pm 78.1 9:09am 0 19 0.43 1 12 8:23am SW 29.88 82 17 84.1 91.8 3:28pm 77.0 8:58pm 0 38 0.05 3 22 8:11pm ESE 29.92 81 18 83.7 92.1 2:44pm 77.4 1:05am 0 19 0.00 3 15 6:17pm E 29.89 78 19 83.3 90.5 1:46pm 78.5 12:00am 0 18 0.00 2 17 2:50pm ESE 29.84 80 20 83.0 91.8 12:14pm 79.2 2:19am 0 18 0.01 3 17 3:23pm ESE 29.88 83 21 83.7 95.4 3:31pm 76.7 7:08pm 0 19 0.65 2 39 5:03pm ESE 29.93 81 22 86.0 94.3 2:45pm 80.9 12:00am 0 21 0.27 2 16 5:00pm NE 29.90 79 23 83.5 92.1 3:18pm 74.0 7:20pm 0 18 1.48 2 26 4:16pm W 29.84 82 24 83.1 93.4 1:49pm 76.5 5:41pm 0 18 0.44 3 29 2:19pm NE 29.81 87 25 84.8 94.3 4:15pm 77.9 12:00am 0 19 0.00 6 30 4:37pm NE 29.70 75 26 84.7 90.5 4:06pm 79.9 12:00am 0 20 0.00 7 26 2:29pm WNW 29.72 74 27 86.4 90.5 2:25pm 83.2 3:19am 0 21 0.00 8 27 1:51pm W 29.75 74 28 85.8 90.1 2:17pm 82.4 6:45am 0 20 0.00 5 19 12:56pm WSW 29.71 73 29 82.0 84.7 5:48pm 77.2 7:55am 0 17 1.10 3 28 1:07pm SW 29.79 85 30 82.2 84.9 4:41pm 80.1 1:45am 0 17 0.43 1 17 1:21pm ESE 29.88 91 31 82.9 86.3 4:48pm 79.0 6:55pm 0 18 0.10 2 16 6:12pm E 29.94 89 --------------------------------------------------------------------------------------- TOT 84.2 95.4 8/21/11 74.0 8/23/11 0 611 8.96 3 39 8/21/11 W 29.85 81 HEAT BASE: 65.0 COOL BASE: 65.0
 
  
Hurricane Tracker

Hurricane Tracker
Hurricane Tracker
Storm Tracker Forum


Atlantic Storms
14L
90L


Sponsored Links

Recent Forum Posts

New Post
SW FL-Bonita Beach: Offshore or Inshore--Great Fishing!
Posted by
fishbuster on Mar 25, 2017 at 11:22:51 AM


New Post
SWFL-Bonita Beach:Redfish&Drum Inshore;Grouper & Sna
Posted by
fishbuster on Mar 05, 2017 at 03:02:40 PM


New Post
Florida Stormy Clouds
Posted by
emeryhayward98 on Mar 03, 2017 at 12:08:57 PM


New Post
SW FL-Bonita Beach: Two weeks of excellent fishing offshore
Posted by
fishbuster on Feb 16, 2017 at 02:43:04 PM


New Post
SW FL-Bonita Beach: All kinds of bottom fish offshore; Drum
Posted by
chris on Jan 27, 2017 at 09:03:43 PM


New Post
Big Time In the Sound
Posted by
chris on Jan 26, 2017 at 01:25:22 PM


***FORUM RULES***

Member Login
Username

Password


Join For Free!!
Click here to Register!

Sponsors

Social Networks

Total Hits
We received
71028393
page views since June 2005

Free Weather Graphics

Free weather stickers

Add a weather graphic to your website with the latest conditions!
Click for Details

Sponsored Links

Southwest Florida Weather | Central Florida Weather | Florida Weather

Cape Coral | Fort Myers | Bonita Springs | Naples | Punta Gorda | Port Charlotte | Estero | Sanibel | Lehigh Acres | Captiva | Pine Island | Bokeelia | St. James City | Alva | Arcadia | Labelle | Clewiston | Venice

Lee County | Charlotte County | Collier County | Hendry County | Desoto County
Glades County | Monroe County | Sarasota County | Manatee County
Hillsborough County | Pinellas County | Pasco County

Recommend us




Copyright Capeweather.com 2005-2017

DO NOT make decisions that affect life or property based on this data!
PHP-Nuke Copyright © 2004 by Francisco Burzi. This is free software, and you may redistribute it under the GPL. PHP-Nuke comes with absolutely no warranty, for details, see the license.
Page Generation: 0.23 Seconds