Southwest Florida Weather History, Yearly, Monthly, Daily, Records
 Click here to register!Home | Advertise | Forum | Live Webcams | Contact Us | Tell a Friend | Your Account  

Lee County Forecast
Today

Today: Scattered showers and thunderstorms after 3pm.  Mostly sunny, with a high near 91. Heat index values as high as 101. Calm wind becoming west northwest 5 to 7 mph in the afternoon.  Chance of precipitation is 30%.
Mostly Sunny
then
Scattered
T-storms
Tonight

Tonight: Scattered showers and thunderstorms before midnight.  Mostly cloudy, with a low around 75. East wind 3 to 6 mph.  Chance of precipitation is 30%.
Scattered
T-storms then
Mostly Cloudy
Hi 91 °FLo 75 °F
Extended Forecast
Florida Weather Forecast

Southwest Florida Webcams

Main Navigation
Weather
· Home
· Current Conditions
· Storm Warnings
· Station Graphs
· Storm Fronts
· Temperature Map
· Station History
· Drought Index
· Storm Reports
· Rainfall Estimates
· Fire Graphs

Doppler Radar
· Lee County
· Charlotte County
· Collier County
· Hendry County
· Desoto County
· Glades County
· Sarasota County
· Manatee County
· Hillsborough County
· Pinellas County
· Pasco County
· Southwest Florida
· Florida
· State Radars
· National

Satellite
· South Florida
· North Florida
· Regional
· National

Forecast
· Extended
· Marine
· Discussion
· Florida Forecast
· Hazardous Outlook
· Wave Heights
· Fire

Lightning
· Live
· Tracker
· Loop
· Network
· WASP
· WASP Loop
· 3 Hour Forecast

Tropical Weather
· Hurricane Tracker
· Tropical Satellite
· Sea Temperature
· Discussion
· Buoy Data
· Tracking Tools
· Jeff Masters Blog
· Monthly Summary

Moon and Tides
· Tides
· Moon Phase

Live Products

Fishing Reports

Local News

Other Info

  
 

Southwest Florida Monthly and Yearly Weather Reports

2017: Jan | Feb | Mar | Apr | May | Jun | Jul | Aug | Sep | Oct | Nov | Dec 
2016: Jan | Feb | Mar | Apr | May | Jun | Jul | Aug | Sep | Oct | Nov | Dec 
2015: Jan | Feb | Mar | Apr | May | Jun | Jul | Aug | Sep | Oct | Nov | Dec 
2014: Jan | Feb | Mar | Apr | May | Jun | Jul | Aug | Sep | Oct | Nov | Dec 
2013: Jan | Feb | Mar | Apr | May | Jun | Jul | Aug | Sep | Oct | Nov | Dec 
2012: Jan | Feb | Mar | Apr | May | Jun | Jul | Aug | Sep | Oct | Nov | Dec 
2011: Jan | Feb | Mar | Apr | May | Jun | Jul | Aug | Sep | Oct | Nov | Dec 
2010: Jan | Feb | Mar | Apr | May | Jun | Jul | Aug | Sep | Oct | Nov | Dec 
2009: Jan | Feb | Mar | Apr | May | Jun | Jul | Aug | Sep | Oct | Nov | Dec 
2008: Jan | Feb | Mar | Apr | May | Jun | Jul | Aug | Sep | Oct | Nov | Dec 
2007: Jan | Feb | Mar | Apr | May | Jun | Jul | Aug | Sep | Oct | Nov | Dec 
2006: Jan | Feb | Mar | Apr | May | Jun | Jul | Aug | Sep | Oct | Nov | Dec 
2005: Jan | Feb | Mar | Apr | May | Jun | Jul | Aug | Sep | Oct | Nov | Dec 

Report for 2011 07
MONTHLY CLIMATOLOGICAL SUMMARY FOR 7/2011 HEAT COOL MEAN DEG DEG WIND SPEED DOM MEAN MEAN DAY TEMP HIGH TIME LOW TIME DAYS DAYS RAIN AVG HI TIME DIR BAROM HUM --------------------------------------------------------------------------------------- 1 82.7 89.3 2:11pm 76.1 2:35am 0 18 0.00 3 20 8:49pm W 29.91 76 2 79.8 88.8 5:43pm 75.3 8:47am 0 15 0.14 2 13 7:39pm ESE 29.93 84 3 80.7 90.7 1:19pm 73.0 5:40pm 0 15 0.85 3 27 5:20pm ENE 29.91 80 4 81.9 91.2 12:53pm 74.4 4:56pm 0 17 0.15 2 21 4:32pm E 29.91 84 5 84.8 93.4 4:18pm 77.4 12:00am 0 20 0.00 4 16 9:27pm ENE 29.89 73 6 81.2 91.2 1:19pm 77.4 3:18pm 0 16 0.23 3 26 1:48pm ENE 29.88 87 7 81.7 83.8 3:28pm 79.0 10:27pm 0 17 0.30 3 21 10:19pm ESE 29.86 92 8 82.1 88.2 12:25pm 77.0 3:22am 0 17 0.11 6 25 1:27am S 29.86 80 9 83.9 91.0 3:31pm 77.7 4:21am 0 19 0.00 2 13 4:40pm WNW 29.91 82 10 83.4 91.4 12:33pm 78.6 6:11am 0 18 0.00 1 12 2:47pm NE 29.95 78 11 83.0 90.7 3:45pm 77.0 1:34am 0 17 0.09 2 17 4:19pm ESE 29.97 79 12 82.9 89.0 12:42pm 78.5 2:45am 0 17 0.00 2 17 1:09pm WSW 29.95 81 13 84.5 89.7 12:07pm 80.1 1:50am 0 20 0.00 3 17 6:38pm W 29.90 79 14 84.4 89.5 2:43pm 79.6 4:26am 0 19 0.00 4 15 1:31pm WSW 29.85 72 15 84.6 90.5 3:45pm 79.0 11:50pm 0 20 0.00 3 18 2:37pm WSW 29.84 74 16 82.8 91.4 10:30am 79.0 12:00am 0 18 0.12 2 16 2:27pm NE 29.89 81 17 80.7 92.1 12:36pm 74.9 5:52pm 0 16 1.03 2 22 4:42pm NE 29.94 84 18 82.8 89.7 12:07pm 77.4 12:01am 0 18 0.01 3 24 5:57pm ENE 29.91 80 19 83.4 92.5 3:54pm 74.7 7:04am 0 18 0.00 3 16 4:52pm ENE 29.89 67 20 82.5 90.1 12:05pm 73.2 4:48am 0 18 0.00 3 16 3:59pm WNW 29.89 73 21 84.9 90.7 4:03pm 78.6 5:42am 0 20 0.00 2 14 2:16pm W 29.91 73 22 82.2 93.4 1:55pm 74.2 3:36pm 0 17 0.25 2 29 3:12pm ENE 29.97 80 23 82.7 92.9 4:04pm 76.3 6:04pm 0 18 0.01 3 24 5:35pm ENE 30.02 81 24 83.7 94.9 2:18pm 76.8 11:07pm 0 19 1.67 3 27 10:48pm ESE 30.00 81 25 85.6 92.7 3:01pm 78.5 11:00pm 0 20 0.05 2 18 7:39pm ESE 29.93 77 26 82.9 89.9 10:35am 77.9 3:04am 0 17 0.07 2 16 11:14am ESE 29.86 77 27 82.7 89.9 3:00pm 77.6 3:13am 0 18 0.00 3 16 10:47am ESE 29.90 81 28 83.2 94.7 2:23pm 75.4 6:51pm 0 18 0.63 3 26 6:21pm E 29.96 79 29 87.1 95.6 4:35pm 79.2 12:00am 0 22 0.00 3 16 5:50pm E 29.96 72 30 86.6 96.1 6:38pm 78.1 3:38am 0 22 0.00 3 14 5:59pm E 29.94 69 31 85.2 91.4 1:53pm 78.5 6:55am 0 20 0.00 3 16 5:28pm ESE 29.94 71 --------------------------------------------------------------------------------------- TOT 83.3 96.1 7/30/11 73.0 7/3/11 0 562 5.71 3 29 7/22/11 E 29.92 78 HEAT BASE: 65.0 COOL BASE: 65.0
 
  
Hurricane Tracker

Hurricane Tracker
Hurricane Tracker
2017 Storm Tracker Forum


Atlantic Storms
No Storms


Sponsored Links

Recent Forum Posts

New Post
Cape Coral weather, Sun 6/25/17
Posted by
Weatherman911 on Jun 25, 2017 at 04:34:00 PM


New Post
Cindy- Final Advisory
Posted by
Weatherman911 on Jun 24, 2017 at 10:00:31 PM


New Post
Cape Coral weather, Sat 6/24/17
Posted by
Weatherman911 on Jun 24, 2017 at 05:28:02 PM


New Post
Bret- Final Advisory
Posted by
Weatherman911 on Jun 20, 2017 at 06:54:20 PM


New Post
TWO 8pm EDT 6/8/17
Posted by
chris on Jun 10, 2017 at 11:36:40 AM


New Post
TWO 8pm EDT 6/7/17
Posted by
Weatherman911 on Jun 07, 2017 at 08:17:40 PM


***FORUM RULES***

Sponsored Links

Member Login
Username

Password


Join For Free!!
Click here to Register!

Total Hits
We received
73816796
page views since June 2005

Free Weather Graphics

Free weather stickers

Add a weather graphic to your website with the latest conditions!
Click for Details

Sponsored Links

Social Networks

Southwest Florida Weather | Central Florida Weather | Florida Weather

Cape Coral | Fort Myers | Bonita Springs | Naples | Punta Gorda | Port Charlotte | Estero | Sanibel | Lehigh Acres | Captiva | Pine Island | Bokeelia | St. James City | Alva | Arcadia | Labelle | Clewiston | Venice

Lee County | Charlotte County | Collier County | Hendry County | Desoto County
Glades County | Monroe County | Sarasota County | Manatee County
Hillsborough County | Pinellas County | Pasco County

Recommend us




Copyright Capeweather.com 2005-2017

DO NOT make decisions that affect life or property based on this data!
PHP-Nuke Copyright © 2004 by Francisco Burzi. This is free software, and you may redistribute it under the GPL. PHP-Nuke comes with absolutely no warranty, for details, see the license.
Page Generation: 0.21 Seconds