Southwest Florida Weather History, Yearly, Monthly, Daily, Records
 Click here to register!Home | Advertise | Forum | Live Webcams | Contact Us | Tell a Friend | Your Account  

Lee County Forecast & Temp
Today

Today: A 20 percent chance of showers after 4pm.  Mostly sunny, with a high near 85. East wind 7 to 10 mph becoming south southwest in the afternoon.
Mostly Sunny
then Slight
Chance
Showers
Tonight

Tonight: A 10 percent chance of showers before 7pm.  Patchy fog after 4am.  Otherwise, partly cloudy, with a low around 66. South southwest wind around 5 mph becoming light and variable.
Slight Chance
Showers then
Patchy Fog
Hi 85 °FLo 66 °F
Extended Forecast
Florida Weather Forecast

Southwest Florida Webcams

Main Navigation
Weather
· Home
· Current Conditions
· Storm Warnings
· Station Graphs
· Storm Fronts
· Station History
· Drought Index
· Storm Reports
· Rainfall Estimates
· Fire Graphs

Doppler Radar
· Lee County
· Charlotte County
· Collier County
· Hendry County
· Desoto County
· Glades County
· Sarasota County
· Manatee County
· Hillsborough County
· Pinellas County
· Pasco County
· Southwest Florida
· Florida
· State Radars
· National

Satellite
· South Florida
· North Florida
· Regional
· National

Forecast
· Extended
· Marine
· Discussion
· Florida Forecast
· Hazardous Outlook
· Wave Heights
· Fire

Lightning
· Live
· Tracker
· Loop
· Network
· WASP
· WASP Loop

Tropical Weather
· Hurricane Tracker
· Tropical Satellite
· Sea Temperature
· Discussion
· Buoy Data
· Tracking Tools
· Monthly Summary

Moon and Tides
· Tides
· Moon Phase

Live Products

Fishing Reports

Local News

Other Info

  
 

Southwest Florida Monthly and Yearly Weather Reports

2018: Jan | Feb | Mar | Apr | May | Jun | Jul | Aug | Sep | Oct | Nov | Dec 
2017: Jan | Feb | Mar | Apr | May | Jun | Jul | Aug | Sep | Oct | Nov | Dec 
2016: Jan | Feb | Mar | Apr | May | Jun | Jul | Aug | Sep | Oct | Nov | Dec 
2015: Jan | Feb | Mar | Apr | May | Jun | Jul | Aug | Sep | Oct | Nov | Dec 
2014: Jan | Feb | Mar | Apr | May | Jun | Jul | Aug | Sep | Oct | Nov | Dec 
2013: Jan | Feb | Mar | Apr | May | Jun | Jul | Aug | Sep | Oct | Nov | Dec 
2012: Jan | Feb | Mar | Apr | May | Jun | Jul | Aug | Sep | Oct | Nov | Dec 
2011: Jan | Feb | Mar | Apr | May | Jun | Jul | Aug | Sep | Oct | Nov | Dec 
2010: Jan | Feb | Mar | Apr | May | Jun | Jul | Aug | Sep | Oct | Nov | Dec 
2009: Jan | Feb | Mar | Apr | May | Jun | Jul | Aug | Sep | Oct | Nov | Dec 
2008: Jan | Feb | Mar | Apr | May | Jun | Jul | Aug | Sep | Oct | Nov | Dec 
2007: Jan | Feb | Mar | Apr | May | Jun | Jul | Aug | Sep | Oct | Nov | Dec 
2006: Jan | Feb | Mar | Apr | May | Jun | Jul | Aug | Sep | Oct | Nov | Dec 
2005: Jan | Feb | Mar | Apr | May | Jun | Jul | Aug | Sep | Oct | Nov | Dec 

Report for 2011 06
MONTHLY CLIMATOLOGICAL SUMMARY FOR 6/2011 HEAT COOL MEAN DEG DEG WIND SPEED DOM MEAN MEAN DAY TEMP HIGH TIME LOW TIME DAYS DAYS RAIN AVG HI TIME DIR BAROM HUM --------------------------------------------------------------------------------------- 1 79.2 92.3 2:22pm 69.8 5:26am 0 14 0.01 5 26 4:27pm ENE 29.97 71 2 80.9 93.4 4:28pm 68.9 6:29am 0 16 0.01 5 20 2:19pm E 29.93 63 3 82.1 94.3 3:48pm 69.8 6:48am 0 17 0.00 5 18 12:03am E 29.93 61 4 82.7 94.5 3:50pm 71.6 5:41am 0 18 0.00 5 19 3:41pm E 29.95 63 5 81.8 94.5 3:24pm 72.1 7:15am 0 17 0.00 5 19 5:19pm E 29.93 67 6 80.7 91.6 1:17pm 72.3 6:48am 0 16 0.00 4 16 1:21pm E 29.85 66 7 83.4 94.5 3:50pm 74.4 6:40am 0 18 0.00 5 19 4:45pm ESE 29.85 62 8 82.8 94.5 4:13pm 72.3 4:34am 0 17 0.00 5 19 1:41pm E 29.90 63 9 83.1 94.9 3:39pm 75.1 6:32am 0 18 0.00 5 17 10:41am E 29.88 64 10 83.7 95.4 2:35pm 75.3 6:09am 0 19 0.00 5 17 12:07pm E 29.83 63 11 81.3 90.5 12:41pm 71.1 6:28am 0 16 0.00 5 21 5:19pm NE 29.82 70 12 83.0 90.5 2:28pm 75.8 6:43am 0 18 0.01 4 17 3:51pm ESE 29.87 73 13 82.5 89.9 3:04pm 74.6 6:06am 0 18 0.01 4 19 5:33pm W 29.91 74 14 83.0 88.8 12:54pm 76.7 6:58am 0 18 0.00 6 23 2:51pm WNW 29.89 72 15 82.5 89.7 2:28pm 73.9 8:47pm 0 18 0.00 7 25 7:27pm WNW 29.85 74 16 83.7 96.3 3:25pm 73.7 5:30am 0 18 0.00 3 19 11:47am ENE 29.88 67 17 84.0 92.1 2:21pm 77.0 6:42am 0 18 0.00 3 18 8:08pm SW 29.94 68 18 82.9 91.6 2:46pm 76.5 6:22am 0 18 0.00 3 24 2:59pm ESE 29.99 70 19 82.3 91.0 2:40pm 74.7 6:40am 0 17 0.00 4 28 8:27pm ESE 29.97 71 20 83.8 93.4 12:14pm 74.0 6:21am 0 19 0.00 3 17 5:45pm W 29.92 67 21 83.5 92.1 2:28pm 74.9 8:51pm 0 19 0.71 3 37 7:47pm SW 29.92 74 22 83.1 92.1 4:09pm 77.2 6:54pm 0 18 0.02 3 21 5:59pm ESE 29.94 78 23 83.2 90.7 3:49pm 77.6 4:17am 0 18 0.04 3 23 5:51pm ESE 29.92 76 24 83.2 90.3 2:47pm 74.6 11:00pm 0 18 2.92 4 19 10:54pm SW 29.88 77 25 84.4 91.4 1:34pm 76.5 12:00am 0 19 0.05 4 20 9:00pm SSE 29.90 78 26 81.5 88.8 1:22pm 77.0 11:58pm 0 16 0.02 3 16 3:36pm ESE 29.94 80 27 81.3 92.5 3:36pm 76.0 7:35pm 0 16 0.00 3 22 5:55pm ENE 29.98 78 28 79.0 87.6 10:21am 75.1 2:54am 0 14 0.22 3 16 12:06pm E 29.98 82 29 80.2 88.0 4:55pm 75.1 8:56pm 0 15 1.15 2 15 6:04pm E 29.95 84 30 82.2 87.4 4:22pm 77.6 11:48am 0 16 0.16 2 16 4:10pm W 29.92 85 --------------------------------------------------------------------------------------- TOT 82.4 96.3 6/16/11 68.9 6/2/11 0 518 5.33 4 37 6/21/11 E 29.91 71 HEAT BASE: 65.0 COOL BASE: 65.0
 
  
Hurricane Tracker

Hurricane Tracker
Hurricane Tracker
2017 Storm Tracker Forum


Atlantic Storms


Sponsored Links

Recent Forum Posts

New Post
Fabulous Florida Fishing with Tide Walker Charters
Posted by
captruss on Feb 24, 2018 at 07:15:52 AM


New Post
SW FL-Bonita Beach: Still windy, still fishing
Posted by
fishbuster on Feb 23, 2018 at 05:40:40 PM


***FORUM RULES***

Member Login
Username

Password


Join For Free!!
Click here to Register!

Total Hits
We received
81628687
page views since June 2005

Sponsored Links

Social Networks

Southwest Florida Weather | Central Florida Weather | Florida Weather

Cape Coral | Fort Myers | Bonita Springs | Naples | Punta Gorda | Port Charlotte | Estero | Sanibel | Lehigh Acres | Captiva | Pine Island | Bokeelia | St. James City | Alva | Arcadia | Labelle | Clewiston | Venice

Lee County | Charlotte County | Collier County | Hendry County | Desoto County
Glades County | Monroe County | Sarasota County | Manatee County
Hillsborough County | Pinellas County | Pasco County

Recommend us




Copyright Capeweather.com 2005-2017

DO NOT make decisions that affect life or property based on this data!
PHP-Nuke Copyright © 2004 by Francisco Burzi. This is free software, and you may redistribute it under the GPL. PHP-Nuke comes with absolutely no warranty, for details, see the license.
Page Generation: 0.23 Seconds