Southwest Florida Weather History, Yearly, Monthly, Daily, Records
 Click here to register!Home | Advertise | Forum | Live Webcams | Contact Us | Tell a Friend | Your Account  

Lee County Forecast
Today

Today: Scattered showers and thunderstorms after 2pm.  Mostly sunny, with a high near 90. Heat index values as high as 98. Northeast wind 5 to 7 mph.  Chance of precipitation is 40%.
Mostly Sunny
then
Scattered
T-storms
Tonight

Tonight: Scattered showers and thunderstorms before 11pm.  Mostly cloudy, with a low around 75. East northeast wind 5 to 7 mph.  Chance of precipitation is 30%.
Scattered
T-storms then
Mostly Cloudy
Hi 90 °FLo 75 °F
Extended Forecast
Florida Weather Forecast

Southwest Florida Webcams

Main Navigation
Weather
· Home
· Current Conditions
· Storm Warnings
· Station Graphs
· Storm Fronts
· Temperature Map
· Station History
· Drought Index
· Storm Reports
· Rainfall Estimates
· Fire Graphs

Doppler Radar
· Lee County
· Charlotte County
· Collier County
· Hendry County
· Desoto County
· Glades County
· Sarasota County
· Manatee County
· Hillsborough County
· Pinellas County
· Pasco County
· Southwest Florida
· Florida
· State Radars
· National

Satellite
· South Florida
· North Florida
· Regional
· National

Forecast
· Extended
· Marine
· Discussion
· Florida Forecast
· Hazardous Outlook
· Wave Heights
· Fire

Lightning
· Live
· Tracker
· Loop
· Network
· WASP
· WASP Loop
· 3 Hour Forecast

Tropical Weather
· Hurricane Tracker
· Tropical Satellite
· Sea Temperature
· Discussion
· Buoy Data
· Tracking Tools
· Monthly Summary

Moon and Tides
· Tides
· Moon Phase

Live Products

Fishing Reports

Local News

Other Info

  
 

Southwest Florida Monthly and Yearly Weather Reports

2017: Jan | Feb | Mar | Apr | May | Jun | Jul | Aug | Sep | Oct | Nov | Dec 
2016: Jan | Feb | Mar | Apr | May | Jun | Jul | Aug | Sep | Oct | Nov | Dec 
2015: Jan | Feb | Mar | Apr | May | Jun | Jul | Aug | Sep | Oct | Nov | Dec 
2014: Jan | Feb | Mar | Apr | May | Jun | Jul | Aug | Sep | Oct | Nov | Dec 
2013: Jan | Feb | Mar | Apr | May | Jun | Jul | Aug | Sep | Oct | Nov | Dec 
2012: Jan | Feb | Mar | Apr | May | Jun | Jul | Aug | Sep | Oct | Nov | Dec 
2011: Jan | Feb | Mar | Apr | May | Jun | Jul | Aug | Sep | Oct | Nov | Dec 
2010: Jan | Feb | Mar | Apr | May | Jun | Jul | Aug | Sep | Oct | Nov | Dec 
2009: Jan | Feb | Mar | Apr | May | Jun | Jul | Aug | Sep | Oct | Nov | Dec 
2008: Jan | Feb | Mar | Apr | May | Jun | Jul | Aug | Sep | Oct | Nov | Dec 
2007: Jan | Feb | Mar | Apr | May | Jun | Jul | Aug | Sep | Oct | Nov | Dec 
2006: Jan | Feb | Mar | Apr | May | Jun | Jul | Aug | Sep | Oct | Nov | Dec 
2005: Jan | Feb | Mar | Apr | May | Jun | Jul | Aug | Sep | Oct | Nov | Dec 

Report for 2011 05
MONTHLY CLIMATOLOGICAL SUMMARY FOR 5/2011 HEAT COOL MEAN DEG DEG WIND SPEED DOM MEAN MEAN DAY TEMP HIGH TIME LOW TIME DAYS DAYS RAIN AVG HI TIME DIR BAROM HUM --------------------------------------------------------------------------------------- 1 80.5 92.1 4:07pm 70.8 6:35am 0 16 0.01 5 20 9:54am E 29.97 63 2 81.0 90.7 2:19pm 73.5 5:07am 0 16 0.00 5 18 1:18am ESE 30.02 69 3 79.6 88.2 3:37pm 72.1 7:01am 0 14 0.00 5 18 12:00am E 30.04 68 4 80.2 85.9 2:27pm 74.4 3:08am 0 15 0.00 4 21 5:41pm SSE 30.01 77 5 76.8 87.8 3:27pm 69.9 7:09am 0 11 0.25 6 18 8:45am ENE 30.00 72 6 76.4 84.0 12:59pm 71.8 6:26am 0 11 0.01 5 22 4:59pm ESE 29.95 78 7 79.5 86.3 3:31pm 72.7 12:15am 0 14 0.01 4 16 3:26pm NW 29.93 77 8 75.9 84.7 1:26pm 66.6 6:55am 0 11 0.00 4 17 2:31pm NW 29.91 66 9 77.3 85.7 2:06pm 69.1 6:13am 0 12 0.00 5 19 3:22pm WNW 29.88 76 10 81.7 93.4 1:48pm 74.6 6:56am 0 17 0.00 4 17 6:22pm WNW 29.86 72 11 79.5 86.3 2:07pm 71.5 4:24am 0 15 0.00 4 17 4:16pm ESE 29.90 76 12 82.1 92.7 2:28pm 72.0 6:48am 0 17 0.00 4 21 3:50pm N 29.90 66 13 79.4 85.3 3:10pm 72.1 6:37am 0 14 0.00 4 18 4:22pm ESE 29.85 76 14 79.2 85.1 1:09pm 71.8 6:38pm 0 14 0.24 5 43 6:30pm SW 29.77 78 15 77.2 81.8 1:36pm 67.6 5:53am 0 12 0.50 8 45 5:48am WNW 29.72 72 16 75.2 78.6 1:34pm 70.6 2:43am 0 10 0.00 7 22 11:29am WNW 29.72 65 17 75.2 79.6 1:07pm 69.3 11:14pm 0 10 0.00 7 23 1:04pm WNW 29.70 65 18 74.1 81.8 3:48pm 66.6 3:30am 0 9 0.00 2 17 4:52pm WNW 29.80 75 19 76.1 86.1 4:01pm 64.3 6:19am 0 11 0.00 3 12 3:06pm ENE 29.92 73 20 79.7 88.6 3:46pm 67.9 6:45am 0 14 0.00 3 17 4:42pm W 29.94 69 21 81.4 89.7 2:40pm 74.4 6:09am 0 16 0.00 4 19 6:52pm SE 29.94 73 22 82.7 94.9 3:47pm 74.9 3:24am 0 18 0.00 4 15 2:29pm ESE 29.96 65 23 80.9 87.8 2:07pm 73.3 5:14am 0 15 0.00 3 17 7:48pm ESE 29.97 66 24 80.3 92.9 3:21pm 70.6 7:20am 0 15 0.00 4 17 4:00pm ESE 29.93 65 25 79.6 88.6 3:17pm 69.6 5:11am 0 15 0.00 3 14 12:00am E 29.90 67 26 81.2 89.0 12:26pm 72.3 6:35am 0 16 0.00 4 18 1:33am ESE 29.89 68 27 80.6 88.4 1:40pm 74.7 6:14am 0 16 0.00 3 17 7:22pm SE 29.87 73 28 79.6 89.9 12:31pm 72.0 8:45pm 0 13 0.05 3 26 8:22pm ESE 29.87 77 29 81.6 94.9 3:57pm 72.8 12:45am 0 15 0.08 4 22 6:07pm E 29.93 70 30 82.2 94.0 4:07pm 72.1 6:56am 0 17 0.00 6 21 6:56pm E 29.99 64 31 82.0 94.9 4:41pm 71.6 5:45am 0 16 0.00 6 20 8:20pm E 30.01 64 --------------------------------------------------------------------------------------- TOT 79.3 94.9 5/22/11 64.3 5/19/11 0 437 1.15 4 45 5/15/11 ESE 29.90 70 HEAT BASE: 65.0 COOL BASE: 65.0
 
  
Hurricane Tracker

Hurricane Tracker
Hurricane Tracker
2017 Storm Tracker Forum


Atlantic Storms
Jose
Maria


Sponsored Links

Recent Forum Posts

New Post
Maria
Posted by
ccstorms on Sep 22, 2017 at 05:06:39 AM


New Post
Jose
Posted by
ccstorms on Sep 22, 2017 at 05:01:53 AM


New Post
Lee- Final Advisory
Posted by
ccstorms on Sep 19, 2017 at 08:10:26 AM


New Post
Irma
Posted by
ccstorms on Sep 13, 2017 at 08:51:17 PM


New Post
Katia
Posted by
ccstorms on Sep 07, 2017 at 10:38:16 AM


New Post
Possible Gulf Invest- Deactivated
Posted by
ccstorms on Aug 31, 2017 at 07:45:36 AM


***FORUM RULES***

Sponsored Links

Total Hits
We received
77360332
page views since June 2005

Social Networks

Southwest Florida Weather | Central Florida Weather | Florida Weather

Cape Coral | Fort Myers | Bonita Springs | Naples | Punta Gorda | Port Charlotte | Estero | Sanibel | Lehigh Acres | Captiva | Pine Island | Bokeelia | St. James City | Alva | Arcadia | Labelle | Clewiston | Venice

Lee County | Charlotte County | Collier County | Hendry County | Desoto County
Glades County | Monroe County | Sarasota County | Manatee County
Hillsborough County | Pinellas County | Pasco County

Recommend us




Copyright Capeweather.com 2005-2017

DO NOT make decisions that affect life or property based on this data!
PHP-Nuke Copyright © 2004 by Francisco Burzi. This is free software, and you may redistribute it under the GPL. PHP-Nuke comes with absolutely no warranty, for details, see the license.
Page Generation: 0.20 Seconds