Southwest Florida Weather History, Yearly, Monthly, Daily, Records
 Click here to register!Home | Advertise | Forum | Live Webcams | Contact Us | Tell a Friend | Your Account  

Lee County Forecast
This
Afternoon
This Afternoon: Isolated showers and thunderstorms after 5pm.  Mostly sunny, with a high near 94. Heat index values as high as 99. Northwest wind around 7 mph.  Chance of precipitation is 10%.
Isolated
T-storms

Tonight

Tonight: Isolated showers and thunderstorms before 8pm.  Partly cloudy, with a low around 77. North northwest wind 5 to 8 mph becoming east after midnight.  Chance of precipitation is 10%.
Isolated
T-storms then
Partly Cloudy
Hi 94 °FLo 77 °F
Extended Forecast
Florida Weather Forecast

Southwest Florida Webcams

Main Navigation
Weather
· Home
· Current Conditions
· Storm Warnings
· Station Graphs
· Storm Fronts
· Temperature Map
· Station History
· Drought Index
· Storm Reports
· Rainfall Estimates
· Fire Graphs

Doppler Radar
· Lee County
· Charlotte County
· Collier County
· Hendry County
· Desoto County
· Glades County
· Sarasota County
· Manatee County
· Hillsborough County
· Pinellas County
· Pasco County
· Southwest Florida
· Florida
· State Radars
· National

Satellite
· South Florida
· North Florida
· Regional
· National

Forecast
· Extended
· Marine
· Discussion
· Florida Forecast
· Hazardous Outlook
· Wave Heights
· Fire

Lightning
· Live
· Tracker
· Loop
· Network
· WASP
· WASP Loop
· 3 Hour Forecast

Tropical Weather
· Hurricane Tracker
· Tropical Satellite
· Sea Temperature
· Discussion
· Buoy Data
· Tracking Tools
· Monthly Summary

Moon and Tides
· Tides
· Moon Phase

Live Products

Fishing Reports

Local News

Other Info

  
 

Southwest Florida Monthly and Yearly Weather Reports

2017: Jan | Feb | Mar | Apr | May | Jun | Jul | Aug | Sep | Oct | Nov | Dec 
2016: Jan | Feb | Mar | Apr | May | Jun | Jul | Aug | Sep | Oct | Nov | Dec 
2015: Jan | Feb | Mar | Apr | May | Jun | Jul | Aug | Sep | Oct | Nov | Dec 
2014: Jan | Feb | Mar | Apr | May | Jun | Jul | Aug | Sep | Oct | Nov | Dec 
2013: Jan | Feb | Mar | Apr | May | Jun | Jul | Aug | Sep | Oct | Nov | Dec 
2012: Jan | Feb | Mar | Apr | May | Jun | Jul | Aug | Sep | Oct | Nov | Dec 
2011: Jan | Feb | Mar | Apr | May | Jun | Jul | Aug | Sep | Oct | Nov | Dec 
2010: Jan | Feb | Mar | Apr | May | Jun | Jul | Aug | Sep | Oct | Nov | Dec 
2009: Jan | Feb | Mar | Apr | May | Jun | Jul | Aug | Sep | Oct | Nov | Dec 
2008: Jan | Feb | Mar | Apr | May | Jun | Jul | Aug | Sep | Oct | Nov | Dec 
2007: Jan | Feb | Mar | Apr | May | Jun | Jul | Aug | Sep | Oct | Nov | Dec 
2006: Jan | Feb | Mar | Apr | May | Jun | Jul | Aug | Sep | Oct | Nov | Dec 
2005: Jan | Feb | Mar | Apr | May | Jun | Jul | Aug | Sep | Oct | Nov | Dec 

Report for 2011 04
MONTHLY CLIMATOLOGICAL SUMMARY FOR 4/2011 HEAT COOL MEAN DEG DEG WIND SPEED DOM MEAN MEAN DAY TEMP HIGH TIME LOW TIME DAYS DAYS RAIN AVG HI TIME DIR BAROM HUM --------------------------------------------------------------------------------------- 1 75.0 79.9 5:12pm 66.3 11:10pm 0 10 0.11 5 19 4:58pm WNW 29.79 75 2 71.4 84.0 3:49pm 59.8 6:59am 1 8 0.04 3 12 2:38pm WNW 29.94 63 3 75.4 88.8 4:01pm 62.1 5:41am 0 11 0.02 4 19 10:00am ENE 30.01 57 4 77.7 84.3 2:56pm 71.1 4:59am 0 13 0.00 6 23 5:35pm ESE 29.96 77 5 74.5 81.6 10:42am 64.2 11:54pm 0 9 0.22 8 39 11:39am S 29.89 85 6 70.1 84.0 5:24pm 57.6 7:31am 2 7 0.00 5 20 10:45am NE 30.04 63 7 75.8 84.7 4:08pm 67.6 4:05am 0 11 0.02 3 14 5:30pm ESE 30.02 78 8 78.7 86.3 2:12pm 72.5 4:21am 0 14 0.01 2 15 5:09pm W 30.02 78 9 78.8 85.9 2:39pm 71.8 6:09am 0 14 0.00 3 16 6:09pm WNW 30.04 72 10 77.6 86.3 2:29pm 70.3 3:46am 0 13 0.00 3 16 4:29pm W 30.03 78 11 79.7 85.1 3:10pm 75.3 12:00am 0 15 0.00 4 17 12:46pm WSW 29.99 79 12 78.2 82.4 3:06pm 75.1 2:50am 0 13 0.00 5 20 1:48pm SW 29.93 78 13 76.4 84.1 1:44pm 68.1 11:59pm 0 11 0.00 5 18 3:55am W 29.92 65 14 74.1 86.5 1:03pm 64.7 7:23am 0 9 0.00 4 18 3:01pm NE 29.91 65 15 77.0 85.3 4:07pm 69.4 7:10am 0 12 0.00 3 17 2:28pm WSW 29.91 76 16 79.7 84.7 2:55pm 75.4 12:13am 0 15 0.00 4 19 12:50pm WSW 29.91 84 17 76.9 82.4 1:24pm 66.9 11:33pm 0 12 0.00 4 18 5:59am WNW 29.92 76 18 75.1 84.3 3:37pm 64.5 3:50am 0 10 0.00 3 17 5:09pm W 29.96 74 19 79.4 87.2 3:23pm 73.0 6:11am 0 14 0.00 3 21 5:22pm SSW 30.00 76 20 79.6 87.6 3:10pm 72.1 3:11am 0 15 0.02 5 19 4:24pm ESE 30.03 71 21 78.7 89.7 2:28pm 69.3 5:20am 0 14 0.02 4 20 10:18pm E 30.02 65 22 76.9 88.4 3:14pm 67.8 7:17am 0 12 0.00 4 18 4:17pm ESE 30.02 67 23 77.1 87.2 3:37pm 67.6 6:36am 0 12 0.00 3 15 10:32am ESE 30.04 70 24 77.4 88.0 2:58pm 72.3 4:36am 0 12 0.01 3 19 4:22pm E 30.02 77 25 78.5 88.6 1:11pm 72.1 5:44am 0 14 0.27 4 19 4:33pm E 29.93 78 26 80.5 86.1 4:01pm 75.8 12:00am 0 16 0.01 4 18 4:12pm ENE 29.85 80 27 82.4 88.0 2:31pm 77.0 3:24am 0 17 0.00 5 23 11:20am S 29.87 83 28 82.2 86.7 12:47pm 78.1 3:23am 0 17 0.00 5 22 10:46am SE 29.94 81 29 81.0 88.2 4:44pm 72.8 11:25pm 0 16 0.02 5 20 6:41am NW 29.90 75 30 76.4 91.6 4:21pm 66.4 5:52am 0 11 0.48 6 18 12:46am ENE 29.93 71 --------------------------------------------------------------------------------------- TOT 77.4 91.6 4/30/11 57.6 4/6/11 4 374 1.25 4 39 4/5/11 ESE 29.96 74 HEAT BASE: 65.0 COOL BASE: 65.0
 
  
Hurricane Tracker

Hurricane Tracker
Hurricane Tracker
2017 Storm Tracker Forum


Atlantic Storms
92L
Harvey


Sponsored Links

Recent Forum Posts

New Post
SWFL-BonitaBeach:Reds,Snook Inshore;Shark,Grouper,Snapper
Posted by
fishbuster on Aug 19, 2017 at 02:28:23 PM


New Post
Harvey
Posted by
ccstorms on Aug 19, 2017 at 11:47:30 AM


New Post
Pre-Invest East Atlantic 20%
Posted by
ccstorms on Aug 19, 2017 at 09:09:57 AM


New Post
Invest 92L-Atlantic 40%
Posted by
ccstorms on Aug 19, 2017 at 09:08:51 AM


New Post
Gert- Final Advisory
Posted by
ccstorms on Aug 17, 2017 at 06:17:15 PM


New Post
Hurricane Charley. 13 years ago today.
Posted by
chris on Aug 13, 2017 at 10:54:05 AM


***FORUM RULES***

Sponsored Links

Member Login
Username

Password


Join For Free!!
Click here to Register!

Total Hits
We received
75681928
page views since June 2005

Free Weather Graphics

Free weather stickers

Add a weather graphic to your website with the latest conditions!
Click for Details

Sponsored Links

Social Networks

Southwest Florida Weather | Central Florida Weather | Florida Weather

Cape Coral | Fort Myers | Bonita Springs | Naples | Punta Gorda | Port Charlotte | Estero | Sanibel | Lehigh Acres | Captiva | Pine Island | Bokeelia | St. James City | Alva | Arcadia | Labelle | Clewiston | Venice

Lee County | Charlotte County | Collier County | Hendry County | Desoto County
Glades County | Monroe County | Sarasota County | Manatee County
Hillsborough County | Pinellas County | Pasco County

Recommend us




Copyright Capeweather.com 2005-2017

DO NOT make decisions that affect life or property based on this data!
PHP-Nuke Copyright © 2004 by Francisco Burzi. This is free software, and you may redistribute it under the GPL. PHP-Nuke comes with absolutely no warranty, for details, see the license.
Page Generation: 0.20 Seconds