Southwest Florida Weather History, Yearly, Monthly, Daily, Records
 Click here to register!Home | Advertise | Forum | Live Webcams | Contact Us | Tell a Friend | Your Account  

Lee County Forecast & Temp
Current Temp: ^vxv007^ °F
Today

Today: Patchy fog before 10am.  Otherwise, partly sunny, with a high near 79. South southeast wind 7 to 11 mph.
Patchy Fog
then Partly
Sunny
Tonight

Tonight: Scattered showers, mainly after 1am.  Patchy fog after 1am.  Otherwise, mostly cloudy, with a low around 63. Southeast wind 5 to 8 mph.  Chance of precipitation is 40%.
Scattered
Showers and
Patchy Fog
Hi 79 °FLo 63 °F
Extended Forecast
Florida Weather Forecast

Southwest Florida Webcams

Main Navigation
Weather
· Home
· Current Conditions
· Storm Warnings
· Station Graphs
· Storm Fronts
· Station History
· Drought Index
· Storm Reports
· Rainfall Estimates
· Fire Graphs

Doppler Radar
· Lee County
· Charlotte County
· Collier County
· Hendry County
· Desoto County
· Glades County
· Sarasota County
· Manatee County
· Hillsborough County
· Pinellas County
· Pasco County
· Southwest Florida
· Florida
· State Radars
· National

Satellite
· South Florida
· North Florida
· Regional
· National

Forecast
· Extended
· Marine
· Discussion
· Florida Forecast
· Hazardous Outlook
· Wave Heights
· Fire

Lightning
· Live
· Tracker
· Loop
· Network
· WASP
· WASP Loop

Tropical Weather
· Hurricane Tracker
· Tropical Satellite
· Sea Temperature
· Discussion
· Buoy Data
· Tracking Tools
· Monthly Summary

Moon and Tides
· Tides
· Moon Phase

Live Products

Fishing Reports

Local News

Other Info

Support Us

Support Capeweather.com
donations

If you find this website useful, consider making
a donation.

Click here to learn more


  
 

Southwest Florida Monthly and Yearly Weather Reports

2018: Jan | Feb | Mar | Apr | May | Jun | Jul | Aug | Sep | Oct | Nov | Dec 
2017: Jan | Feb | Mar | Apr | May | Jun | Jul | Aug | Sep | Oct | Nov | Dec 
2016: Jan | Feb | Mar | Apr | May | Jun | Jul | Aug | Sep | Oct | Nov | Dec 
2015: Jan | Feb | Mar | Apr | May | Jun | Jul | Aug | Sep | Oct | Nov | Dec 
2014: Jan | Feb | Mar | Apr | May | Jun | Jul | Aug | Sep | Oct | Nov | Dec 
2013: Jan | Feb | Mar | Apr | May | Jun | Jul | Aug | Sep | Oct | Nov | Dec 
2012: Jan | Feb | Mar | Apr | May | Jun | Jul | Aug | Sep | Oct | Nov | Dec 
2011: Jan | Feb | Mar | Apr | May | Jun | Jul | Aug | Sep | Oct | Nov | Dec 
2010: Jan | Feb | Mar | Apr | May | Jun | Jul | Aug | Sep | Oct | Nov | Dec 
2009: Jan | Feb | Mar | Apr | May | Jun | Jul | Aug | Sep | Oct | Nov | Dec 
2008: Jan | Feb | Mar | Apr | May | Jun | Jul | Aug | Sep | Oct | Nov | Dec 
2007: Jan | Feb | Mar | Apr | May | Jun | Jul | Aug | Sep | Oct | Nov | Dec 
2006: Jan | Feb | Mar | Apr | May | Jun | Jul | Aug | Sep | Oct | Nov | Dec 
2005: Jan | Feb | Mar | Apr | May | Jun | Jul | Aug | Sep | Oct | Nov | Dec 

Report for 2011 01
MONTHLY CLIMATOLOGICAL SUMMARY FOR 1/2011 HEAT COOL MEAN DEG DEG WIND SPEED DOM MEAN MEAN DAY TEMP HIGH TIME LOW TIME DAYS DAYS RAIN AVG HI TIME DIR BAROM HUM --------------------------------------------------------------------------------------- 1 66.2 77.0 1:26pm 58.0 4:57am 2 3 0.00 4 20 10:36am ESE 30.05 79 2 66.9 76.5 12:00pm 59.9 3:02am 1 3 0.00 2 19 2:00pm SSE 30.08 85 3 67.1 77.0 3:29pm 61.5 2:10am 1 3 0.00 1 13 4:36pm WNW 30.08 88 4 65.7 78.3 2:20pm 57.8 4:06am 2 3 0.00 2 15 3:40pm E 30.06 84 5 66.8 73.9 1:24pm 60.9 1:37am 1 3 0.00 3 18 11:57pm SSW 29.96 88 6 64.0 70.8 9:34am 56.7 11:42pm 3 2 0.41 6 31 11:04am NW 29.77 89 7 58.3 64.2 12:17pm 49.6 7:31am 6 0 0.00 4 14 2:02am NNW 29.78 74 8 63.3 71.3 1:55pm 56.0 11:59pm 3 2 0.00 5 22 2:43pm W 29.78 78 9 59.5 70.6 3:49pm 49.6 7:27am 6 1 0.00 5 18 10:02am ENE 29.96 65 10 66.8 76.0 12:27pm 58.6 7:34am 2 4 0.00 5 26 12:18pm ESE 29.96 80 11 65.3 74.0 3:26pm 54.8 11:55pm 2 2 0.00 3 16 9:05pm NW 30.08 89 12 51.5 61.5 2:50pm 42.5 11:56pm 14 0 0.00 9 23 10:03am N 30.22 58 13 47.1 62.6 3:48pm 34.6 7:32am 18 0 0.00 7 22 8:44am NNE 30.27 52 14 53.6 70.9 4:16pm 40.6 5:28am 12 1 0.00 5 17 3:17am NE 30.20 68 15 59.3 74.4 2:48pm 47.4 7:34am 7 1 0.00 4 13 11:17am ENE 30.11 73 16 62.5 75.6 3:17pm 51.7 6:36am 5 2 0.00 1 11 12:35pm ESE 30.00 74 17 63.7 70.1 10:46am 59.3 2:23am 2 1 0.29 4 23 9:50am SSE 29.85 88 18 67.6 76.0 2:38pm 61.3 1:33am 1 3 0.01 3 14 11:49am S 29.86 88 19 69.8 76.7 10:25am 59.9 11:42pm 1 5 0.02 4 20 8:15am WNW 29.92 86 20 67.7 78.3 1:00pm 59.6 4:44am 2 4 0.00 2 11 1:40pm SSW 29.92 85 21 72.8 77.4 1:29pm 69.1 12:12am 0 8 0.01 4 16 2:44pm SW 29.77 96 22 59.6 73.7 12:00am 43.1 11:51pm 7 1 0.00 8 29 2:12pm NW 29.81 80 23 50.7 65.8 3:29pm 38.6 7:15am 14 0 0.00 4 19 8:36am NNE 30.03 61 24 57.4 74.0 3:26pm 0.0 12:00am 5 1 0.00 4 16 12:28pm E 30.05 78 25 68.6 79.0 12:56pm 62.1 8:03pm 1 4 1.02 7 40 7:41pm ESE 29.92 83 26 63.7 72.0 9:50am 51.0 11:58pm 3 1 0.19 7 25 10:08am NW 29.94 85 27 54.0 63.9 1:46pm 46.2 5:10am 11 0 0.00 5 20 5:09pm N 30.03 76 28 56.2 66.6 1:47pm 49.2 11:49pm 9 0 0.00 4 20 3:31pm NNW 30.04 67 29 58.7 71.5 1:19pm 49.1 12:07am 7 1 0.00 2 15 2:13pm W 30.09 80 30 60.7 72.7 1:22pm 52.6 12:14am 6 1 0.00 1 11 10:42am ENE 30.11 79 31 63.9 75.6 12:49pm 54.5 4:22am 4 3 0.00 2 16 12:53pm SSW 30.05 81 --------------------------------------------------------------------------------------- TOT 62.0 79.0 1/25/11 46.2 1/27/11 155 63 1.95 4 40 1/25/11 NW 29.99 79 HEAT BASE: 65.0 COOL BASE: 65.0
 
  
Hurricane Tracker

Hurricane Tracker
Hurricane Tracker
2017 Storm Tracker Forum


Atlantic Storms
No Storms


Sponsored Links

Recent Forum Posts

New Post
I'll Fa Lay for You, Par rum pum pum pum, This Black Drum
Posted by
captruss on Jan 21, 2018 at 01:56:32 PM


New Post
SW FL-Bonita Beach:Weather isn't helping, but we're catching
Posted by
fishbuster on Jan 18, 2018 at 11:46:09 AM


***FORUM RULES***

Member Login
Username

Password


Join For Free!!
Click here to Register!

Total Hits
We received
80728741
page views since June 2005

Sponsored Links

Social Networks

Southwest Florida Weather | Central Florida Weather | Florida Weather

Cape Coral | Fort Myers | Bonita Springs | Naples | Punta Gorda | Port Charlotte | Estero | Sanibel | Lehigh Acres | Captiva | Pine Island | Bokeelia | St. James City | Alva | Arcadia | Labelle | Clewiston | Venice

Lee County | Charlotte County | Collier County | Hendry County | Desoto County
Glades County | Monroe County | Sarasota County | Manatee County
Hillsborough County | Pinellas County | Pasco County

Recommend us




Copyright Capeweather.com 2005-2017

DO NOT make decisions that affect life or property based on this data!
PHP-Nuke Copyright © 2004 by Francisco Burzi. This is free software, and you may redistribute it under the GPL. PHP-Nuke comes with absolutely no warranty, for details, see the license.
Page Generation: 0.25 Seconds