Southwest Florida Weather History, Yearly, Monthly, Daily, Records
 Click here to register!Home | Advertise | Forum | Live Webcams | Contact Us | Tell a Friend | Your Account  

Lee County Forecast
Tonight

Tonight: Isolated showers and thunderstorms before 11pm.  Partly cloudy, with a low around 74. Northeast wind 6 to 9 mph.  Chance of precipitation is 20%.
Isolated
T-storms then
Partly Cloudy
Friday

Friday: Scattered showers and thunderstorms after 2pm.  Mostly sunny, with a high near 91. Heat index values as high as 97. Northeast wind 7 to 9 mph.  Chance of precipitation is 50%. New rainfall amounts of less than a tenth of an inch, except higher amounts possible in thunderstorms.
Mostly Sunny
then
Scattered
Showers
Lo 74 °FHi 91 °F
Extended Forecast
Florida Weather Forecast

Southwest Florida Webcams

Main Navigation
Weather
· Home
· Current Conditions
· Storm Warnings
· Station Graphs
· Storm Fronts
· Temperature Map
· Station History
· Drought Index
· Storm Reports
· Rainfall Estimates
· Fire Graphs

Doppler Radar
· Lee County
· Charlotte County
· Collier County
· Hendry County
· Desoto County
· Glades County
· Sarasota County
· Manatee County
· Hillsborough County
· Pinellas County
· Pasco County
· Southwest Florida
· Florida
· State Radars
· National

Satellite
· South Florida
· North Florida
· Regional
· National

Forecast
· Extended
· Marine
· Discussion
· Florida Forecast
· Hazardous Outlook
· Wave Heights
· Fire

Lightning
· Live
· Tracker
· Loop
· Network
· WASP
· WASP Loop
· 3 Hour Forecast

Tropical Weather
· Hurricane Tracker
· Tropical Satellite
· Sea Temperature
· Discussion
· Buoy Data
· Tracking Tools
· Monthly Summary

Moon and Tides
· Tides
· Moon Phase

Live Products

Fishing Reports

Local News

Other Info

  
 

Southwest Florida Monthly and Yearly Weather Reports

2017: Jan | Feb | Mar | Apr | May | Jun | Jul | Aug | Sep | Oct | Nov | Dec 
2016: Jan | Feb | Mar | Apr | May | Jun | Jul | Aug | Sep | Oct | Nov | Dec 
2015: Jan | Feb | Mar | Apr | May | Jun | Jul | Aug | Sep | Oct | Nov | Dec 
2014: Jan | Feb | Mar | Apr | May | Jun | Jul | Aug | Sep | Oct | Nov | Dec 
2013: Jan | Feb | Mar | Apr | May | Jun | Jul | Aug | Sep | Oct | Nov | Dec 
2012: Jan | Feb | Mar | Apr | May | Jun | Jul | Aug | Sep | Oct | Nov | Dec 
2011: Jan | Feb | Mar | Apr | May | Jun | Jul | Aug | Sep | Oct | Nov | Dec 
2010: Jan | Feb | Mar | Apr | May | Jun | Jul | Aug | Sep | Oct | Nov | Dec 
2009: Jan | Feb | Mar | Apr | May | Jun | Jul | Aug | Sep | Oct | Nov | Dec 
2008: Jan | Feb | Mar | Apr | May | Jun | Jul | Aug | Sep | Oct | Nov | Dec 
2007: Jan | Feb | Mar | Apr | May | Jun | Jul | Aug | Sep | Oct | Nov | Dec 
2006: Jan | Feb | Mar | Apr | May | Jun | Jul | Aug | Sep | Oct | Nov | Dec 
2005: Jan | Feb | Mar | Apr | May | Jun | Jul | Aug | Sep | Oct | Nov | Dec 

Report for 2010 12
MONTHLY CLIMATOLOGICAL SUMMARY FOR 12/2010 HEAT COOL MEAN DEG DEG WIND SPEED DOM MEAN MEAN DAY TEMP HIGH TIME LOW TIME DAYS DAYS RAIN AVG HI TIME DIR BAROM HUM --------------------------------------------------------------------------------------- 1 66.3 75.3 6:10am 50.8 11:56pm 3 4 0.01 7 26 6:12am N 30.04 73 2 55.4 70.3 3:00pm 43.3 7:07am 10 1 0.00 7 21 5:09am NNE 30.10 54 3 55.5 72.3 3:06pm 42.6 7:08am 10 1 0.00 5 20 9:00am NNE 30.08 52 4 57.0 72.5 12:43pm 44.5 5:19am 9 1 0.00 3 14 4:00pm NE 30.06 61 5 64.0 75.6 12:43pm 55.4 11:39pm 3 2 0.00 5 21 11:54am WSW 29.97 82 6 50.8 57.3 12:54pm 43.6 7:09am 14 0 0.00 7 28 2:32pm N 30.04 66 7 47.1 59.5 2:07pm 39.8 5:42am 18 0 0.00 6 22 2:45pm NE 30.06 67 8 49.6 63.4 2:13pm 37.8 7:07am 15 0 0.00 3 13 3:06pm ENE 30.05 66 9 51.0 59.9 2:59pm 44.6 6:24am 14 0 0.27 5 18 12:52pm NNE 30.06 73 10 56.0 69.9 2:57pm 45.1 6:41am 10 1 0.00 5 18 12:20pm NNE 30.05 76 11 55.4 67.8 3:16pm 48.2 7:08am 9 0 0.02 3 18 1:43pm NNE 30.00 87 12 59.7 70.4 1:48pm 50.1 3:24am 6 1 0.01 7 34 2:32pm WNW 29.81 80 13 53.7 60.4 12:00am 45.8 11:59pm 11 0 0.01 14 35 2:11pm NW 29.86 64 14 43.3 54.7 3:50pm 33.5 7:00am 22 0 0.00 7 23 10:26am N 30.06 47 15 45.1 59.3 4:00pm 33.7 7:19am 20 0 0.00 3 14 9:14am NNE 30.05 51 16 54.2 67.9 3:01pm 38.3 5:21am 11 0 0.00 2 12 11:47am ESE 30.01 66 17 64.8 76.5 2:24pm 53.6 7:19am 3 3 0.00 3 17 11:38am SSE 29.98 72 18 63.6 70.1 2:55pm 58.7 2:53am 2 1 0.28 2 12 11:26am ESE 29.80 91 19 59.9 67.3 2:32pm 51.7 11:57pm 5 0 0.00 6 22 11:56am NNW 29.82 86 20 54.9 68.1 3:00pm 44.2 7:23am 10 0 0.00 5 17 5:09am NE 30.01 69 21 57.8 72.5 2:04pm 45.7 5:16am 9 2 0.00 2 11 1:19pm ENE 30.08 76 22 60.2 71.6 1:26pm 50.5 5:51am 6 1 0.00 3 19 3:25pm W 30.05 85 23 62.2 71.6 1:30pm 50.8 11:57pm 4 1 0.00 6 17 11:01pm NNW 30.00 78 24 56.2 74.0 3:02pm 43.3 7:28am 10 1 0.00 4 18 12:24am NE 30.03 70 25 61.1 72.1 1:44pm 51.0 6:05am 5 1 0.00 4 20 12:59pm S 29.92 80 26 55.4 65.5 12:00am 46.4 11:56pm 10 0 0.23 12 33 9:39am NW 29.89 77 27 46.0 52.8 3:56pm 38.6 11:54pm 19 0 0.00 7 26 11:59am NNW 30.14 68 28 44.5 58.0 12:46pm 33.4 6:47am 20 0 0.00 4 16 3:59pm NE 30.21 70 29 50.3 68.1 2:52pm 36.6 4:53am 15 0 0.00 3 12 2:18pm NE 30.09 72 30 61.9 72.5 12:43pm 50.4 12:00am 5 2 0.00 3 14 12:33pm ESE 30.02 72 31 67.1 78.8 12:49pm 60.7 7:27am 1 3 0.00 3 18 10:14am ESE 30.05 74 --------------------------------------------------------------------------------------- TOT 55.8 78.8 12/31/10 33.4 12/28/10 309 26 0.83 5 35 12/13/10 NE 30.01 71 HEAT BASE: 65.0 COOL BASE: 65.0
 
  
Hurricane Tracker

Hurricane Tracker
Hurricane Tracker
2017 Storm Tracker Forum


Atlantic Storms
Jose
Lee
Maria


Sponsored Links

Recent Forum Posts

New Post
Maria
Posted by
ccstorms on Sep 21, 2017 at 02:13:14 PM


New Post
Jose
Posted by
ccstorms on Sep 21, 2017 at 02:10:21 PM


New Post
Lee- Final Advisory
Posted by
ccstorms on Sep 19, 2017 at 08:10:26 AM


New Post
Irma
Posted by
ccstorms on Sep 13, 2017 at 08:51:17 PM


New Post
Katia
Posted by
ccstorms on Sep 07, 2017 at 10:38:16 AM


New Post
Possible Gulf Invest- Deactivated
Posted by
ccstorms on Aug 31, 2017 at 07:45:36 AM


***FORUM RULES***

Sponsored Links

Total Hits
We received
77349914
page views since June 2005

Social Networks

Southwest Florida Weather | Central Florida Weather | Florida Weather

Cape Coral | Fort Myers | Bonita Springs | Naples | Punta Gorda | Port Charlotte | Estero | Sanibel | Lehigh Acres | Captiva | Pine Island | Bokeelia | St. James City | Alva | Arcadia | Labelle | Clewiston | Venice

Lee County | Charlotte County | Collier County | Hendry County | Desoto County
Glades County | Monroe County | Sarasota County | Manatee County
Hillsborough County | Pinellas County | Pasco County

Recommend us




Copyright Capeweather.com 2005-2017

DO NOT make decisions that affect life or property based on this data!
PHP-Nuke Copyright © 2004 by Francisco Burzi. This is free software, and you may redistribute it under the GPL. PHP-Nuke comes with absolutely no warranty, for details, see the license.
Page Generation: 0.20 Seconds