Southwest Florida Weather History, Yearly, Monthly, Daily, Records
 Click here to register!Home | Advertise | Forum | Live Webcams | Contact Us | Tell a Friend | Your Account  

Lee County Forecast
Today

Today: A 20 percent chance of showers and thunderstorms after 1pm.  Patchy fog before 8am.  Otherwise, mostly sunny, with a high near 81. Light and variable wind becoming west northwest around 6 mph in the afternoon.
Patchy Fog
then Slight
Chance
T-storms
Tonight

Tonight: A 20 percent chance of showers and thunderstorms before 1am.  Mostly cloudy, with a low around 66. Light and variable wind becoming east 5 to 7 mph in the evening.
Slight Chance
T-storms

Hi 81 °FLo 66 °F
Extended Forecast
Florida Weather Forecast

Southwest Florida Webcams

Main Navigation
Weather
· Home
· Current Conditions
· Storm Warnings
· Station Graphs
· Storm Fronts
· Station History
· Drought Index
· Storm Reports
· Rainfall Estimates
· Fire Graphs

Doppler Radar
· Lee County
· Charlotte County
· Collier County
· Hendry County
· Desoto County
· Glades County
· Sarasota County
· Manatee County
· Hillsborough County
· Pinellas County
· Pasco County
· Southwest Florida
· Florida
· State Radars
· National

Satellite
· South Florida
· North Florida
· Regional
· National

Forecast
· Extended
· Marine
· Discussion
· Florida Forecast
· Hazardous Outlook
· Wave Heights
· Fire

Lightning
· Live
· Tracker
· Loop
· Network
· WASP
· WASP Loop

Tropical Weather
· Hurricane Tracker
· Tropical Satellite
· Sea Temperature
· Discussion
· Buoy Data
· Tracking Tools
· Monthly Summary

Moon and Tides
· Tides
· Moon Phase

Live Products

Fishing Reports

Local News

Other Info

Support Us

Support Capeweather.com
donations

If you find this website useful, consider making
a donation.

Click here to learn more


  
 

Southwest Florida Monthly and Yearly Weather Reports

2017: Jan | Feb | Mar | Apr | May | Jun | Jul | Aug | Sep | Oct | Nov | Dec 
2016: Jan | Feb | Mar | Apr | May | Jun | Jul | Aug | Sep | Oct | Nov | Dec 
2015: Jan | Feb | Mar | Apr | May | Jun | Jul | Aug | Sep | Oct | Nov | Dec 
2014: Jan | Feb | Mar | Apr | May | Jun | Jul | Aug | Sep | Oct | Nov | Dec 
2013: Jan | Feb | Mar | Apr | May | Jun | Jul | Aug | Sep | Oct | Nov | Dec 
2012: Jan | Feb | Mar | Apr | May | Jun | Jul | Aug | Sep | Oct | Nov | Dec 
2011: Jan | Feb | Mar | Apr | May | Jun | Jul | Aug | Sep | Oct | Nov | Dec 
2010: Jan | Feb | Mar | Apr | May | Jun | Jul | Aug | Sep | Oct | Nov | Dec 
2009: Jan | Feb | Mar | Apr | May | Jun | Jul | Aug | Sep | Oct | Nov | Dec 
2008: Jan | Feb | Mar | Apr | May | Jun | Jul | Aug | Sep | Oct | Nov | Dec 
2007: Jan | Feb | Mar | Apr | May | Jun | Jul | Aug | Sep | Oct | Nov | Dec 
2006: Jan | Feb | Mar | Apr | May | Jun | Jul | Aug | Sep | Oct | Nov | Dec 
2005: Jan | Feb | Mar | Apr | May | Jun | Jul | Aug | Sep | Oct | Nov | Dec 

Report for 2010 11
MONTHLY CLIMATOLOGICAL SUMMARY FOR 11/2010 HEAT COOL MEAN DEG DEG WIND SPEED DOM MEAN MEAN DAY TEMP HIGH TIME LOW TIME DAYS DAYS RAIN AVG HI TIME DIR BAROM HUM --------------------------------------------------------------------------------------- 1 76.8 86.5 1:15pm 68.9 5:20am 0 12 0.00 2 14 7:38pm NE 30.03 77 2 77.3 84.7 12:51pm 72.5 7:32am 0 12 0.00 4 17 10:50am ESE 29.97 75 3 76.7 87.0 1:20pm 69.4 5:47am 0 12 0.00 4 16 4:37pm E 29.82 79 4 72.8 77.7 2:20pm 68.3 7:36pm 0 7 0.99 3 32 7:20pm SW 29.63 92 5 64.1 73.2 1:52am 57.5 7:47am 2 2 0.01 8 28 4:10am NNE 29.80 63 6 57.7 67.1 4:18pm 49.8 7:54am 7 0 0.00 8 26 9:54am N 30.09 54 7 62.4 74.4 1:56pm 50.5 7:41am 4 2 0.00 7 25 10:43am N 30.12 56 8 62.9 78.6 2:32pm 51.4 6:09am 5 3 0.00 5 18 8:47am NNE 30.01 64 9 62.5 78.6 1:26pm 49.8 6:31am 6 3 0.00 2 13 3:26pm NE 29.96 67 10 65.1 82.4 1:39pm 51.1 6:39am 4 4 0.00 3 11 8:48am NNW 29.98 68 11 70.3 84.0 1:59pm 56.2 3:40am 2 7 0.00 5 17 2:18pm ENE 30.07 65 12 70.7 83.8 2:22pm 61.8 6:24am 1 6 0.00 7 19 1:57pm NE 30.08 67 13 68.7 81.8 2:57pm 58.7 5:50am 2 5 0.00 4 16 9:49am NE 30.04 70 14 67.4 80.1 12:01pm 57.5 6:45am 2 4 0.00 3 14 3:25pm ENE 29.97 71 15 68.7 80.5 11:31am 59.2 1:37am 2 5 0.00 2 15 2:34pm NE 29.90 75 16 72.3 79.4 1:11pm 64.8 3:35am 0 7 0.00 4 20 11:16am SSE 29.86 83 17 74.3 81.2 1:47pm 68.1 6:29am 0 9 0.00 2 12 2:14am W 29.96 87 18 70.1 80.1 3:11pm 61.6 10:34pm 0 5 0.00 4 18 1:17pm N 30.03 79 19 67.2 80.5 2:54pm 55.3 5:02am 3 5 0.02 5 19 12:47pm ENE 30.09 65 20 68.7 83.2 2:59pm 56.9 7:02am 2 6 0.00 3 14 10:15am ENE 30.13 72 21 71.4 84.1 2:15pm 61.3 5:29am 1 7 0.00 4 16 6:31pm ENE 30.15 74 22 71.7 83.4 1:35pm 65.0 3:06am 0 7 0.00 3 16 11:00am ENE 30.13 76 23 72.3 86.1 1:41pm 61.5 7:04am 1 8 0.00 4 16 1:22pm ENE 30.06 69 24 72.1 84.9 2:43pm 60.1 6:34am 1 8 0.00 3 14 12:24pm ENE 30.01 74 25 74.5 84.1 12:52pm 66.9 6:52am 0 9 0.00 3 14 10:32pm ESE 29.98 76 26 74.4 80.5 1:31pm 71.5 3:43am 0 9 0.00 3 21 12:27pm S 29.93 83 27 74.4 81.6 3:03pm 67.4 11:56pm 0 9 0.01 3 14 7:11pm WNW 29.93 87 28 72.4 84.5 2:34pm 62.1 6:59am 0 8 0.13 5 18 8:50pm ENE 29.99 71 29 76.3 85.3 1:49pm 71.3 9:31pm 0 11 0.02 3 13 11:16am ENE 30.02 82 30 75.5 83.4 1:20pm 69.9 7:09am 0 10 0.00 3 16 2:39pm ESE 29.98 81 --------------------------------------------------------------------------------------- TOT 70.4 87.0 11/3/10 49.8 11/6/10 45 205 1.18 4 32 11/4/10 ENE 29.99 73 HEAT BASE: 65.0 COOL BASE: 65.0
 
  
Hurricane Tracker

Hurricane Tracker
Hurricane Tracker
2017 Storm Tracker Forum


Atlantic Storms
No Storms


Sponsored Links

Recent Forum Posts

New Post
SW FL-Bonita Beach:Nice trout Inshore;Keeper Mutton Offshore
Posted by
fishbuster on Nov 09, 2017 at 02:17:33 PM


New Post
Philippe- Final Advisory
Posted by
ccstorms on Oct 29, 2017 at 05:36:13 PM


New Post
Invest 92L- Deactivated
Posted by
ccstorms on Oct 17, 2017 at 06:12:31 AM


New Post
Ophelia- Final Advisory
Posted by
ccstorms on Oct 16, 2017 at 06:32:58 AM


New Post
Nate- Final Advisory
Posted by
ccstorms on Oct 08, 2017 at 02:04:43 PM


New Post
SW FL-Bonita Beach: Fishing pre and post Hurricane Irma
Posted by
fishbuster on Oct 07, 2017 at 12:55:48 PM


***FORUM RULES***

Sponsored Links

Member Login
Username

Password


Join For Free!!
Click here to Register!

Total Hits
We received
79183978
page views since June 2005

Sponsored Links

Social Networks

Southwest Florida Weather | Central Florida Weather | Florida Weather

Cape Coral | Fort Myers | Bonita Springs | Naples | Punta Gorda | Port Charlotte | Estero | Sanibel | Lehigh Acres | Captiva | Pine Island | Bokeelia | St. James City | Alva | Arcadia | Labelle | Clewiston | Venice

Lee County | Charlotte County | Collier County | Hendry County | Desoto County
Glades County | Monroe County | Sarasota County | Manatee County
Hillsborough County | Pinellas County | Pasco County

Recommend us




Copyright Capeweather.com 2005-2017

DO NOT make decisions that affect life or property based on this data!
PHP-Nuke Copyright © 2004 by Francisco Burzi. This is free software, and you may redistribute it under the GPL. PHP-Nuke comes with absolutely no warranty, for details, see the license.
Page Generation: 0.26 Seconds