Southwest Florida Weather History, Yearly, Monthly, Daily, Records
 Click here to register!Home | Advertise | Forum | Live Webcams | Contact Us | Tell a Friend | Your Account  

Lee County Forecast & Temp
This
Afternoon
This Afternoon: Sunny, with a high near 84. West northwest wind around 6 mph.
Sunny
Tonight

Tonight: Partly cloudy, with a low around 65. Light and variable wind becoming east 5 to 7 mph after midnight.
Partly Cloudy
Hi 84 °FLo 65 °F
Extended Forecast
Florida Weather Forecast

Southwest Florida Webcams

Main Navigation
Weather
· Home
· Current Conditions
· Storm Warnings
· Station Graphs
· Storm Fronts
· Station History
· Drought Index
· Storm Reports
· Rainfall Estimates
· Fire Graphs

Doppler Radar
· Lee County
· Charlotte County
· Collier County
· Hendry County
· Desoto County
· Glades County
· Sarasota County
· Manatee County
· Hillsborough County
· Pinellas County
· Pasco County
· Southwest Florida
· Florida
· State Radars
· National

Satellite
· South Florida
· North Florida
· Regional
· National

Forecast
· Extended
· Marine
· Discussion
· Florida Forecast
· Hazardous Outlook
· Wave Heights
· Fire

Lightning
· Live
· Tracker
· Loop
· Network
· WASP
· WASP Loop

Tropical Weather
· Hurricane Tracker
· Tropical Satellite
· Sea Temperature
· Discussion
· Buoy Data
· Tracking Tools
· Monthly Summary

Moon and Tides
· Tides
· Moon Phase

Live Products

Fishing Reports

Local News

Other Info

  
 

Southwest Florida Monthly and Yearly Weather Reports

2018: Jan | Feb | Mar | Apr | May | Jun | Jul | Aug | Sep | Oct | Nov | Dec 
2017: Jan | Feb | Mar | Apr | May | Jun | Jul | Aug | Sep | Oct | Nov | Dec 
2016: Jan | Feb | Mar | Apr | May | Jun | Jul | Aug | Sep | Oct | Nov | Dec 
2015: Jan | Feb | Mar | Apr | May | Jun | Jul | Aug | Sep | Oct | Nov | Dec 
2014: Jan | Feb | Mar | Apr | May | Jun | Jul | Aug | Sep | Oct | Nov | Dec 
2013: Jan | Feb | Mar | Apr | May | Jun | Jul | Aug | Sep | Oct | Nov | Dec 
2012: Jan | Feb | Mar | Apr | May | Jun | Jul | Aug | Sep | Oct | Nov | Dec 
2011: Jan | Feb | Mar | Apr | May | Jun | Jul | Aug | Sep | Oct | Nov | Dec 
2010: Jan | Feb | Mar | Apr | May | Jun | Jul | Aug | Sep | Oct | Nov | Dec 
2009: Jan | Feb | Mar | Apr | May | Jun | Jul | Aug | Sep | Oct | Nov | Dec 
2008: Jan | Feb | Mar | Apr | May | Jun | Jul | Aug | Sep | Oct | Nov | Dec 
2007: Jan | Feb | Mar | Apr | May | Jun | Jul | Aug | Sep | Oct | Nov | Dec 
2006: Jan | Feb | Mar | Apr | May | Jun | Jul | Aug | Sep | Oct | Nov | Dec 
2005: Jan | Feb | Mar | Apr | May | Jun | Jul | Aug | Sep | Oct | Nov | Dec 

Report for 2010 10
MONTHLY CLIMATOLOGICAL SUMMARY FOR 10/2010 HEAT COOL MEAN DEG DEG WIND SPEED DOM MEAN MEAN DAY TEMP HIGH TIME LOW TIME DAYS DAYS RAIN AVG HI TIME DIR BAROM HUM --------------------------------------------------------------------------------------- 1 76.8 84.0 3:55pm 68.4 6:05am 0 12 0.00 3 17 5:30pm N 29.69 71 2 76.8 86.3 12:46pm 66.3 7:23am 0 12 0.00 4 16 4:35pm N 29.72 74 3 78.2 87.6 5:09pm 70.3 6:53am 0 13 0.00 5 20 4:06pm NNE 29.80 65 4 75.2 86.3 3:42pm 64.2 7:29am 0 10 0.00 6 22 3:33pm NE 29.92 60 5 74.9 87.4 3:31pm 63.1 6:47am 0 10 0.00 6 21 12:07pm NNE 29.94 63 6 74.1 85.3 3:21pm 64.8 4:29am 0 9 0.00 9 24 12:28pm NE 29.93 63 7 72.7 85.5 4:52pm 61.8 7:26am 0 8 0.00 5 20 11:48am NE 29.94 59 8 73.2 86.7 2:34pm 61.8 7:14am 0 8 0.00 3 17 2:01pm N 29.97 64 9 73.1 84.0 1:09pm 63.2 7:36am 0 8 0.00 2 15 4:07pm WNW 29.96 72 10 74.3 87.2 2:27pm 64.2 7:24am 0 9 0.00 2 14 3:32pm ENE 29.94 69 11 75.5 87.4 1:26pm 65.2 6:08am 0 10 0.00 2 14 3:36pm N 29.93 69 12 76.3 89.9 2:51pm 66.9 5:28am 0 11 0.00 2 13 4:43pm ESE 29.91 75 13 77.9 88.0 12:35pm 70.6 5:14am 0 13 0.00 3 15 4:31pm NW 29.91 74 14 76.5 82.4 1:07pm 70.4 11:56pm 0 11 0.00 4 16 6:35pm N 29.87 70 15 73.2 85.1 1:10pm 64.2 7:30am 0 8 0.00 6 21 1:53pm N 29.90 62 16 69.7 85.5 3:33pm 54.7 6:07am 3 7 0.00 4 16 11:33am ENE 29.98 58 17 72.7 85.7 2:56pm 58.3 7:51am 1 9 0.00 3 15 11:38am E 30.01 65 18 74.0 86.1 3:23pm 65.3 7:30am 0 8 0.00 3 18 11:21am ENE 29.95 62 19 75.5 84.5 4:14pm 67.3 7:47am 0 10 0.00 2 11 3:44pm E 29.89 70 20 74.5 83.8 11:43am 68.6 7:09am 0 9 0.00 2 14 2:12pm ENE 29.87 81 21 74.0 84.7 3:54pm 65.0 7:42am 0 9 0.00 4 16 4:36pm WNW 29.89 75 22 76.4 89.5 3:33pm 65.2 7:35am 0 11 0.00 4 15 2:15pm ENE 29.95 64 23 77.7 88.8 3:53pm 68.6 7:40am 0 13 0.00 6 20 10:33am ENE 30.02 73 24 79.1 91.0 3:21pm 72.3 7:03am 0 14 0.01 5 20 12:16pm ENE 30.00 77 25 79.0 87.6 3:09pm 73.0 7:16am 0 14 0.00 3 17 11:54am ESE 29.91 82 26 80.0 87.4 12:05pm 74.6 3:59am 0 15 0.06 4 18 10:07am ESE 29.90 82 27 80.1 88.2 12:12pm 74.6 6:58am 0 15 0.00 2 14 4:31pm ESE 29.98 83 28 79.9 89.5 12:52pm 73.3 8:01am 0 15 0.00 3 19 2:38pm WNW 29.99 81 29 79.0 89.0 1:25pm 72.7 11:59pm 0 14 0.00 6 21 10:02am N 29.94 75 30 76.0 89.3 4:19pm 65.2 7:17am 0 11 0.00 4 15 11:52am NE 30.00 65 31 76.9 88.2 2:06pm 68.8 5:13am 0 12 0.00 3 17 1:55pm E 29.99 68 --------------------------------------------------------------------------------------- TOT 75.9 91.0 10/24/10 54.7 10/16/10 5 341 0.07 4 24 10/6/10 ENE 29.92 70 HEAT BASE: 65.0 COOL BASE: 65.0
 
  
Hurricane Tracker

Hurricane Tracker
Hurricane Tracker
2017 Storm Tracker Forum


Atlantic Storms
No Storms


Sponsored Links

Recent Forum Posts

New Post
Fishing Report Feb 17 2018
Posted by
captruss on Feb 17, 2018 at 09:41:35 AM


New Post
Water Temperature is Everything
Posted by
captruss on Feb 09, 2018 at 06:39:09 AM


***FORUM RULES***

Member Login
Username

Password


Join For Free!!
Click here to Register!

Total Hits
We received
81477100
page views since June 2005

Sponsored Links

Social Networks

Southwest Florida Weather | Central Florida Weather | Florida Weather

Cape Coral | Fort Myers | Bonita Springs | Naples | Punta Gorda | Port Charlotte | Estero | Sanibel | Lehigh Acres | Captiva | Pine Island | Bokeelia | St. James City | Alva | Arcadia | Labelle | Clewiston | Venice

Lee County | Charlotte County | Collier County | Hendry County | Desoto County
Glades County | Monroe County | Sarasota County | Manatee County
Hillsborough County | Pinellas County | Pasco County

Recommend us




Copyright Capeweather.com 2005-2017

DO NOT make decisions that affect life or property based on this data!
PHP-Nuke Copyright © 2004 by Francisco Burzi. This is free software, and you may redistribute it under the GPL. PHP-Nuke comes with absolutely no warranty, for details, see the license.
Page Generation: 0.21 Seconds