Southwest Florida Weather History, Yearly, Monthly, Daily, Records
 Click here to register!Home | Advertise | Forum | Live Webcams | Contact Us | Tell a Friend | Your Account  

Lee County Forecast
Tonight

Tonight: Partly cloudy, with a low around 77. East southeast wind around 5 mph becoming calm  after midnight.
Partly Cloudy
Monday

Monday: Isolated showers and thunderstorms before 5pm.  Mostly sunny, with a high near 92. Heat index values as high as 102. Light and variable wind becoming southwest 5 to 9 mph in the morning.  Chance of precipitation is 20%.
Isolated
T-storms
Lo 77 °FHi 92 °F
Extended Forecast
Florida Weather Forecast

Southwest Florida Webcams

Main Navigation
Weather
· Home
· Current Conditions
· Storm Warnings
· Station Graphs
· Storm Fronts
· Temperature Map
· Station History
· Drought Index
· Storm Reports
· Rainfall Estimates
· Fire Graphs

Doppler Radar
· Lee County
· Charlotte County
· Collier County
· Hendry County
· Desoto County
· Glades County
· Sarasota County
· Manatee County
· Hillsborough County
· Pinellas County
· Pasco County
· Southwest Florida
· Florida
· State Radars
· National

Satellite
· South Florida
· North Florida
· Regional
· National

Forecast
· Extended
· Marine
· Discussion
· Florida Forecast
· Hazardous Outlook
· Wave Heights
· Fire

Lightning
· Live
· Tracker
· Loop
· Network
· WASP
· WASP Loop
· 3 Hour Forecast

Tropical Weather
· Hurricane Tracker
· Tropical Satellite
· Sea Temperature
· Discussion
· Buoy Data
· Tracking Tools
· Jeff Masters Blog
· Monthly Summary

Moon and Tides
· Tides
· Moon Phase

Live Products

Fishing Reports

Local News

Other Info

  
 

Southwest Florida Monthly and Yearly Weather Reports

2017: Jan | Feb | Mar | Apr | May | Jun | Jul | Aug | Sep | Oct | Nov | Dec 
2016: Jan | Feb | Mar | Apr | May | Jun | Jul | Aug | Sep | Oct | Nov | Dec 
2015: Jan | Feb | Mar | Apr | May | Jun | Jul | Aug | Sep | Oct | Nov | Dec 
2014: Jan | Feb | Mar | Apr | May | Jun | Jul | Aug | Sep | Oct | Nov | Dec 
2013: Jan | Feb | Mar | Apr | May | Jun | Jul | Aug | Sep | Oct | Nov | Dec 
2012: Jan | Feb | Mar | Apr | May | Jun | Jul | Aug | Sep | Oct | Nov | Dec 
2011: Jan | Feb | Mar | Apr | May | Jun | Jul | Aug | Sep | Oct | Nov | Dec 
2010: Jan | Feb | Mar | Apr | May | Jun | Jul | Aug | Sep | Oct | Nov | Dec 
2009: Jan | Feb | Mar | Apr | May | Jun | Jul | Aug | Sep | Oct | Nov | Dec 
2008: Jan | Feb | Mar | Apr | May | Jun | Jul | Aug | Sep | Oct | Nov | Dec 
2007: Jan | Feb | Mar | Apr | May | Jun | Jul | Aug | Sep | Oct | Nov | Dec 
2006: Jan | Feb | Mar | Apr | May | Jun | Jul | Aug | Sep | Oct | Nov | Dec 
2005: Jan | Feb | Mar | Apr | May | Jun | Jul | Aug | Sep | Oct | Nov | Dec 

Report for 2010 09
MONTHLY CLIMATOLOGICAL SUMMARY FOR 9/2010 HEAT COOL MEAN DEG DEG WIND SPEED DOM MEAN MEAN DAY TEMP HIGH TIME LOW TIME DAYS DAYS RAIN AVG HI TIME DIR BAROM HUM --------------------------------------------------------------------------------------- 1 83.0 92.3 2:43pm 75.4 6:21am 0 17 0.06 7 23 12:36pm ENE 29.83 71 2 80.6 89.5 3:53pm 71.1 6:52am 0 16 0.02 2 12 2:27pm NNE 29.84 68 3 82.2 90.7 3:05pm 73.7 4:59am 0 17 0.02 2 14 4:20pm W 29.91 75 4 83.3 89.9 4:04pm 78.3 5:31am 0 18 0.00 2 14 11:56am W 29.91 77 5 80.9 89.7 12:30pm 73.3 7:42pm 0 16 1.25 2 23 6:28pm ENE 29.91 83 6 79.9 91.4 2:48pm 74.4 1:00am 0 15 0.49 3 24 6:14pm E 29.96 84 7 79.1 91.2 1:40pm 74.2 7:24am 0 14 0.19 3 24 3:09pm E 30.00 87 8 79.8 90.7 1:32pm 75.4 5:45pm 0 15 1.68 3 16 11:06am ENE 29.93 87 9 81.0 92.3 1:32pm 76.0 12:17am 0 16 0.30 2 18 6:02pm ENE 29.87 86 10 81.7 91.2 2:34pm 75.3 8:46pm 0 16 0.71 2 21 8:16pm E 29.84 84 11 82.7 91.6 12:50pm 76.5 4:53am 0 18 0.22 2 20 5:12pm E 29.86 82 12 83.1 91.0 1:50pm 76.8 6:13am 0 18 0.27 2 20 2:52pm ENE 29.88 80 13 82.6 92.5 1:39pm 76.8 7:03am 0 18 0.17 2 19 7:21pm E 29.85 81 14 83.0 90.7 2:09pm 77.6 4:56am 0 18 0.02 5 21 5:43pm E 29.89 77 15 83.0 94.0 4:01pm 74.9 5:26am 0 18 0.06 6 18 10:22am ENE 29.92 72 16 83.4 92.5 3:03pm 77.4 3:41am 0 18 0.03 4 16 10:29am ENE 29.90 73 17 83.0 92.7 2:59pm 75.3 7:05am 0 18 0.00 4 17 1:36pm ENE 29.87 72 18 82.7 92.9 3:58pm 74.9 7:28am 0 18 0.03 6 21 5:22pm ENE 29.89 68 19 81.1 93.2 3:41pm 72.0 7:09am 0 16 0.00 5 24 5:24pm NE 29.90 71 20 81.2 91.2 3:50pm 70.9 7:14am 0 16 0.00 5 20 1:16pm NE 29.89 69 21 81.9 92.1 3:02pm 73.3 7:37am 0 17 0.00 6 21 11:44am ENE 29.93 69 22 81.3 92.7 2:38pm 73.7 7:16am 0 15 0.20 5 23 3:05pm ENE 29.96 76 23 79.4 91.2 2:02pm 75.8 4:57pm 0 14 0.09 5 30 2:36pm ENE 29.99 83 24 81.8 93.2 2:49pm 76.1 3:52am 0 17 0.00 5 18 5:47pm ENE 29.98 80 25 82.6 91.0 2:22pm 76.3 5:20am 0 18 0.00 4 15 12:29am ENE 29.90 77 26 81.4 90.7 12:39pm 75.1 11:56pm 0 16 0.09 3 17 3:10pm ESE 29.80 80 27 81.5 89.5 2:55pm 74.9 12:14am 0 17 0.01 3 17 11:33am ESE 29.73 82 28 78.0 84.5 12:34pm 74.7 11:46pm 0 13 0.26 3 21 1:10pm ENE 29.63 90 29 79.3 88.8 3:58pm 74.2 4:46am 0 14 0.00 6 19 1:21pm ENE 29.47 82 30 79.2 86.5 2:04pm 73.3 3:59am 0 14 0.00 5 24 2:31pm NW 29.56 75 --------------------------------------------------------------------------------------- TOT 81.5 94.0 9/15/10 70.9 9/20/10 0 492 6.17 4 30 9/23/10 ENE 29.86 78 HEAT BASE: 65.0 COOL BASE: 65.0
 
  
Hurricane Tracker

Hurricane Tracker
Hurricane Tracker
2017 Storm Tracker Forum


Atlantic Storms
No Storms


Sponsored Links

Recent Forum Posts

New Post
SW FL-Bonita Beach: Grouper, snapper, redfish, black drum
Posted by
fishbuster on Jul 20, 2017 at 11:36:41 AM


New Post
Some webcams are offline due to lightning
Posted by
chris on Jul 17, 2017 at 10:23:12 PM


New Post
Surely 50MPH sustained this afternoon
Posted by
chris on Jul 12, 2017 at 08:56:15 PM


New Post
Tropical Depression 4 now Remnant Low 7/7
Posted by
ccstorms on Jul 10, 2017 at 06:30:03 PM


New Post
SW FL-Bonita Beach: June wrap-up--Grouper, Snapper, Shark
Posted by
fishbuster on Jul 01, 2017 at 10:12:57 AM


New Post
Lightning strikes pregnant woman, discount store in FM
Posted by
chris on Jun 29, 2017 at 07:31:54 PM


***FORUM RULES***

Sponsored Links

Member Login
Username

Password


Join For Free!!
Click here to Register!

Total Hits
We received
74757514
page views since June 2005

Free Weather Graphics

Free weather stickers

Add a weather graphic to your website with the latest conditions!
Click for Details

Sponsored Links

Social Networks

Southwest Florida Weather | Central Florida Weather | Florida Weather

Cape Coral | Fort Myers | Bonita Springs | Naples | Punta Gorda | Port Charlotte | Estero | Sanibel | Lehigh Acres | Captiva | Pine Island | Bokeelia | St. James City | Alva | Arcadia | Labelle | Clewiston | Venice

Lee County | Charlotte County | Collier County | Hendry County | Desoto County
Glades County | Monroe County | Sarasota County | Manatee County
Hillsborough County | Pinellas County | Pasco County

Recommend us




Copyright Capeweather.com 2005-2017

DO NOT make decisions that affect life or property based on this data!
PHP-Nuke Copyright © 2004 by Francisco Burzi. This is free software, and you may redistribute it under the GPL. PHP-Nuke comes with absolutely no warranty, for details, see the license.
Page Generation: 0.21 Seconds