Southwest Florida Weather History, Yearly, Monthly, Daily, Records
 Click here to register!Home | Advertise | Forum | Live Webcams | Contact Us | Tell a Friend | Your Account  

Lee County Forecast
Today

Today: A 20 percent chance of showers and thunderstorms after 1pm.  Patchy fog before 8am.  Otherwise, mostly sunny, with a high near 81. Light and variable wind becoming west northwest around 6 mph in the afternoon.
Patchy Fog
then Slight
Chance
T-storms
Tonight

Tonight: A 20 percent chance of showers and thunderstorms before 1am.  Mostly cloudy, with a low around 66. Light and variable wind becoming east 5 to 7 mph in the evening.
Slight Chance
T-storms

Hi 81 °FLo 66 °F
Extended Forecast
Florida Weather Forecast

Southwest Florida Webcams

Main Navigation
Weather
· Home
· Current Conditions
· Storm Warnings
· Station Graphs
· Storm Fronts
· Station History
· Drought Index
· Storm Reports
· Rainfall Estimates
· Fire Graphs

Doppler Radar
· Lee County
· Charlotte County
· Collier County
· Hendry County
· Desoto County
· Glades County
· Sarasota County
· Manatee County
· Hillsborough County
· Pinellas County
· Pasco County
· Southwest Florida
· Florida
· State Radars
· National

Satellite
· South Florida
· North Florida
· Regional
· National

Forecast
· Extended
· Marine
· Discussion
· Florida Forecast
· Hazardous Outlook
· Wave Heights
· Fire

Lightning
· Live
· Tracker
· Loop
· Network
· WASP
· WASP Loop

Tropical Weather
· Hurricane Tracker
· Tropical Satellite
· Sea Temperature
· Discussion
· Buoy Data
· Tracking Tools
· Monthly Summary

Moon and Tides
· Tides
· Moon Phase

Live Products

Fishing Reports

Local News

Other Info

Support Us

Support Capeweather.com
donations

If you find this website useful, consider making
a donation.

Click here to learn more


  
 

Southwest Florida Monthly and Yearly Weather Reports

2017: Jan | Feb | Mar | Apr | May | Jun | Jul | Aug | Sep | Oct | Nov | Dec 
2016: Jan | Feb | Mar | Apr | May | Jun | Jul | Aug | Sep | Oct | Nov | Dec 
2015: Jan | Feb | Mar | Apr | May | Jun | Jul | Aug | Sep | Oct | Nov | Dec 
2014: Jan | Feb | Mar | Apr | May | Jun | Jul | Aug | Sep | Oct | Nov | Dec 
2013: Jan | Feb | Mar | Apr | May | Jun | Jul | Aug | Sep | Oct | Nov | Dec 
2012: Jan | Feb | Mar | Apr | May | Jun | Jul | Aug | Sep | Oct | Nov | Dec 
2011: Jan | Feb | Mar | Apr | May | Jun | Jul | Aug | Sep | Oct | Nov | Dec 
2010: Jan | Feb | Mar | Apr | May | Jun | Jul | Aug | Sep | Oct | Nov | Dec 
2009: Jan | Feb | Mar | Apr | May | Jun | Jul | Aug | Sep | Oct | Nov | Dec 
2008: Jan | Feb | Mar | Apr | May | Jun | Jul | Aug | Sep | Oct | Nov | Dec 
2007: Jan | Feb | Mar | Apr | May | Jun | Jul | Aug | Sep | Oct | Nov | Dec 
2006: Jan | Feb | Mar | Apr | May | Jun | Jul | Aug | Sep | Oct | Nov | Dec 
2005: Jan | Feb | Mar | Apr | May | Jun | Jul | Aug | Sep | Oct | Nov | Dec 

Report for 2010 08
MONTHLY CLIMATOLOGICAL SUMMARY FOR 8/2010 HEAT COOL MEAN DEG DEG WIND SPEED DOM MEAN MEAN DAY TEMP HIGH TIME LOW TIME DAYS DAYS RAIN AVG HI TIME DIR BAROM HUM --------------------------------------------------------------------------------------- 1 85.6 91.6 6:03pm 73.5 11:40pm 0 21 0.83 3 29 10:39pm SW 29.83 75 2 81.0 92.7 4:24pm 73.9 12:00am 0 16 0.90 2 21 5:57pm NNE 29.92 85 3 83.0 94.3 1:48pm 76.1 5:04am 0 17 0.00 2 16 4:46pm ENE 29.95 79 4 82.4 91.8 11:55am 77.6 4:33am 0 17 0.00 2 24 4:35pm ENE 29.91 79 5 82.7 91.0 3:41pm 76.0 5:34am 0 17 0.00 2 18 3:12pm ESE 29.88 79 6 84.3 90.7 2:14pm 77.4 6:07am 0 19 0.00 3 17 2:56pm SW 29.88 77 7 84.9 90.7 12:16pm 79.4 6:34am 0 20 0.00 3 16 2:30pm W 29.88 77 8 81.6 89.0 12:11pm 76.1 7:37pm 0 17 0.46 3 17 12:24pm W 29.88 84 9 80.3 88.2 12:55pm 76.7 5:44am 0 15 1.66 2 18 4:45pm E 29.83 89 10 78.2 85.7 12:18pm 75.4 11:24pm 0 13 1.62 5 23 1:37pm ESE 29.80 91 11 81.4 88.8 11:15am 75.6 5:20am 0 16 0.90 5 21 11:25am SSW 29.86 83 12 84.1 91.2 2:21pm 78.1 5:08am 0 19 0.00 3 15 6:03pm W 29.88 80 13 84.8 90.7 2:54pm 79.6 5:39am 0 20 0.00 3 13 1:03pm WNW 29.87 77 14 86.0 93.6 1:59pm 79.2 6:59am 0 21 0.00 3 15 2:59pm NW 29.91 74 15 85.3 92.1 1:48pm 79.8 5:30am 0 20 0.00 3 19 4:01pm WNW 29.89 75 16 84.5 92.1 1:47pm 79.4 11:11pm 0 20 0.00 2 16 6:01pm E 29.87 78 17 83.6 91.6 12:10pm 77.4 6:41am 0 19 0.01 2 17 2:34pm ESE 29.93 80 18 84.8 92.7 3:07pm 77.9 7:32am 0 19 0.00 3 15 4:37pm ESE 29.98 77 19 88.5 94.7 3:01pm 78.5 7:08am 0 17 0.00 3 17 4:00pm W 29.93 65 20 84.6 91.8 11:38am 78.3 10:56pm 0 20 0.10 3 17 9:14pm WNW 29.90 79 21 84.3 93.4 11:49am 78.5 12:33am 0 19 0.02 3 18 2:27pm N 29.90 79 22 81.0 88.8 1:19pm 75.8 4:15pm 0 16 0.78 3 25 3:45pm W 29.87 84 23 79.4 82.6 10:00pm 74.0 7:12am 0 14 3.65 3 22 1:21pm SW 29.85 86 24 80.9 86.1 1:11pm 75.8 2:55pm 0 16 0.91 3 23 2:53pm SW 29.85 85 25 80.2 89.3 1:28pm 76.5 4:47am 0 15 0.02 2 18 5:51pm SE 29.91 88 26 80.4 91.8 4:21pm 74.0 8:33pm 0 15 1.16 2 25 7:58pm ESE 29.95 82 27 81.4 95.4 3:58pm 74.6 6:43am 0 16 1.04 3 18 6:54pm ENE 29.91 83 28 82.8 94.5 4:04pm 75.1 12:10am 0 18 0.09 4 22 6:11pm ENE 29.91 81 29 83.1 92.3 3:05pm 78.3 7:07am 0 18 0.06 5 21 1:55pm E 29.95 80 30 80.3 91.8 2:04pm 75.6 11:44pm 0 15 0.47 5 26 2:40pm ENE 30.00 83 31 82.2 91.8 3:44pm 75.4 3:41am 0 17 0.01 6 21 1:42pm ENE 29.93 75 --------------------------------------------------------------------------------------- TOT 82.8 95.4 8/27/10 73.5 8/1/10 0 543 14.69 3 29 8/1/10 ESE 29.90 80 HEAT BASE: 65.0 COOL BASE: 65.0
 
  
Hurricane Tracker

Hurricane Tracker
Hurricane Tracker
2017 Storm Tracker Forum


Atlantic Storms
No Storms


Sponsored Links

Recent Forum Posts

New Post
SW FL-Bonita Beach:Nice trout Inshore;Keeper Mutton Offshore
Posted by
fishbuster on Nov 09, 2017 at 02:17:33 PM


New Post
Philippe- Final Advisory
Posted by
ccstorms on Oct 29, 2017 at 05:36:13 PM


New Post
Invest 92L- Deactivated
Posted by
ccstorms on Oct 17, 2017 at 06:12:31 AM


New Post
Ophelia- Final Advisory
Posted by
ccstorms on Oct 16, 2017 at 06:32:58 AM


New Post
Nate- Final Advisory
Posted by
ccstorms on Oct 08, 2017 at 02:04:43 PM


New Post
SW FL-Bonita Beach: Fishing pre and post Hurricane Irma
Posted by
fishbuster on Oct 07, 2017 at 12:55:48 PM


***FORUM RULES***

Sponsored Links

Member Login
Username

Password


Join For Free!!
Click here to Register!

Total Hits
We received
79184904
page views since June 2005

Sponsored Links

Social Networks

Southwest Florida Weather | Central Florida Weather | Florida Weather

Cape Coral | Fort Myers | Bonita Springs | Naples | Punta Gorda | Port Charlotte | Estero | Sanibel | Lehigh Acres | Captiva | Pine Island | Bokeelia | St. James City | Alva | Arcadia | Labelle | Clewiston | Venice

Lee County | Charlotte County | Collier County | Hendry County | Desoto County
Glades County | Monroe County | Sarasota County | Manatee County
Hillsborough County | Pinellas County | Pasco County

Recommend us




Copyright Capeweather.com 2005-2017

DO NOT make decisions that affect life or property based on this data!
PHP-Nuke Copyright © 2004 by Francisco Burzi. This is free software, and you may redistribute it under the GPL. PHP-Nuke comes with absolutely no warranty, for details, see the license.
Page Generation: 1.01 Seconds