Southwest Florida Weather History, Yearly, Monthly, Daily, Records
 Click here to register!Home | Advertise | Forum | Live Webcams | Contact Us | Tell a Friend | Your Account  

Lee County Forecast
Today

Today: Scattered showers and thunderstorms after 3pm.  Mostly sunny, with a high near 91. Heat index values as high as 101. Calm wind becoming west northwest 5 to 7 mph in the afternoon.  Chance of precipitation is 30%.
Mostly Sunny
then
Scattered
T-storms
Tonight

Tonight: Scattered showers and thunderstorms before midnight.  Mostly cloudy, with a low around 75. East wind 3 to 6 mph.  Chance of precipitation is 30%.
Scattered
T-storms then
Mostly Cloudy
Hi 91 °FLo 75 °F
Extended Forecast
Florida Weather Forecast

Southwest Florida Webcams

Main Navigation
Weather
· Home
· Current Conditions
· Storm Warnings
· Station Graphs
· Storm Fronts
· Temperature Map
· Station History
· Drought Index
· Storm Reports
· Rainfall Estimates
· Fire Graphs

Doppler Radar
· Lee County
· Charlotte County
· Collier County
· Hendry County
· Desoto County
· Glades County
· Sarasota County
· Manatee County
· Hillsborough County
· Pinellas County
· Pasco County
· Southwest Florida
· Florida
· State Radars
· National

Satellite
· South Florida
· North Florida
· Regional
· National

Forecast
· Extended
· Marine
· Discussion
· Florida Forecast
· Hazardous Outlook
· Wave Heights
· Fire

Lightning
· Live
· Tracker
· Loop
· Network
· WASP
· WASP Loop
· 3 Hour Forecast

Tropical Weather
· Hurricane Tracker
· Tropical Satellite
· Sea Temperature
· Discussion
· Buoy Data
· Tracking Tools
· Jeff Masters Blog
· Monthly Summary

Moon and Tides
· Tides
· Moon Phase

Live Products

Fishing Reports

Local News

Other Info

  
 

Southwest Florida Monthly and Yearly Weather Reports

2017: Jan | Feb | Mar | Apr | May | Jun | Jul | Aug | Sep | Oct | Nov | Dec 
2016: Jan | Feb | Mar | Apr | May | Jun | Jul | Aug | Sep | Oct | Nov | Dec 
2015: Jan | Feb | Mar | Apr | May | Jun | Jul | Aug | Sep | Oct | Nov | Dec 
2014: Jan | Feb | Mar | Apr | May | Jun | Jul | Aug | Sep | Oct | Nov | Dec 
2013: Jan | Feb | Mar | Apr | May | Jun | Jul | Aug | Sep | Oct | Nov | Dec 
2012: Jan | Feb | Mar | Apr | May | Jun | Jul | Aug | Sep | Oct | Nov | Dec 
2011: Jan | Feb | Mar | Apr | May | Jun | Jul | Aug | Sep | Oct | Nov | Dec 
2010: Jan | Feb | Mar | Apr | May | Jun | Jul | Aug | Sep | Oct | Nov | Dec 
2009: Jan | Feb | Mar | Apr | May | Jun | Jul | Aug | Sep | Oct | Nov | Dec 
2008: Jan | Feb | Mar | Apr | May | Jun | Jul | Aug | Sep | Oct | Nov | Dec 
2007: Jan | Feb | Mar | Apr | May | Jun | Jul | Aug | Sep | Oct | Nov | Dec 
2006: Jan | Feb | Mar | Apr | May | Jun | Jul | Aug | Sep | Oct | Nov | Dec 
2005: Jan | Feb | Mar | Apr | May | Jun | Jul | Aug | Sep | Oct | Nov | Dec 

Report for 2010 07
MONTHLY CLIMATOLOGICAL SUMMARY FOR 7/2010 HEAT COOL MEAN DEG DEG WIND SPEED DOM MEAN MEAN DAY TEMP HIGH TIME LOW TIME DAYS DAYS RAIN AVG HI TIME DIR BAROM HUM --------------------------------------------------------------------------------------- 1 79.9 90.7 12:10pm 74.6 8:31pm 0 14 1.12 3 19 6:08pm ENE 30.00 84 2 79.5 88.8 1:21pm 73.9 5:08am 0 14 0.01 5 23 3:52pm ENE 29.97 80 3 78.0 87.4 5:12pm 74.2 5:20am 0 13 0.00 3 17 5:43pm E 29.93 87 4 76.8 83.6 12:56pm 74.6 8:45pm 0 12 0.17 2 17 5:41pm E 29.95 89 5 77.6 89.0 2:34pm 74.4 5:52pm 0 13 0.54 4 17 3:16pm E 29.94 87 6 79.4 88.0 2:53pm 73.9 4:25am 0 14 0.01 4 15 5:23pm ENE 29.93 84 7 81.9 92.5 2:26pm 74.9 5:35am 0 17 0.24 4 19 4:59pm ENE 29.91 81 8 82.9 91.2 1:25pm 74.0 6:45am 0 18 0.00 4 17 6:08pm ENE 29.90 74 9 84.6 92.1 2:46pm 77.4 6:41am 0 19 0.00 3 16 3:57pm ESE 29.92 76 10 83.6 89.9 12:52pm 77.7 5:33am 0 19 0.00 4 19 5:18pm WNW 29.94 76 11 82.7 87.2 1:50pm 76.7 6:30am 0 18 0.00 4 17 2:35pm WNW 29.92 73 12 83.0 87.6 3:44pm 78.8 3:42am 0 18 0.00 4 18 4:23pm WNW 29.91 76 13 83.4 88.8 3:51pm 77.9 6:30am 0 18 0.00 3 15 12:04pm WNW 29.95 76 14 83.2 93.6 1:14pm 76.8 6:39am 0 18 0.00 2 27 4:17pm NE 29.97 79 15 81.1 91.8 1:31pm 75.8 11:56pm 0 16 0.61 2 33 1:49pm ESE 29.98 82 16 83.3 92.1 4:24pm 73.9 5:50am 0 18 0.00 4 20 4:29pm ESE 29.99 72 17 85.9 95.1 3:10pm 78.8 6:53am 0 21 0.00 5 17 2:20pm ESE 30.02 68 18 85.5 94.9 3:28pm 77.9 6:34am 0 21 0.00 5 18 12:18pm ESE 29.99 71 19 84.7 96.8 4:01pm 79.2 6:42am 0 20 0.36 5 25 5:57pm ESE 29.97 77 20 85.4 95.4 2:42pm 78.8 6:54am 0 20 0.15 6 29 7:14pm ESE 30.00 73 21 85.7 94.9 3:38pm 78.1 4:17am 0 21 0.00 6 20 6:59pm E 30.00 70 22 85.2 94.5 5:25pm 78.1 5:28am 0 20 0.00 5 17 1:16pm ENE 29.98 70 23 80.1 82.6 12:00am 77.9 1:15pm 0 15 0.27 7 23 1:48pm NE 29.90 87 24 83.1 91.6 2:16pm 78.3 6:40am 0 18 0.01 4 16 10:19am ESE 29.96 83 25 82.7 92.5 1:28pm 78.3 6:34am 0 18 0.10 2 17 3:30pm E 29.99 82 26 84.1 92.3 3:41pm 76.5 6:01am 0 19 0.00 2 13 2:18am SW 30.01 75 27 84.2 94.0 2:07pm 75.8 6:28pm 0 19 0.51 3 25 5:42pm ENE 30.02 78 28 82.4 92.5 12:01pm 75.4 5:10pm 0 17 0.20 2 30 4:56pm NE 30.02 84 29 83.4 90.5 3:24pm 76.3 6:48am 0 18 0.00 3 16 4:47pm W 29.97 80 30 85.2 90.1 4:00pm 80.5 5:31am 0 20 0.00 4 16 1:27pm W 29.88 75 31 85.1 90.7 3:17pm 79.9 6:01am 0 20 0.00 2 14 2:32pm SW 29.82 75 --------------------------------------------------------------------------------------- TOT 82.7 96.8 7/19/10 73.9 7/2/10 0 546 4.30 4 33 7/15/10 E 29.96 78 HEAT BASE: 65.0 COOL BASE: 65.0
 
  
Hurricane Tracker

Hurricane Tracker
Hurricane Tracker
2017 Storm Tracker Forum


Atlantic Storms
No Storms


Sponsored Links

Recent Forum Posts

New Post
Cape Coral weather, Sun 6/25/17
Posted by
Weatherman911 on Jun 25, 2017 at 04:34:00 PM


New Post
Cindy- Final Advisory
Posted by
Weatherman911 on Jun 24, 2017 at 10:00:31 PM


New Post
Cape Coral weather, Sat 6/24/17
Posted by
Weatherman911 on Jun 24, 2017 at 05:28:02 PM


New Post
Bret- Final Advisory
Posted by
Weatherman911 on Jun 20, 2017 at 06:54:20 PM


New Post
TWO 8pm EDT 6/8/17
Posted by
chris on Jun 10, 2017 at 11:36:40 AM


New Post
TWO 8pm EDT 6/7/17
Posted by
Weatherman911 on Jun 07, 2017 at 08:17:40 PM


***FORUM RULES***

Sponsored Links

Member Login
Username

Password


Join For Free!!
Click here to Register!

Total Hits
We received
73816580
page views since June 2005

Free Weather Graphics

Free weather stickers

Add a weather graphic to your website with the latest conditions!
Click for Details

Sponsored Links

Social Networks

Southwest Florida Weather | Central Florida Weather | Florida Weather

Cape Coral | Fort Myers | Bonita Springs | Naples | Punta Gorda | Port Charlotte | Estero | Sanibel | Lehigh Acres | Captiva | Pine Island | Bokeelia | St. James City | Alva | Arcadia | Labelle | Clewiston | Venice

Lee County | Charlotte County | Collier County | Hendry County | Desoto County
Glades County | Monroe County | Sarasota County | Manatee County
Hillsborough County | Pinellas County | Pasco County

Recommend us




Copyright Capeweather.com 2005-2017

DO NOT make decisions that affect life or property based on this data!
PHP-Nuke Copyright © 2004 by Francisco Burzi. This is free software, and you may redistribute it under the GPL. PHP-Nuke comes with absolutely no warranty, for details, see the license.
Page Generation: 0.25 Seconds