Southwest Florida Weather History, Yearly, Monthly, Daily, Records
 Click here to register!Home | Advertise | Forum | Live Webcams | Contact Us | Tell a Friend | Your Account  

Lee County Forecast & Temp
Today

Today: A 20 percent chance of showers after 4pm.  Mostly sunny, with a high near 85. East wind 7 to 10 mph becoming south southwest in the afternoon.
Mostly Sunny
then Slight
Chance
Showers
Tonight

Tonight: A 10 percent chance of showers before 7pm.  Patchy fog after 4am.  Otherwise, partly cloudy, with a low around 66. South southwest wind around 5 mph becoming light and variable.
Slight Chance
Showers then
Patchy Fog
Hi 85 °FLo 66 °F
Extended Forecast
Florida Weather Forecast

Southwest Florida Webcams

Main Navigation
Weather
· Home
· Current Conditions
· Storm Warnings
· Station Graphs
· Storm Fronts
· Station History
· Drought Index
· Storm Reports
· Rainfall Estimates
· Fire Graphs

Doppler Radar
· Lee County
· Charlotte County
· Collier County
· Hendry County
· Desoto County
· Glades County
· Sarasota County
· Manatee County
· Hillsborough County
· Pinellas County
· Pasco County
· Southwest Florida
· Florida
· State Radars
· National

Satellite
· South Florida
· North Florida
· Regional
· National

Forecast
· Extended
· Marine
· Discussion
· Florida Forecast
· Hazardous Outlook
· Wave Heights
· Fire

Lightning
· Live
· Tracker
· Loop
· Network
· WASP
· WASP Loop

Tropical Weather
· Hurricane Tracker
· Tropical Satellite
· Sea Temperature
· Discussion
· Buoy Data
· Tracking Tools
· Monthly Summary

Moon and Tides
· Tides
· Moon Phase

Live Products

Fishing Reports

Local News

Other Info

  
 

Southwest Florida Monthly and Yearly Weather Reports

2018: Jan | Feb | Mar | Apr | May | Jun | Jul | Aug | Sep | Oct | Nov | Dec 
2017: Jan | Feb | Mar | Apr | May | Jun | Jul | Aug | Sep | Oct | Nov | Dec 
2016: Jan | Feb | Mar | Apr | May | Jun | Jul | Aug | Sep | Oct | Nov | Dec 
2015: Jan | Feb | Mar | Apr | May | Jun | Jul | Aug | Sep | Oct | Nov | Dec 
2014: Jan | Feb | Mar | Apr | May | Jun | Jul | Aug | Sep | Oct | Nov | Dec 
2013: Jan | Feb | Mar | Apr | May | Jun | Jul | Aug | Sep | Oct | Nov | Dec 
2012: Jan | Feb | Mar | Apr | May | Jun | Jul | Aug | Sep | Oct | Nov | Dec 
2011: Jan | Feb | Mar | Apr | May | Jun | Jul | Aug | Sep | Oct | Nov | Dec 
2010: Jan | Feb | Mar | Apr | May | Jun | Jul | Aug | Sep | Oct | Nov | Dec 
2009: Jan | Feb | Mar | Apr | May | Jun | Jul | Aug | Sep | Oct | Nov | Dec 
2008: Jan | Feb | Mar | Apr | May | Jun | Jul | Aug | Sep | Oct | Nov | Dec 
2007: Jan | Feb | Mar | Apr | May | Jun | Jul | Aug | Sep | Oct | Nov | Dec 
2006: Jan | Feb | Mar | Apr | May | Jun | Jul | Aug | Sep | Oct | Nov | Dec 
2005: Jan | Feb | Mar | Apr | May | Jun | Jul | Aug | Sep | Oct | Nov | Dec 

Report for 2010 06
MONTHLY CLIMATOLOGICAL SUMMARY FOR 6/2010 HEAT COOL MEAN DEG DEG WIND SPEED DOM MEAN MEAN DAY TEMP HIGH TIME LOW TIME DAYS DAYS RAIN AVG HI TIME DIR BAROM HUM --------------------------------------------------------------------------------------- 1 82.2 89.7 1:50pm 74.4 6:24am 0 17 0.00 3 15 1:16pm SW 29.92 77 2 82.9 90.3 2:21pm 76.1 5:39am 0 18 0.00 3 19 3:31pm SW 29.86 74 3 83.5 91.2 4:24pm 76.7 5:48am 0 18 0.02 3 15 3:20pm ESE 29.84 76 4 84.2 90.3 3:06pm 76.7 2:46am 0 19 0.00 6 19 7:06am SSW 29.90 77 5 85.2 92.1 2:52pm 78.3 6:11am 0 20 0.00 4 19 5:27pm W 29.95 77 6 85.0 91.8 2:34pm 78.6 5:54am 0 20 0.00 4 17 3:37pm WNW 29.93 75 7 85.5 90.7 2:54pm 80.7 6:27am 0 20 0.00 6 22 4:38pm NW 29.90 75 8 84.3 94.3 1:53pm 78.1 4:06pm 0 18 0.53 4 22 2:29pm NW 29.92 76 9 83.5 94.9 4:17pm 73.3 7:00am 0 18 0.00 5 17 7:37pm ENE 29.97 70 10 83.4 92.3 2:07pm 74.2 6:01am 0 18 0.00 4 18 4:08pm ENE 29.95 68 11 85.5 92.7 4:13pm 78.5 6:33am 0 20 0.00 5 17 5:13pm E 29.98 70 12 85.9 96.6 3:54pm 76.5 6:32am 0 21 0.00 5 21 6:55pm E 30.00 68 13 83.2 92.3 4:06pm 77.7 6:35am 0 18 0.15 3 16 1:35pm ENE 29.96 78 14 84.6 90.7 12:37pm 77.4 5:15am 0 20 0.00 3 17 2:49pm WNW 29.93 77 15 85.5 94.0 12:20pm 79.2 6:29am 0 20 0.29 3 20 4:22pm NW 29.96 75 16 83.8 94.9 3:02pm 73.3 9:35pm 0 17 1.02 4 24 9:03pm NNE 29.99 78 17 83.8 91.6 12:02pm 75.1 12:00am 0 19 0.00 3 16 3:19pm E 29.98 73 18 82.0 91.8 11:27am 72.0 6:28pm 0 17 0.71 3 32 5:45pm ESE 29.98 76 19 80.3 92.3 1:00pm 73.7 5:04am 0 15 0.29 3 27 5:37pm ESE 29.99 81 20 80.8 92.1 2:47pm 75.8 4:59am 0 16 0.01 3 27 3:51pm ENE 29.95 79 21 81.4 93.8 4:09pm 75.1 3:47am 0 16 0.01 4 39 4:45pm ENE 29.96 78 22 84.1 94.5 2:50pm 74.9 2:27am 0 19 0.02 4 21 3:17pm E 30.00 72 23 84.9 95.9 3:13pm 77.4 5:13am 0 20 0.13 5 22 3:49pm E 30.00 72 24 85.7 95.1 4:43pm 77.2 7:03am 0 21 0.00 6 20 4:18pm E 29.96 67 25 86.1 97.3 4:14pm 78.6 5:57am 0 21 0.04 4 17 5:47pm E 29.94 71 26 83.9 93.4 2:34pm 78.1 4:44am 0 17 0.01 4 17 5:27pm ESE 29.92 77 27 84.2 91.8 11:54am 78.6 6:41am 0 19 0.00 3 22 3:30pm ESE 29.87 76 28 83.8 92.3 3:58pm 78.1 4:00am 0 19 0.02 4 23 5:00pm E 29.86 77 29 84.5 92.5 2:08pm 79.6 4:54am 0 19 0.01 4 24 5:50pm ESE 29.90 75 30 80.1 92.3 11:46am 75.4 2:31pm 0 15 0.44 3 26 2:02pm ESE 29.97 85 --------------------------------------------------------------------------------------- TOT 83.8 97.3 6/25/10 72.0 6/18/10 0 558 3.70 4 39 6/21/10 E 29.94 75 HEAT BASE: 65.0 COOL BASE: 65.0
 
  
Hurricane Tracker

Hurricane Tracker
Hurricane Tracker
2017 Storm Tracker Forum


Atlantic Storms


Sponsored Links

Recent Forum Posts

New Post
Fabulous Florida Fishing with Tide Walker Charters
Posted by
captruss on Feb 24, 2018 at 07:15:52 AM


New Post
SW FL-Bonita Beach: Still windy, still fishing
Posted by
fishbuster on Feb 23, 2018 at 05:40:40 PM


***FORUM RULES***

Member Login
Username

Password


Join For Free!!
Click here to Register!

Total Hits
We received
81628590
page views since June 2005

Sponsored Links

Social Networks

Southwest Florida Weather | Central Florida Weather | Florida Weather

Cape Coral | Fort Myers | Bonita Springs | Naples | Punta Gorda | Port Charlotte | Estero | Sanibel | Lehigh Acres | Captiva | Pine Island | Bokeelia | St. James City | Alva | Arcadia | Labelle | Clewiston | Venice

Lee County | Charlotte County | Collier County | Hendry County | Desoto County
Glades County | Monroe County | Sarasota County | Manatee County
Hillsborough County | Pinellas County | Pasco County

Recommend us




Copyright Capeweather.com 2005-2017

DO NOT make decisions that affect life or property based on this data!
PHP-Nuke Copyright © 2004 by Francisco Burzi. This is free software, and you may redistribute it under the GPL. PHP-Nuke comes with absolutely no warranty, for details, see the license.
Page Generation: 0.23 Seconds