Southwest Florida Weather History, Yearly, Monthly, Daily, Records
 Click here to register!Home | Advertise | Forum | Live Webcams | Contact Us | Tell a Friend | Your Account  

Lee County Forecast
Tonight

Tonight: Isolated showers and thunderstorms before 11pm.  Partly cloudy, with a low around 74. Northeast wind 6 to 9 mph.  Chance of precipitation is 20%.
Isolated
T-storms then
Partly Cloudy
Friday

Friday: Scattered showers and thunderstorms after 2pm.  Mostly sunny, with a high near 91. Heat index values as high as 97. Northeast wind 7 to 9 mph.  Chance of precipitation is 50%. New rainfall amounts of less than a tenth of an inch, except higher amounts possible in thunderstorms.
Mostly Sunny
then
Scattered
Showers
Lo 74 °FHi 91 °F
Extended Forecast
Florida Weather Forecast

Southwest Florida Webcams

Main Navigation
Weather
· Home
· Current Conditions
· Storm Warnings
· Station Graphs
· Storm Fronts
· Temperature Map
· Station History
· Drought Index
· Storm Reports
· Rainfall Estimates
· Fire Graphs

Doppler Radar
· Lee County
· Charlotte County
· Collier County
· Hendry County
· Desoto County
· Glades County
· Sarasota County
· Manatee County
· Hillsborough County
· Pinellas County
· Pasco County
· Southwest Florida
· Florida
· State Radars
· National

Satellite
· South Florida
· North Florida
· Regional
· National

Forecast
· Extended
· Marine
· Discussion
· Florida Forecast
· Hazardous Outlook
· Wave Heights
· Fire

Lightning
· Live
· Tracker
· Loop
· Network
· WASP
· WASP Loop
· 3 Hour Forecast

Tropical Weather
· Hurricane Tracker
· Tropical Satellite
· Sea Temperature
· Discussion
· Buoy Data
· Tracking Tools
· Monthly Summary

Moon and Tides
· Tides
· Moon Phase

Live Products

Fishing Reports

Local News

Other Info

  
 

Southwest Florida Monthly and Yearly Weather Reports

2017: Jan | Feb | Mar | Apr | May | Jun | Jul | Aug | Sep | Oct | Nov | Dec 
2016: Jan | Feb | Mar | Apr | May | Jun | Jul | Aug | Sep | Oct | Nov | Dec 
2015: Jan | Feb | Mar | Apr | May | Jun | Jul | Aug | Sep | Oct | Nov | Dec 
2014: Jan | Feb | Mar | Apr | May | Jun | Jul | Aug | Sep | Oct | Nov | Dec 
2013: Jan | Feb | Mar | Apr | May | Jun | Jul | Aug | Sep | Oct | Nov | Dec 
2012: Jan | Feb | Mar | Apr | May | Jun | Jul | Aug | Sep | Oct | Nov | Dec 
2011: Jan | Feb | Mar | Apr | May | Jun | Jul | Aug | Sep | Oct | Nov | Dec 
2010: Jan | Feb | Mar | Apr | May | Jun | Jul | Aug | Sep | Oct | Nov | Dec 
2009: Jan | Feb | Mar | Apr | May | Jun | Jul | Aug | Sep | Oct | Nov | Dec 
2008: Jan | Feb | Mar | Apr | May | Jun | Jul | Aug | Sep | Oct | Nov | Dec 
2007: Jan | Feb | Mar | Apr | May | Jun | Jul | Aug | Sep | Oct | Nov | Dec 
2006: Jan | Feb | Mar | Apr | May | Jun | Jul | Aug | Sep | Oct | Nov | Dec 
2005: Jan | Feb | Mar | Apr | May | Jun | Jul | Aug | Sep | Oct | Nov | Dec 

Report for 2010 05
MONTHLY CLIMATOLOGICAL SUMMARY FOR 5/2010 HEAT COOL MEAN DEG DEG WIND SPEED DOM MEAN MEAN DAY TEMP HIGH TIME LOW TIME DAYS DAYS RAIN AVG HI TIME DIR BAROM HUM --------------------------------------------------------------------------------------- 1 80.1 87.6 1:34pm 73.7 3:43am 0 15 0.00 5 22 9:11am ESE 29.92 79 2 81.3 88.8 2:08pm 75.8 6:44am 0 16 0.00 7 23 4:23pm SE 29.94 78 3 80.5 86.3 4:23pm 75.1 4:11am 0 15 0.00 6 20 9:04am S 29.97 79 4 79.8 85.1 2:36pm 75.8 3:44am 0 15 0.00 4 20 1:54pm SSW 29.94 82 5 81.0 87.0 1:47pm 76.8 2:34am 0 16 0.00 4 16 4:04pm SW 29.91 79 6 80.6 87.4 1:10pm 74.7 6:35am 0 16 0.00 3 18 4:34pm WNW 29.93 80 7 81.2 88.6 11:27am 74.4 6:51am 0 16 0.00 3 16 3:01pm WNW 29.96 78 8 80.2 87.6 12:21pm 74.2 6:29am 0 15 0.00 5 20 4:22pm NW 29.99 77 9 79.9 85.9 1:35pm 73.9 3:13am 0 15 0.00 4 18 3:04pm NW 30.01 78 10 80.6 91.6 3:45pm 72.1 4:57am 0 16 0.00 6 19 8:31pm ENE 30.04 66 11 80.7 91.8 3:33pm 71.8 5:59am 0 16 0.00 6 19 8:11pm E 30.07 66 12 79.5 89.3 4:02pm 70.8 6:36am 0 15 0.00 6 17 12:00am ESE 30.07 66 13 79.9 89.5 3:54pm 70.9 6:57am 0 15 0.00 5 19 3:56pm E 30.09 65 14 80.6 91.4 5:15pm 71.8 5:16am 0 15 0.00 6 18 9:46am ESE 30.12 66 15 80.4 91.4 5:23pm 72.3 6:28am 0 15 0.00 4 17 12:01am ESE 30.06 71 16 78.7 88.4 1:12pm 73.9 11:35pm 0 13 0.06 4 21 1:12pm ESE 30.00 80 17 78.6 85.5 1:46pm 72.7 1:44am 0 14 0.00 4 20 12:13pm ESE 29.94 84 18 79.4 85.7 1:55pm 74.2 5:34am 0 14 0.00 3 16 12:42pm WNW 29.90 79 19 78.7 84.9 2:22pm 73.9 6:33am 0 13 0.06 2 11 4:06pm SW 29.89 81 20 80.5 89.9 1:18pm 72.5 6:43am 0 16 0.02 2 15 1:50pm ESE 29.89 77 21 82.9 93.2 4:40pm 73.0 6:40am 0 18 0.00 4 17 3:48pm E 29.93 67 22 81.9 93.2 4:22pm 71.5 6:52am 0 17 0.00 5 21 1:32pm E 29.94 67 23 81.8 93.2 4:08pm 70.6 6:34am 0 17 0.00 5 20 3:06pm ENE 29.91 66 24 79.7 89.5 12:36pm 70.6 6:25am 0 14 0.00 5 21 5:16pm ENE 29.85 72 25 79.3 88.2 11:42am 73.2 6:17am 0 14 0.01 4 19 5:54pm ESE 29.84 72 26 78.5 87.0 2:35pm 69.6 6:35am 0 14 0.00 6 20 6:03pm NE 29.81 70 27 79.3 85.9 2:53pm 70.1 6:48am 0 14 0.00 6 22 5:29pm NW 29.77 70 28 80.1 87.4 1:50pm 73.2 6:32am 0 15 0.00 5 20 3:09pm WNW 29.75 70 29 78.9 86.3 2:40pm 71.1 6:35am 0 14 0.16 3 18 2:36pm W 29.76 77 30 80.0 87.6 2:49pm 72.0 5:53am 0 15 0.01 3 17 4:55pm W 29.85 74 31 82.3 90.3 2:15pm 73.9 6:12am 0 17 0.00 3 18 4:50pm SW 29.94 73 --------------------------------------------------------------------------------------- TOT 80.2 93.2 5/21/10 69.6 5/26/10 0 469 0.32 4 23 5/2/10 ESE 29.93 74 HEAT BASE: 65.0 COOL BASE: 65.0
 
  
Hurricane Tracker

Hurricane Tracker
Hurricane Tracker
2017 Storm Tracker Forum


Atlantic Storms
Jose
Lee
Maria


Sponsored Links

Recent Forum Posts

New Post
Maria
Posted by
ccstorms on Sep 21, 2017 at 02:13:14 PM


New Post
Jose
Posted by
ccstorms on Sep 21, 2017 at 02:10:21 PM


New Post
Lee- Final Advisory
Posted by
ccstorms on Sep 19, 2017 at 08:10:26 AM


New Post
Irma
Posted by
ccstorms on Sep 13, 2017 at 08:51:17 PM


New Post
Katia
Posted by
ccstorms on Sep 07, 2017 at 10:38:16 AM


New Post
Possible Gulf Invest- Deactivated
Posted by
ccstorms on Aug 31, 2017 at 07:45:36 AM


***FORUM RULES***

Sponsored Links

Total Hits
We received
77349657
page views since June 2005

Social Networks

Southwest Florida Weather | Central Florida Weather | Florida Weather

Cape Coral | Fort Myers | Bonita Springs | Naples | Punta Gorda | Port Charlotte | Estero | Sanibel | Lehigh Acres | Captiva | Pine Island | Bokeelia | St. James City | Alva | Arcadia | Labelle | Clewiston | Venice

Lee County | Charlotte County | Collier County | Hendry County | Desoto County
Glades County | Monroe County | Sarasota County | Manatee County
Hillsborough County | Pinellas County | Pasco County

Recommend us




Copyright Capeweather.com 2005-2017

DO NOT make decisions that affect life or property based on this data!
PHP-Nuke Copyright © 2004 by Francisco Burzi. This is free software, and you may redistribute it under the GPL. PHP-Nuke comes with absolutely no warranty, for details, see the license.
Page Generation: 0.23 Seconds