Southwest Florida Weather History, Yearly, Monthly, Daily, Records
 Click here to register!Home | Advertise | Forum | Live Webcams | Contact Us | Tell a Friend | Your Account  

Lee County Forecast
This
Afternoon
This Afternoon: Scattered showers and thunderstorms.  Mostly cloudy, with a high near 88. West wind around 8 mph.  Chance of precipitation is 30%.
Scattered
T-storms
Tonight

Tonight: Scattered showers and thunderstorms before 8pm.  Mostly cloudy, with a low around 77. Southeast wind 3 to 6 mph.  Chance of precipitation is 30%.
Scattered
T-storms then
Partly Cloudy
Hi 88 °FLo 77 °F
Extended Forecast
Florida Weather Forecast

Southwest Florida Webcams

Main Navigation
Weather
· Home
· Current Conditions
· Storm Warnings
· Station Graphs
· Storm Fronts
· Temperature Map
· Station History
· Drought Index
· Storm Reports
· Rainfall Estimates
· Fire Graphs

Doppler Radar
· Lee County
· Charlotte County
· Collier County
· Hendry County
· Desoto County
· Glades County
· Sarasota County
· Manatee County
· Hillsborough County
· Pinellas County
· Pasco County
· Southwest Florida
· Florida
· State Radars
· National

Satellite
· South Florida
· North Florida
· Regional
· National

Forecast
· Extended
· Marine
· Discussion
· Florida Forecast
· Hazardous Outlook
· Wave Heights
· Fire

Lightning
· Live
· Tracker
· Loop
· Network
· WASP
· WASP Loop
· 3 Hour Forecast

Tropical Weather
· Hurricane Tracker
· Tropical Satellite
· Sea Temperature
· Discussion
· Buoy Data
· Tracking Tools
· Jeff Masters Blog
· Monthly Summary

Moon and Tides
· Tides
· Moon Phase

Live Products

Fishing Reports

Local News

Other Info

  
 

Southwest Florida Monthly and Yearly Weather Reports

2017: Jan | Feb | Mar | Apr | May | Jun | Jul | Aug | Sep | Oct | Nov | Dec 
2016: Jan | Feb | Mar | Apr | May | Jun | Jul | Aug | Sep | Oct | Nov | Dec 
2015: Jan | Feb | Mar | Apr | May | Jun | Jul | Aug | Sep | Oct | Nov | Dec 
2014: Jan | Feb | Mar | Apr | May | Jun | Jul | Aug | Sep | Oct | Nov | Dec 
2013: Jan | Feb | Mar | Apr | May | Jun | Jul | Aug | Sep | Oct | Nov | Dec 
2012: Jan | Feb | Mar | Apr | May | Jun | Jul | Aug | Sep | Oct | Nov | Dec 
2011: Jan | Feb | Mar | Apr | May | Jun | Jul | Aug | Sep | Oct | Nov | Dec 
2010: Jan | Feb | Mar | Apr | May | Jun | Jul | Aug | Sep | Oct | Nov | Dec 
2009: Jan | Feb | Mar | Apr | May | Jun | Jul | Aug | Sep | Oct | Nov | Dec 
2008: Jan | Feb | Mar | Apr | May | Jun | Jul | Aug | Sep | Oct | Nov | Dec 
2007: Jan | Feb | Mar | Apr | May | Jun | Jul | Aug | Sep | Oct | Nov | Dec 
2006: Jan | Feb | Mar | Apr | May | Jun | Jul | Aug | Sep | Oct | Nov | Dec 
2005: Jan | Feb | Mar | Apr | May | Jun | Jul | Aug | Sep | Oct | Nov | Dec 

Report for 2010 04
MONTHLY CLIMATOLOGICAL SUMMARY FOR 4/2010 HEAT COOL MEAN DEG DEG WIND SPEED DOM MEAN MEAN DAY TEMP HIGH TIME LOW TIME DAYS DAYS RAIN AVG HI TIME DIR BAROM HUM --------------------------------------------------------------------------------------- 1 64.4 79.9 2:16pm 52.3 7:21am 4 4 0.00 3 15 2:58pm WNW 30.06 74 2 68.3 82.4 3:23pm 57.0 6:55am 2 6 0.00 2 15 10:35am WNW 30.00 76 3 69.8 84.5 3:26pm 59.5 6:58am 1 6 0.00 3 14 11:30am ESE 30.00 75 4 72.9 86.1 5:08pm 61.3 6:14am 0 8 0.00 4 16 3:07pm E 30.06 68 5 72.3 86.3 5:12pm 59.9 7:21am 1 8 0.00 4 15 10:45am ENE 30.11 68 6 72.0 81.4 2:22pm 64.2 7:24am 0 7 0.00 4 15 11:30am ESE 30.06 70 7 71.4 81.2 5:00pm 61.2 7:21am 1 7 0.00 3 18 1:52pm ESE 29.98 74 8 73.9 81.1 1:17pm 67.8 6:03am 0 9 0.00 5 23 12:15pm S 29.92 80 9 74.6 80.3 4:05pm 69.6 11:55pm 0 9 0.06 6 25 12:14pm WNW 29.95 82 10 72.6 83.4 4:03pm 0.0 12:00am 0 8 0.00 6 19 10:30am ENE 30.09 69 11 69.4 73.9 6:17pm 63.1 12:20pm 0 4 2.42 6 43 11:40am ENE 30.07 88 12 72.1 82.8 2:45pm 64.8 4:51am 0 7 0.00 7 22 2:02pm ENE 30.01 76 13 73.5 84.9 4:44pm 63.9 5:51am 0 9 0.00 8 22 4:52pm ENE 30.03 69 14 73.0 82.0 1:11pm 66.0 7:14am 0 8 0.00 8 26 6:25pm ENE 30.12 69 15 72.2 82.6 3:01pm 62.9 5:55am 0 7 0.00 7 22 10:29am ENE 30.13 66 16 71.7 81.8 4:20pm 62.9 7:44am 0 7 0.00 5 18 1:08pm ENE 30.05 68 17 70.3 77.7 5:40pm 65.0 5:37am 0 5 0.16 3 13 5:45pm E 29.92 84 18 67.8 70.9 12:17pm 64.2 9:18pm 0 3 0.81 5 22 7:42pm ENE 29.81 93 19 71.2 79.2 1:34pm 65.3 12:00am 0 6 0.01 6 17 12:07am NE 29.84 79 20 71.4 79.9 12:25pm 63.1 6:51am 0 7 0.00 4 17 3:28pm ENE 29.87 81 21 71.8 76.8 1:03pm 67.8 11:53pm 0 7 0.00 4 20 5:47pm NW 29.83 79 22 71.7 80.3 1:23pm 63.2 7:08am 0 7 0.00 3 17 4:49pm NW 29.87 76 23 73.1 84.0 12:50pm 63.1 6:12am 0 8 0.00 3 14 5:17pm SSE 29.92 76 24 74.5 81.8 1:29pm 66.4 4:21am 0 10 0.00 6 24 3:25pm ESE 29.91 78 25 76.5 81.6 12:56pm 72.3 2:26am 0 12 0.00 7 25 11:01am S 29.78 84 26 74.4 80.1 1:49pm 68.9 5:59am 0 9 1.40 8 30 6:18am W 29.65 80 27 72.9 78.3 3:40pm 66.9 7:19am 0 8 0.00 8 22 12:54pm WNW 29.78 70 28 72.5 80.1 2:23pm 64.3 11:58pm 0 7 0.00 5 21 2:13am NW 29.91 61 29 70.2 79.8 2:12pm 60.9 7:02am 1 6 0.00 4 15 9:27am NE 29.97 69 30 77.8 86.3 3:14pm 69.6 7:06am 0 13 0.01 5 19 2:42pm ESE 29.92 76 --------------------------------------------------------------------------------------- TOT 72.0 86.3 4/5/10 60.9 4/29/10 12 221 4.87 5 43 4/11/10 ENE 29.95 75 HEAT BASE: 65.0 COOL BASE: 65.0
 
  
Hurricane Tracker

Hurricane Tracker
Hurricane Tracker
2017 Storm Tracker Forum


Atlantic Storms
No Storms


Sponsored Links

Recent Forum Posts

New Post
SW FL-Bonita Beach: Grouper, snapper, redfish, black drum
Posted by
fishbuster on Jul 20, 2017 at 11:36:41 AM


New Post
Some webcams are offline due to lightning
Posted by
chris on Jul 17, 2017 at 10:23:12 PM


New Post
Surely 50MPH sustained this afternoon
Posted by
chris on Jul 12, 2017 at 08:56:15 PM


New Post
Tropical Depression 4 now Remnant Low 7/7
Posted by
ccstorms on Jul 10, 2017 at 06:30:03 PM


New Post
SW FL-Bonita Beach: June wrap-up--Grouper, Snapper, Shark
Posted by
fishbuster on Jul 01, 2017 at 10:12:57 AM


New Post
Lightning strikes pregnant woman, discount store in FM
Posted by
chris on Jun 29, 2017 at 07:31:54 PM


***FORUM RULES***

Sponsored Links

Member Login
Username

Password


Join For Free!!
Click here to Register!

Total Hits
We received
74628228
page views since June 2005

Free Weather Graphics

Free weather stickers

Add a weather graphic to your website with the latest conditions!
Click for Details

Sponsored Links

Social Networks

Southwest Florida Weather | Central Florida Weather | Florida Weather

Cape Coral | Fort Myers | Bonita Springs | Naples | Punta Gorda | Port Charlotte | Estero | Sanibel | Lehigh Acres | Captiva | Pine Island | Bokeelia | St. James City | Alva | Arcadia | Labelle | Clewiston | Venice

Lee County | Charlotte County | Collier County | Hendry County | Desoto County
Glades County | Monroe County | Sarasota County | Manatee County
Hillsborough County | Pinellas County | Pasco County

Recommend us




Copyright Capeweather.com 2005-2017

DO NOT make decisions that affect life or property based on this data!
PHP-Nuke Copyright © 2004 by Francisco Burzi. This is free software, and you may redistribute it under the GPL. PHP-Nuke comes with absolutely no warranty, for details, see the license.
Page Generation: 0.23 Seconds