Southwest Florida Weather History, Yearly, Monthly, Daily, Records
 Click here to register!Home | Advertise | Forum | Live Webcams | Contact Us | Tell a Friend | Your Account  

Lee County Forecast
Tonight

Tonight: Partly cloudy, with a low around 76. East southeast wind 3 to 5 mph.
Partly Cloudy

Saturday

Saturday: Isolated showers and thunderstorms after 5pm.  Mostly sunny, with a high near 93. Heat index values as high as 101. Light and variable wind becoming north 5 to 7 mph in the afternoon.  Chance of precipitation is 10%.
Mostly Sunny
then Isolated
T-storms
Lo 76 °FHi 93 °F
Extended Forecast
Florida Weather Forecast

Southwest Florida Webcams

Main Navigation
Weather
· Home
· Current Conditions
· Storm Warnings
· Station Graphs
· Storm Fronts
· Temperature Map
· Station History
· Drought Index
· Storm Reports
· Rainfall Estimates
· Fire Graphs

Doppler Radar
· Lee County
· Charlotte County
· Collier County
· Hendry County
· Desoto County
· Glades County
· Sarasota County
· Manatee County
· Hillsborough County
· Pinellas County
· Pasco County
· Southwest Florida
· Florida
· State Radars
· National

Satellite
· South Florida
· North Florida
· Regional
· National

Forecast
· Extended
· Marine
· Discussion
· Florida Forecast
· Hazardous Outlook
· Wave Heights
· Fire

Lightning
· Live
· Tracker
· Loop
· Network
· WASP
· WASP Loop
· 3 Hour Forecast

Tropical Weather
· Hurricane Tracker
· Tropical Satellite
· Sea Temperature
· Discussion
· Buoy Data
· Tracking Tools
· Monthly Summary

Moon and Tides
· Tides
· Moon Phase

Live Products

Fishing Reports

Local News

Other Info

  
 

Southwest Florida Monthly and Yearly Weather Reports

2017: Jan | Feb | Mar | Apr | May | Jun | Jul | Aug | Sep | Oct | Nov | Dec 
2016: Jan | Feb | Mar | Apr | May | Jun | Jul | Aug | Sep | Oct | Nov | Dec 
2015: Jan | Feb | Mar | Apr | May | Jun | Jul | Aug | Sep | Oct | Nov | Dec 
2014: Jan | Feb | Mar | Apr | May | Jun | Jul | Aug | Sep | Oct | Nov | Dec 
2013: Jan | Feb | Mar | Apr | May | Jun | Jul | Aug | Sep | Oct | Nov | Dec 
2012: Jan | Feb | Mar | Apr | May | Jun | Jul | Aug | Sep | Oct | Nov | Dec 
2011: Jan | Feb | Mar | Apr | May | Jun | Jul | Aug | Sep | Oct | Nov | Dec 
2010: Jan | Feb | Mar | Apr | May | Jun | Jul | Aug | Sep | Oct | Nov | Dec 
2009: Jan | Feb | Mar | Apr | May | Jun | Jul | Aug | Sep | Oct | Nov | Dec 
2008: Jan | Feb | Mar | Apr | May | Jun | Jul | Aug | Sep | Oct | Nov | Dec 
2007: Jan | Feb | Mar | Apr | May | Jun | Jul | Aug | Sep | Oct | Nov | Dec 
2006: Jan | Feb | Mar | Apr | May | Jun | Jul | Aug | Sep | Oct | Nov | Dec 
2005: Jan | Feb | Mar | Apr | May | Jun | Jul | Aug | Sep | Oct | Nov | Dec 

Report for 2010 03
MONTHLY CLIMATOLOGICAL SUMMARY FOR 3/2010 HEAT COOL MEAN DEG DEG WIND SPEED DOM MEAN MEAN DAY TEMP HIGH TIME LOW TIME DAYS DAYS RAIN AVG HI TIME DIR BAROM HUM --------------------------------------------------------------------------------------- 1 55.3 68.6 3:34pm 42.9 6:37am 10 0 0.00 2 12 1:30pm SSW 29.93 71 2 63.4 73.2 12:16pm 54.5 12:41am 3 1 0.26 10 30 8:59pm WNW 29.67 79 3 54.7 60.7 1:27pm 49.6 11:58pm 10 0 0.00 11 30 12:16am NW 29.86 72 4 52.0 59.3 11:43am 44.8 11:56pm 13 0 0.00 7 28 12:29pm NNW 30.00 67 5 50.6 61.3 1:26pm 39.8 5:29am 14 0 0.00 6 22 12:22pm N 30.06 65 6 53.4 69.3 1:50pm 40.5 6:48am 12 0 0.00 6 20 4:25pm NE 30.10 58 7 54.0 70.6 2:11pm 39.9 6:43am 11 1 0.00 4 17 9:45am NE 30.13 60 8 56.8 71.6 1:11pm 43.6 5:44am 9 1 0.00 3 14 3:11pm NNW 30.04 67 9 60.2 71.6 12:56pm 50.4 2:50am 6 1 0.00 1 12 12:25pm SSE 29.97 70 10 67.0 78.6 11:42am 55.9 3:06am 3 5 0.00 4 18 10:06am ESE 29.87 75 11 71.1 77.6 12:30pm 67.3 1:51am 0 6 1.10 8 31 12:52pm S 29.72 85 12 66.8 70.6 2:35am 63.7 7:38am 0 2 1.56 6 31 7:27am E 29.62 94 13 65.2 69.9 2:20pm 59.5 6:23am 1 1 0.01 9 29 12:46pm WNW 29.70 75 14 65.1 69.9 11:20am 59.5 7:57am 1 1 0.00 7 19 11:52am W 29.81 69 15 63.5 71.1 1:22pm 55.1 7:50am 3 1 0.00 8 24 12:38pm NW 29.87 74 16 60.4 66.4 11:57am 55.1 8:00am 5 0 0.00 7 19 5:12pm NNW 29.93 71 17 57.9 64.0 5:01pm 53.3 6:17am 7 0 0.02 5 20 3:45pm N 29.92 82 18 58.4 64.7 3:27pm 51.6 7:45am 7 0 0.00 6 23 11:41am NW 29.91 73 19 59.1 68.3 12:05pm 49.6 7:03am 6 0 0.00 5 18 2:48pm NW 29.99 74 20 63.2 74.6 3:18pm 52.8 7:49am 4 3 0.00 3 18 12:16pm SW 30.00 73 21 66.0 76.1 11:20am 59.2 5:33am 2 3 0.57 6 30 12:18pm ESE 29.90 85 22 63.9 70.3 2:46pm 59.3 6:29am 2 1 0.06 5 22 2:21pm W 29.95 79 23 62.8 69.1 12:56pm 57.3 11:57pm 3 0 0.00 8 21 12:57pm NW 30.00 71 24 63.8 79.8 3:35pm 51.3 7:26am 5 4 0.00 3 14 3:33pm NNE 30.02 73 25 69.8 80.1 3:39pm 59.9 7:50am 1 6 0.00 4 22 1:51pm S 29.95 75 26 69.6 75.3 1:49pm 61.5 11:54pm 0 5 0.03 6 18 2:39pm WNW 29.85 88 27 67.8 84.0 3:42pm 55.6 6:34am 3 5 0.01 3 16 11:52am N 29.94 76 28 71.1 77.9 12:44pm 66.4 9:18pm 0 6 0.28 4 32 8:47pm ESE 29.89 84 29 66.2 70.3 8:31am 60.5 11:31pm 1 2 0.37 11 33 3:04pm WNW 29.77 80 30 62.7 70.1 1:23pm 55.1 7:38am 3 1 0.00 8 24 2:30pm NW 29.96 59 31 60.9 71.3 2:59pm 51.3 5:44am 5 1 0.00 4 18 5:14pm WNW 30.05 72 --------------------------------------------------------------------------------------- TOT 62.0 84.0 3/27/10 39.8 3/5/10 149 59 4.27 6 33 3/29/10 NW 29.92 74 HEAT BASE: 65.0 COOL BASE: 65.0
 
  
Hurricane Tracker

Hurricane Tracker
Hurricane Tracker
2017 Storm Tracker Forum


Atlantic Storms
92L
Harvey


Sponsored Links

Recent Forum Posts

New Post
Pre-Invest East Atlantic 30%
Posted by
ccstorms on Aug 18, 2017 at 07:49:10 PM


New Post
Invest 92L-Atlantic 50%
Posted by
ccstorms on Aug 18, 2017 at 07:46:16 PM


New Post
Harvey
Posted by
ccstorms on Aug 18, 2017 at 05:52:38 PM


New Post
Gert- Final Advisory
Posted by
ccstorms on Aug 17, 2017 at 06:17:15 PM


New Post
Hurricane Charley. 13 years ago today.
Posted by
chris on Aug 13, 2017 at 10:54:05 AM


New Post
Franklin- Final Advisory
Posted by
ccstorms on Aug 10, 2017 at 11:19:48 AM


***FORUM RULES***

Sponsored Links

Member Login
Username

Password


Join For Free!!
Click here to Register!

Total Hits
We received
75664384
page views since June 2005

Free Weather Graphics

Free weather stickers

Add a weather graphic to your website with the latest conditions!
Click for Details

Sponsored Links

Social Networks

Southwest Florida Weather | Central Florida Weather | Florida Weather

Cape Coral | Fort Myers | Bonita Springs | Naples | Punta Gorda | Port Charlotte | Estero | Sanibel | Lehigh Acres | Captiva | Pine Island | Bokeelia | St. James City | Alva | Arcadia | Labelle | Clewiston | Venice

Lee County | Charlotte County | Collier County | Hendry County | Desoto County
Glades County | Monroe County | Sarasota County | Manatee County
Hillsborough County | Pinellas County | Pasco County

Recommend us




Copyright Capeweather.com 2005-2017

DO NOT make decisions that affect life or property based on this data!
PHP-Nuke Copyright © 2004 by Francisco Burzi. This is free software, and you may redistribute it under the GPL. PHP-Nuke comes with absolutely no warranty, for details, see the license.
Page Generation: 0.19 Seconds