Southwest Florida Weather History, Yearly, Monthly, Daily, Records
 Click here to register!Home | Advertise | Forum | Live Webcams | Contact Us | Tell a Friend | Your Account  

Lee County Forecast
Tonight

Tonight: Partly cloudy, with a low around 60. West northwest wind 5 to 7 mph becoming calm  after midnight.
Partly Cloudy

Tuesday

Tuesday: Mostly sunny, with a high near 83. Calm wind becoming west 5 to 8 mph in the afternoon.
Mostly Sunny

Lo 60 °FHi 83 °F
Extended Forecast
Florida Weather Forecast

Southwest Florida Webcams

Main Navigation
Weather
· Home
· Current Conditions
· Storm Warnings
· Station Graphs
· Storm Fronts
· Temperature Map
· Station History
· Drought Index
· Storm Reports
· Rainfall Estimates
· Fire Graphs

Doppler Radar
· Lee County
· Charlotte County
· Collier County
· Hendry County
· Desoto County
· Glades County
· Sarasota County
· Manatee County
· Hillsborough County
· Pinellas County
· Pasco County
· Southwest Florida
· Florida
· State Radars
· National

Satellite
· South Florida
· North Florida
· Regional
· National

Forecast
· Extended
· Marine
· Discussion
· Florida Forecast
· Hazardous Outlook
· Wave Heights
· Fire

Lightning
· Live
· Tracker
· Loop
· Network
· WASP
· WASP Loop
· 3 Hour Forecast

Tropical Weather
· Hurricane Tracker
· Tropical Satellite
· Sea Temperature
· Discussion
· Buoy Data
· Tracking Tools
· Jeff Masters Blog
· Monthly Summary

Moon and Tides
· Tides
· Moon Phase

Live Products
· Webcams
· NOAA Radio
· Police Scanner
· Marine VHF Radio

Fishing Reports
· Forum Reports
· Captain Joe

Local News
· Cape Coral
· Fort Myers
· Lehigh Acres
· Estero
· Bonita Springs

Other Info
· Advertising
· Donation Support
· Station Status
· Disclaimer
· Forum
· Facebook
· Contact Us
· CWOP
· Events Calendar

Matched Content

  
 

Southwest Florida Monthly and Yearly Weather Reports

2017: Jan | Feb | Mar | Apr | May | Jun | Jul | Aug | Sep | Oct | Nov | Dec 
2016: Jan | Feb | Mar | Apr | May | Jun | Jul | Aug | Sep | Oct | Nov | Dec 
2015: Jan | Feb | Mar | Apr | May | Jun | Jul | Aug | Sep | Oct | Nov | Dec 
2014: Jan | Feb | Mar | Apr | May | Jun | Jul | Aug | Sep | Oct | Nov | Dec 
2013: Jan | Feb | Mar | Apr | May | Jun | Jul | Aug | Sep | Oct | Nov | Dec 
2012: Jan | Feb | Mar | Apr | May | Jun | Jul | Aug | Sep | Oct | Nov | Dec 
2011: Jan | Feb | Mar | Apr | May | Jun | Jul | Aug | Sep | Oct | Nov | Dec 
2010: Jan | Feb | Mar | Apr | May | Jun | Jul | Aug | Sep | Oct | Nov | Dec 
2009: Jan | Feb | Mar | Apr | May | Jun | Jul | Aug | Sep | Oct | Nov | Dec 
2008: Jan | Feb | Mar | Apr | May | Jun | Jul | Aug | Sep | Oct | Nov | Dec 
2007: Jan | Feb | Mar | Apr | May | Jun | Jul | Aug | Sep | Oct | Nov | Dec 
2006: Jan | Feb | Mar | Apr | May | Jun | Jul | Aug | Sep | Oct | Nov | Dec 
2005: Jan | Feb | Mar | Apr | May | Jun | Jul | Aug | Sep | Oct | Nov | Dec 

Report for 2010 02
MONTHLY CLIMATOLOGICAL SUMMARY FOR 2/2010 HEAT COOL MEAN DEG DEG WIND SPEED DOM MEAN MEAN DAY TEMP HIGH TIME LOW TIME DAYS DAYS RAIN AVG HI TIME DIR BAROM HUM --------------------------------------------------------------------------------------- 1 63.6 69.4 8:13pm 55.6 3:21am 3 2 0.03 5 16 10:03am ENE 29.98 90 2 69.1 76.0 3:49pm 60.2 11:59pm 0 4 1.34 3 20 5:57pm SSE 29.90 94 3 61.7 70.6 3:59pm 56.6 9:17am 4 1 0.00 6 19 8:23am ENE 30.00 82 4 66.5 79.0 2:22pm 55.6 3:13am 3 5 0.00 5 17 11:05am E 29.99 75 5 69.9 76.7 1:39pm 64.8 12:41am 3 9 0.48 6 25 1:18pm ESE 29.81 88 6 65.6 69.9 11:34am 59.9 6:20pm 1 2 0.01 9 31 1:30pm WNW 29.77 80 7 55.4 61.8 12:00am 46.7 11:59pm 10 0 0.00 7 20 1:37pm N 29.90 72 8 53.8 67.3 3:06pm 41.1 6:58am 11 0 0.00 3 13 9:31am NNE 29.97 74 9 64.4 74.2 1:01pm 54.4 12:17am 3 2 0.04 7 28 11:28am ESE 29.84 83 10 56.0 62.4 12:00am 46.8 11:39pm 9 0 0.00 10 30 4:40am NNW 29.94 65 11 51.4 64.3 4:00pm 40.9 7:02am 14 0 0.00 4 18 8:27am NNE 29.95 54 12 59.6 68.4 12:10pm 51.9 12:15am 6 1 0.35 9 34 1:53pm ENE 29.68 72 13 51.7 57.0 1:07pm 43.1 11:36pm 13 0 0.00 9 29 12:31pm NNW 29.89 72 14 49.7 59.8 1:29pm 42.2 7:11am 15 0 0.00 4 15 6:06am NE 30.02 58 15 54.5 67.1 12:47pm 41.8 7:01am 10 0 0.00 3 15 3:03pm SW 29.93 72 16 55.2 62.6 1:19pm 47.0 11:57pm 10 0 0.00 8 24 3:52am NNW 29.98 68 17 51.3 62.7 1:53pm 43.8 7:10am 14 0 0.00 4 21 2:39pm NW 30.02 78 18 51.5 61.3 1:56pm 46.0 10:30pm 13 0 0.00 5 19 12:08pm NW 30.09 73 19 53.9 65.2 2:40pm 44.6 7:06am 11 0 0.00 3 15 10:06am NE 30.09 64 20 60.4 72.7 3:18pm 52.0 3:46am 6 1 0.00 2 11 4:38pm ENE 30.04 63 21 63.4 76.8 11:44am 52.6 4:17am 4 3 0.04 3 24 11:36pm S 29.96 76 22 67.4 74.9 2:12pm 61.2 5:46am 1 3 0.00 5 22 12:27am SSE 29.73 84 23 70.2 80.1 1:57pm 62.7 10:32pm 0 5 0.00 3 17 2:28pm NW 29.69 84 24 63.5 76.1 12:01pm 54.8 11:32pm 3 2 0.24 6 33 2:37pm N 29.71 86 25 52.7 58.3 12:43pm 45.7 11:02pm 12 0 0.00 10 31 12:47am WNW 29.96 63 26 51.2 65.2 2:52pm 41.1 5:33am 14 0 0.00 4 19 8:47am WNW 29.98 59 27 51.8 61.0 11:30am 46.0 1:06am 13 0 0.29 3 21 12:32pm NNW 29.80 85 28 54.9 66.8 1:55pm 46.8 6:16am 10 0 0.00 6 23 10:47am NW 29.96 69 --------------------------------------------------------------------------------------- TOT 58.6 80.1 2/23/10 40.9 2/11/10 218 40 2.82 5 34 2/12/10 NW 29.91 74 HEAT BASE: 65.0 COOL BASE: 65.0
 
  
Hurricane Tracker

Hurricane Tracker
Hurricane Tracker
Storm Tracker Forum


Atlantic Storms
14L
90L


Sponsored Links

Recent Forum Posts

New Post
SW FL-Bonita Beach: Offshore or Inshore--Great Fishing!
Posted by
fishbuster on Mar 25, 2017 at 11:22:51 AM


New Post
SWFL-Bonita Beach:Redfish&Drum Inshore;Grouper & Sna
Posted by
fishbuster on Mar 05, 2017 at 03:02:40 PM


New Post
Florida Stormy Clouds
Posted by
emeryhayward98 on Mar 03, 2017 at 12:08:57 PM


New Post
SW FL-Bonita Beach: Two weeks of excellent fishing offshore
Posted by
fishbuster on Feb 16, 2017 at 02:43:04 PM


New Post
SW FL-Bonita Beach: All kinds of bottom fish offshore; Drum
Posted by
chris on Jan 27, 2017 at 09:03:43 PM


New Post
Big Time In the Sound
Posted by
chris on Jan 26, 2017 at 01:25:22 PM


***FORUM RULES***

Member Login
Username

Password


Join For Free!!
Click here to Register!

Sponsors

Social Networks

Total Hits
We received
71028498
page views since June 2005

Free Weather Graphics

Free weather stickers

Add a weather graphic to your website with the latest conditions!
Click for Details

Sponsored Links

Southwest Florida Weather | Central Florida Weather | Florida Weather

Cape Coral | Fort Myers | Bonita Springs | Naples | Punta Gorda | Port Charlotte | Estero | Sanibel | Lehigh Acres | Captiva | Pine Island | Bokeelia | St. James City | Alva | Arcadia | Labelle | Clewiston | Venice

Lee County | Charlotte County | Collier County | Hendry County | Desoto County
Glades County | Monroe County | Sarasota County | Manatee County
Hillsborough County | Pinellas County | Pasco County

Recommend us




Copyright Capeweather.com 2005-2017

DO NOT make decisions that affect life or property based on this data!
PHP-Nuke Copyright © 2004 by Francisco Burzi. This is free software, and you may redistribute it under the GPL. PHP-Nuke comes with absolutely no warranty, for details, see the license.
Page Generation: 0.24 Seconds