Southwest Florida Weather History, Yearly, Monthly, Daily, Records
 Click here to register!Home | Advertise | Forum | Live Webcams | Contact Us | Tell a Friend | Your Account  

Lee County Forecast
Tonight

Tonight: Mostly cloudy, with a low around 75. East wind 9 to 11 mph.
Mostly Cloudy

Sunday

Sunday: Partly sunny, with a high near 88. Southeast wind 8 to 13 mph.
Partly Sunny

Lo 75 °FHi 88 °F
Extended Forecast
Florida Weather Forecast

Southwest Florida Webcams

Main Navigation
Weather
· Home
· Current Conditions
· Storm Warnings
· Station Graphs
· Storm Fronts
· Temperature Map
· Station History
· Drought Index
· Storm Reports
· Rainfall Estimates
· Fire Graphs

Doppler Radar
· Lee County
· Charlotte County
· Collier County
· Hendry County
· Desoto County
· Glades County
· Sarasota County
· Manatee County
· Hillsborough County
· Pinellas County
· Pasco County
· Southwest Florida
· Florida
· State Radars
· National

Satellite
· South Florida
· North Florida
· Regional
· National

Forecast
· Extended
· Marine
· Discussion
· Florida Forecast
· Hazardous Outlook
· Wave Heights
· Fire

Lightning
· Live
· Tracker
· Loop
· Network
· WASP
· WASP Loop
· 3 Hour Forecast

Tropical Weather
· Hurricane Tracker
· Tropical Satellite
· Sea Temperature
· Discussion
· Buoy Data
· Tracking Tools
· Monthly Summary

Moon and Tides
· Tides
· Moon Phase

Live Products

Fishing Reports

Local News

Other Info

  
 

Southwest Florida Monthly and Yearly Weather Reports

2017: Jan | Feb | Mar | Apr | May | Jun | Jul | Aug | Sep | Oct | Nov | Dec 
2016: Jan | Feb | Mar | Apr | May | Jun | Jul | Aug | Sep | Oct | Nov | Dec 
2015: Jan | Feb | Mar | Apr | May | Jun | Jul | Aug | Sep | Oct | Nov | Dec 
2014: Jan | Feb | Mar | Apr | May | Jun | Jul | Aug | Sep | Oct | Nov | Dec 
2013: Jan | Feb | Mar | Apr | May | Jun | Jul | Aug | Sep | Oct | Nov | Dec 
2012: Jan | Feb | Mar | Apr | May | Jun | Jul | Aug | Sep | Oct | Nov | Dec 
2011: Jan | Feb | Mar | Apr | May | Jun | Jul | Aug | Sep | Oct | Nov | Dec 
2010: Jan | Feb | Mar | Apr | May | Jun | Jul | Aug | Sep | Oct | Nov | Dec 
2009: Jan | Feb | Mar | Apr | May | Jun | Jul | Aug | Sep | Oct | Nov | Dec 
2008: Jan | Feb | Mar | Apr | May | Jun | Jul | Aug | Sep | Oct | Nov | Dec 
2007: Jan | Feb | Mar | Apr | May | Jun | Jul | Aug | Sep | Oct | Nov | Dec 
2006: Jan | Feb | Mar | Apr | May | Jun | Jul | Aug | Sep | Oct | Nov | Dec 
2005: Jan | Feb | Mar | Apr | May | Jun | Jul | Aug | Sep | Oct | Nov | Dec 

Report for 2009 12
MONTHLY CLIMATOLOGICAL SUMMARY FOR 12/2009 HEAT COOL MEAN DEG DEG WIND SPEED DOM MEAN MEAN DAY TEMP HIGH TIME LOW TIME DAYS DAYS RAIN AVG HI TIME DIR BAROM HUM --------------------------------------------------------------------------------------- 1 71.4 81.1 12:09pm 65.8 5:14am 0 6 0.00 1 11 11:37pm SE 29.88 81 2 75.1 81.1 12:59pm 67.8 2:16am 0 10 0.00 7 27 11:54am SSE 29.79 85 3 73.7 78.5 2:31pm 67.1 11:59pm 0 9 0.22 5 21 1:41am NNW 29.88 86 4 64.6 67.1 12:00am 62.0 7:10pm 1 0 1.34 6 25 7:38pm NE 29.93 92 5 65.4 78.1 10:18am 52.6 11:58pm 2 3 0.48 7 26 2:06pm NNE 29.90 91 6 60.4 71.8 1:30pm 48.9 6:27am 6 2 0.00 5 16 4:10am NE 30.04 82 7 68.2 75.1 2:02pm 64.2 12:12am 0 3 0.00 2 13 3:04pm W 30.03 87 8 73.0 79.9 3:00pm 68.4 2:49am 0 8 0.00 2 13 11:02pm SSE 29.97 88 9 77.3 82.0 9:47am 74.6 12:00am 0 12 0.00 3 16 10:50am SSE 29.87 91 10 76.3 81.6 2:19pm 66.1 11:59pm 0 11 0.00 4 18 9:34pm S 29.95 89 11 67.7 77.4 3:02pm 61.3 4:06am 1 4 0.00 9 21 2:55am ENE 30.11 73 12 72.6 82.4 2:07pm 63.2 1:03am 0 8 0.00 6 19 12:05am ENE 30.13 82 13 76.1 83.2 11:54am 71.1 11:17pm 0 11 0.00 2 14 10:57am ESE 30.08 86 14 76.0 85.5 2:30pm 69.6 11:31pm 0 11 0.00 2 13 1:11pm NE 30.03 83 15 75.2 83.8 1:47pm 68.8 1:20am 0 10 0.00 2 13 9:46am E 30.01 84 16 74.3 82.6 3:03pm 69.1 3:21am 0 9 0.00 5 19 8:19pm ENE 30.03 83 17 72.1 80.1 1:37pm 65.0 5:03am 0 7 0.00 7 24 5:47pm ENE 29.96 83 18 72.5 77.2 3:01pm 68.8 11:58pm 0 7 0.46 9 35 11:35pm W 29.68 86 19 64.9 70.3 3:13pm 61.3 7:20am 1 1 0.00 10 32 1:49am NW 29.83 69 20 58.7 65.6 1:01pm 51.9 11:58pm 6 0 0.00 6 20 11:12am NNW 30.07 66 21 51.7 58.7 2:33pm 45.5 7:34am 13 0 0.00 5 18 1:27pm NE 30.16 67 22 58.6 72.3 3:20pm 49.5 12:20am 7 1 0.00 5 17 9:52am ENE 30.10 63 23 63.2 74.4 1:44pm 53.2 6:44am 4 2 0.00 5 19 10:53am ENE 30.00 76 24 69.0 79.6 3:19pm 58.7 1:41am 2 6 0.00 5 21 11:56am ESE 29.88 76 25 70.6 79.4 11:50am 63.1 11:28pm 0 6 0.00 5 21 3:18pm SSE 29.85 87 26 62.3 69.4 3:10pm 55.6 11:59pm 3 0 0.00 3 14 1:03pm NW 29.96 85 27 60.4 73.7 2:56pm 51.6 6:13am 6 1 0.00 3 12 2:41pm NE 30.00 81 28 60.5 73.0 11:59am 52.2 11:32pm 6 1 0.01 6 24 2:37pm N 30.06 74 29 52.6 67.1 4:11pm 40.5 7:26am 12 0 0.00 5 18 9:31am NE 30.18 59 30 59.2 75.3 3:01pm 45.4 3:34am 8 2 0.00 3 14 12:52pm NE 30.16 73 31 66.9 77.9 12:14pm 59.0 3:46am 2 4 0.00 2 15 12:20pm S 30.07 83 --------------------------------------------------------------------------------------- TOT 67.4 85.5 12/14/09 40.5 12/29/09 81 156 2.51 5 35 12/18/09 ENE 29.99 80 HEAT BASE: 65.0 COOL BASE: 65.0
 
  
Hurricane Tracker

Hurricane Tracker
Hurricane Tracker
2017 Storm Tracker Forum


Atlantic Storms
No Storms


Sponsored Links

Recent Forum Posts

New Post
Invest 92L- Deactivated
Posted by
ccstorms on Oct 17, 2017 at 06:12:31 AM


New Post
Ophelia- Final Advisory
Posted by
ccstorms on Oct 16, 2017 at 06:32:58 AM


New Post
Nate- Final Advisory
Posted by
ccstorms on Oct 08, 2017 at 02:04:43 PM


New Post
SW FL-Bonita Beach: Fishing pre and post Hurricane Irma
Posted by
fishbuster on Oct 07, 2017 at 12:55:48 PM


New Post
Invest 99L- Deactivated
Posted by
ccstorms on Oct 01, 2017 at 06:10:56 AM


New Post
Maria- Final Advisory
Posted by
ccstorms on Sep 30, 2017 at 05:15:26 PM


***FORUM RULES***

Sponsored Links

Member Login
Username

Password


Join For Free!!
Click here to Register!

Total Hits
We received
78351793
page views since June 2005

Social Networks

Southwest Florida Weather | Central Florida Weather | Florida Weather

Cape Coral | Fort Myers | Bonita Springs | Naples | Punta Gorda | Port Charlotte | Estero | Sanibel | Lehigh Acres | Captiva | Pine Island | Bokeelia | St. James City | Alva | Arcadia | Labelle | Clewiston | Venice

Lee County | Charlotte County | Collier County | Hendry County | Desoto County
Glades County | Monroe County | Sarasota County | Manatee County
Hillsborough County | Pinellas County | Pasco County

Recommend us




Copyright Capeweather.com 2005-2017

DO NOT make decisions that affect life or property based on this data!
PHP-Nuke Copyright © 2004 by Francisco Burzi. This is free software, and you may redistribute it under the GPL. PHP-Nuke comes with absolutely no warranty, for details, see the license.
Page Generation: 0.20 Seconds