Southwest Florida Weather History, Yearly, Monthly, Daily, Records
 Click here to register!Home | Advertise | Forum | Live Webcams | Contact Us | Tell a Friend | Your Account  

Lee County Forecast & Temp
Today

Today: A 20 percent chance of showers after 4pm.  Mostly sunny, with a high near 85. East wind 7 to 10 mph becoming south southwest in the afternoon.
Mostly Sunny
then Slight
Chance
Showers
Tonight

Tonight: A 10 percent chance of showers before 7pm.  Patchy fog after 4am.  Otherwise, partly cloudy, with a low around 66. South southwest wind around 5 mph becoming light and variable.
Slight Chance
Showers then
Patchy Fog
Hi 85 °FLo 66 °F
Extended Forecast
Florida Weather Forecast

Southwest Florida Webcams

Main Navigation
Weather
· Home
· Current Conditions
· Storm Warnings
· Station Graphs
· Storm Fronts
· Station History
· Drought Index
· Storm Reports
· Rainfall Estimates
· Fire Graphs

Doppler Radar
· Lee County
· Charlotte County
· Collier County
· Hendry County
· Desoto County
· Glades County
· Sarasota County
· Manatee County
· Hillsborough County
· Pinellas County
· Pasco County
· Southwest Florida
· Florida
· State Radars
· National

Satellite
· South Florida
· North Florida
· Regional
· National

Forecast
· Extended
· Marine
· Discussion
· Florida Forecast
· Hazardous Outlook
· Wave Heights
· Fire

Lightning
· Live
· Tracker
· Loop
· Network
· WASP
· WASP Loop

Tropical Weather
· Hurricane Tracker
· Tropical Satellite
· Sea Temperature
· Discussion
· Buoy Data
· Tracking Tools
· Monthly Summary

Moon and Tides
· Tides
· Moon Phase

Live Products

Fishing Reports

Local News

Other Info

  
 

Southwest Florida Monthly and Yearly Weather Reports

2018: Jan | Feb | Mar | Apr | May | Jun | Jul | Aug | Sep | Oct | Nov | Dec 
2017: Jan | Feb | Mar | Apr | May | Jun | Jul | Aug | Sep | Oct | Nov | Dec 
2016: Jan | Feb | Mar | Apr | May | Jun | Jul | Aug | Sep | Oct | Nov | Dec 
2015: Jan | Feb | Mar | Apr | May | Jun | Jul | Aug | Sep | Oct | Nov | Dec 
2014: Jan | Feb | Mar | Apr | May | Jun | Jul | Aug | Sep | Oct | Nov | Dec 
2013: Jan | Feb | Mar | Apr | May | Jun | Jul | Aug | Sep | Oct | Nov | Dec 
2012: Jan | Feb | Mar | Apr | May | Jun | Jul | Aug | Sep | Oct | Nov | Dec 
2011: Jan | Feb | Mar | Apr | May | Jun | Jul | Aug | Sep | Oct | Nov | Dec 
2010: Jan | Feb | Mar | Apr | May | Jun | Jul | Aug | Sep | Oct | Nov | Dec 
2009: Jan | Feb | Mar | Apr | May | Jun | Jul | Aug | Sep | Oct | Nov | Dec 
2008: Jan | Feb | Mar | Apr | May | Jun | Jul | Aug | Sep | Oct | Nov | Dec 
2007: Jan | Feb | Mar | Apr | May | Jun | Jul | Aug | Sep | Oct | Nov | Dec 
2006: Jan | Feb | Mar | Apr | May | Jun | Jul | Aug | Sep | Oct | Nov | Dec 
2005: Jan | Feb | Mar | Apr | May | Jun | Jul | Aug | Sep | Oct | Nov | Dec 

Report for 2009 11
MONTHLY CLIMATOLOGICAL SUMMARY FOR 11/2009 HEAT COOL MEAN DEG DEG WIND SPEED DOM MEAN MEAN DAY TEMP HIGH TIME LOW TIME DAYS DAYS RAIN AVG HI TIME DIR BAROM HUM --------------------------------------------------------------------------------------- 1 78.5 87.6 2:22pm 73.3 5:40am 0 13 0.00 4 17 4:42pm N 29.89 82 2 75.1 83.2 11:56am 68.1 5:06am 0 10 0.00 4 14 3:33pm NNW 29.92 82 3 76.2 86.1 3:09pm 70.4 2:09am 0 11 0.00 4 20 8:10pm NE 29.96 79 4 77.0 88.6 2:37pm 68.1 6:35am 0 12 0.00 7 21 5:09pm ENE 30.03 73 5 74.2 83.4 1:47pm 66.4 11:53pm 0 9 0.00 9 22 12:49pm NE 30.07 71 6 71.0 82.0 2:12pm 61.2 6:10am 1 7 0.00 8 26 1:49pm ENE 30.07 60 7 73.0 83.0 1:06pm 66.6 7:03am 0 8 0.00 8 27 2:25pm ENE 30.03 66 8 74.8 84.1 1:41pm 67.3 6:20am 0 9 0.00 9 27 1:01pm E 30.00 69 9 77.3 83.4 1:27pm 73.2 3:06am 0 12 0.00 7 26 12:34pm ESE 29.97 72 10 77.1 84.1 12:16pm 74.0 8:59pm 0 12 0.02 5 18 6:00am SE 29.88 77 11 74.9 78.6 12:26pm 70.8 11:48pm 0 10 0.53 7 21 2:13am W 29.71 84 12 65.8 70.8 12:00am 60.4 7:21pm 1 2 0.03 7 22 11:32am N 29.73 80 13 64.7 76.0 2:01pm 55.0 6:33am 3 3 0.00 5 24 3:04pm NNW 29.81 74 14 67.6 78.8 12:50pm 59.5 4:08am 2 4 0.00 4 18 4:40pm NW 29.89 78 15 66.8 77.0 1:33pm 59.2 6:37am 2 3 0.00 4 17 3:31pm N 29.95 79 16 67.6 80.5 12:55pm 57.3 5:41am 2 5 0.00 5 15 4:05pm N 29.94 76 17 69.6 83.8 1:39pm 60.9 5:31am 1 5 0.00 4 19 1:00pm N 29.92 76 18 70.8 82.6 12:54pm 63.7 1:44am 0 6 0.00 3 13 2:11pm NNW 29.96 79 19 72.3 82.0 2:53pm 62.1 7:41am 0 7 0.00 3 16 3:12pm WNW 29.99 79 20 71.2 84.5 1:19pm 61.8 3:28am 1 7 0.00 3 12 11:01am NNE 29.94 80 21 73.8 82.4 12:21pm 66.9 6:56am 0 9 0.00 2 11 4:14pm ENE 29.92 83 22 74.5 78.8 2:49pm 71.1 3:23am 0 9 0.00 2 18 9:48am S 29.93 86 23 77.0 83.0 12:12pm 72.8 11:38pm 0 12 0.00 2 11 1:54pm WNW 29.99 87 24 76.4 83.2 12:31pm 71.3 1:57am 0 11 0.00 2 11 1:02pm ENE 29.96 86 25 77.1 79.2 11:17am 71.3 1:19am 0 12 0.42 1 12 7:24am ENE 29.88 96 26 72.1 76.8 12:04am 60.4 11:53pm 0 7 0.01 5 19 4:40pm N 29.90 86 27 58.7 69.6 3:27pm 49.6 11:58pm 7 1 0.00 6 21 5:37am N 30.03 55 28 56.8 70.1 3:16pm 48.6 4:43am 9 0 0.00 3 17 9:13am NE 30.03 66 29 62.9 76.8 2:19pm 51.0 3:30am 5 3 0.00 2 11 1:05pm NE 30.01 71 30 68.7 79.9 2:35pm 59.6 12:25am 2 5 0.00 1 14 11:24am E 29.95 81 --------------------------------------------------------------------------------------- TOT 71.4 88.6 11/4/09 48.6 11/28/09 35 227 1.01 5 27 11/7/09 ENE 29.94 77 HEAT BASE: 65.0 COOL BASE: 65.0
 
  
Hurricane Tracker

Hurricane Tracker
Hurricane Tracker
2017 Storm Tracker Forum


Atlantic Storms


Sponsored Links

Recent Forum Posts

New Post
Fabulous Florida Fishing with Tide Walker Charters
Posted by
captruss on Feb 24, 2018 at 07:15:52 AM


New Post
SW FL-Bonita Beach: Still windy, still fishing
Posted by
fishbuster on Feb 23, 2018 at 05:40:40 PM


***FORUM RULES***

Member Login
Username

Password


Join For Free!!
Click here to Register!

Total Hits
We received
81628716
page views since June 2005

Sponsored Links

Social Networks

Southwest Florida Weather | Central Florida Weather | Florida Weather

Cape Coral | Fort Myers | Bonita Springs | Naples | Punta Gorda | Port Charlotte | Estero | Sanibel | Lehigh Acres | Captiva | Pine Island | Bokeelia | St. James City | Alva | Arcadia | Labelle | Clewiston | Venice

Lee County | Charlotte County | Collier County | Hendry County | Desoto County
Glades County | Monroe County | Sarasota County | Manatee County
Hillsborough County | Pinellas County | Pasco County

Recommend us




Copyright Capeweather.com 2005-2017

DO NOT make decisions that affect life or property based on this data!
PHP-Nuke Copyright © 2004 by Francisco Burzi. This is free software, and you may redistribute it under the GPL. PHP-Nuke comes with absolutely no warranty, for details, see the license.
Page Generation: 0.23 Seconds