Southwest Florida Weather History, Yearly, Monthly, Daily, Records
 Click here to register!Home | Advertise | Forum | Live Webcams | Contact Us | Tell a Friend | Your Account  

Lee County Forecast & Temp
Today

Today: A 20 percent chance of showers after 4pm.  Mostly sunny, with a high near 85. East wind 7 to 10 mph becoming south southwest in the afternoon.
Mostly Sunny
then Slight
Chance
Showers
Tonight

Tonight: A 10 percent chance of showers before 7pm.  Patchy fog after 4am.  Otherwise, partly cloudy, with a low around 66. South southwest wind around 5 mph becoming light and variable.
Slight Chance
Showers then
Patchy Fog
Hi 85 °FLo 66 °F
Extended Forecast
Florida Weather Forecast

Southwest Florida Webcams

Main Navigation
Weather
· Home
· Current Conditions
· Storm Warnings
· Station Graphs
· Storm Fronts
· Station History
· Drought Index
· Storm Reports
· Rainfall Estimates
· Fire Graphs

Doppler Radar
· Lee County
· Charlotte County
· Collier County
· Hendry County
· Desoto County
· Glades County
· Sarasota County
· Manatee County
· Hillsborough County
· Pinellas County
· Pasco County
· Southwest Florida
· Florida
· State Radars
· National

Satellite
· South Florida
· North Florida
· Regional
· National

Forecast
· Extended
· Marine
· Discussion
· Florida Forecast
· Hazardous Outlook
· Wave Heights
· Fire

Lightning
· Live
· Tracker
· Loop
· Network
· WASP
· WASP Loop

Tropical Weather
· Hurricane Tracker
· Tropical Satellite
· Sea Temperature
· Discussion
· Buoy Data
· Tracking Tools
· Monthly Summary

Moon and Tides
· Tides
· Moon Phase

Live Products

Fishing Reports

Local News

Other Info

  
 

Southwest Florida Monthly and Yearly Weather Reports

2018: Jan | Feb | Mar | Apr | May | Jun | Jul | Aug | Sep | Oct | Nov | Dec 
2017: Jan | Feb | Mar | Apr | May | Jun | Jul | Aug | Sep | Oct | Nov | Dec 
2016: Jan | Feb | Mar | Apr | May | Jun | Jul | Aug | Sep | Oct | Nov | Dec 
2015: Jan | Feb | Mar | Apr | May | Jun | Jul | Aug | Sep | Oct | Nov | Dec 
2014: Jan | Feb | Mar | Apr | May | Jun | Jul | Aug | Sep | Oct | Nov | Dec 
2013: Jan | Feb | Mar | Apr | May | Jun | Jul | Aug | Sep | Oct | Nov | Dec 
2012: Jan | Feb | Mar | Apr | May | Jun | Jul | Aug | Sep | Oct | Nov | Dec 
2011: Jan | Feb | Mar | Apr | May | Jun | Jul | Aug | Sep | Oct | Nov | Dec 
2010: Jan | Feb | Mar | Apr | May | Jun | Jul | Aug | Sep | Oct | Nov | Dec 
2009: Jan | Feb | Mar | Apr | May | Jun | Jul | Aug | Sep | Oct | Nov | Dec 
2008: Jan | Feb | Mar | Apr | May | Jun | Jul | Aug | Sep | Oct | Nov | Dec 
2007: Jan | Feb | Mar | Apr | May | Jun | Jul | Aug | Sep | Oct | Nov | Dec 
2006: Jan | Feb | Mar | Apr | May | Jun | Jul | Aug | Sep | Oct | Nov | Dec 
2005: Jan | Feb | Mar | Apr | May | Jun | Jul | Aug | Sep | Oct | Nov | Dec 

Report for 2009 10
MONTHLY CLIMATOLOGICAL SUMMARY FOR 10/2009 HEAT COOL MEAN DEG DEG WIND SPEED DOM MEAN MEAN DAY TEMP HIGH TIME LOW TIME DAYS DAYS RAIN AVG HI TIME DIR BAROM HUM --------------------------------------------------------------------------------------- 1 76.5 86.7 1:46pm 68.3 7:38am 0 11 0.00 4 15 2:57pm NNE 29.90 61 2 76.1 85.7 3:57pm 66.8 7:42am 0 11 0.00 2 13 1:13pm WNW 29.86 71 3 78.6 87.6 1:38pm 70.9 2:56am 0 14 0.00 2 14 3:02pm W 29.88 77 4 80.8 91.8 1:58pm 71.5 7:06am 0 16 0.01 2 13 4:14pm WNW 29.93 73 5 81.3 89.9 2:47pm 75.6 5:08am 0 16 0.01 3 17 11:43am ESE 29.92 83 6 83.1 90.3 2:54pm 77.4 5:58am 0 18 0.00 2 13 3:56pm WNW 29.93 80 7 83.7 91.0 11:33am 77.9 7:00am 0 19 0.00 2 13 1:39pm WNW 30.00 79 8 84.6 93.6 5:32pm 77.0 6:47am 0 20 0.00 2 12 6:50pm W 30.02 76 9 84.5 91.2 12:04pm 77.7 7:26am 0 20 0.00 3 15 5:12pm SW 29.98 75 10 83.2 89.9 11:40am 78.1 4:55am 0 18 0.00 2 11 8:35am ESE 29.97 79 11 83.4 92.3 12:56pm 77.6 7:20am 0 18 0.02 2 18 3:20pm NNE 29.99 78 12 83.7 93.2 4:25pm 76.7 7:06am 0 18 0.00 3 14 4:55pm ESE 29.99 76 13 83.0 94.0 3:06pm 75.4 6:31am 0 18 0.00 2 12 4:27pm SE 29.97 74 14 82.2 90.1 3:42pm 75.6 7:15am 0 17 0.00 2 13 4:19pm ESE 29.90 76 15 82.0 89.3 2:58pm 76.1 7:10am 0 17 0.00 3 14 12:23pm WSW 29.81 77 16 83.5 89.0 1:32pm 79.9 8:43pm 0 18 0.02 6 22 2:33pm SW 29.79 74 17 73.8 81.2 12:00am 64.7 11:56pm 0 9 0.78 7 27 4:49pm N 29.89 80 18 61.6 72.1 3:39pm 53.5 6:30am 5 1 0.00 9 26 2:48pm NNE 30.04 63 19 64.2 79.2 3:47pm 50.4 7:27am 5 4 0.00 8 23 6:29pm NE 30.07 63 20 71.4 85.1 3:58pm 60.4 6:09am 1 8 0.00 8 23 5:55pm NE 30.03 68 21 75.5 86.3 3:33pm 66.1 7:10am 0 11 0.00 6 20 12:05pm ENE 29.98 70 22 77.2 88.4 3:33pm 69.6 3:27am 0 12 0.00 4 16 11:40am ENE 29.91 77 23 77.9 87.2 12:28pm 71.3 7:02am 0 13 0.00 3 13 10:46am ESE 29.85 80 24 77.6 85.7 2:36pm 71.3 7:41am 0 12 0.00 4 17 4:35pm WNW 29.81 82 25 73.0 80.7 2:04pm 65.6 7:34am 0 8 0.00 4 15 3:14pm NNE 29.88 73 26 75.5 89.0 1:47pm 63.5 6:34am 0 11 0.15 2 14 5:28pm N 29.93 80 27 80.4 87.0 12:11pm 76.3 12:40am 0 15 0.01 4 21 11:19am ESE 29.90 86 28 80.9 88.8 3:43pm 76.1 5:29am 0 16 0.00 2 11 1:59am SSE 29.91 83 29 81.3 90.5 1:06pm 75.1 7:15am 0 16 0.00 2 13 4:46pm SE 29.95 80 30 80.6 90.5 2:20pm 74.6 8:02am 0 16 0.00 3 13 9:50pm ESE 29.92 79 31 79.0 86.1 11:40am 73.5 7:35am 0 14 0.00 3 15 4:19pm ESE 29.90 82 --------------------------------------------------------------------------------------- TOT 78.7 94.0 10/13/09 50.4 10/19/09 11 434 1.00 4 27 10/17/09 ESE 29.93 76 HEAT BASE: 65.0 COOL BASE: 65.0
 
  
Hurricane Tracker

Hurricane Tracker
Hurricane Tracker
2017 Storm Tracker Forum


Atlantic Storms


Sponsored Links

Recent Forum Posts

New Post
Fabulous Florida Fishing with Tide Walker Charters
Posted by
captruss on Feb 24, 2018 at 07:15:52 AM


New Post
SW FL-Bonita Beach: Still windy, still fishing
Posted by
fishbuster on Feb 23, 2018 at 05:40:40 PM


***FORUM RULES***

Member Login
Username

Password


Join For Free!!
Click here to Register!

Total Hits
We received
81628701
page views since June 2005

Sponsored Links

Social Networks

Southwest Florida Weather | Central Florida Weather | Florida Weather

Cape Coral | Fort Myers | Bonita Springs | Naples | Punta Gorda | Port Charlotte | Estero | Sanibel | Lehigh Acres | Captiva | Pine Island | Bokeelia | St. James City | Alva | Arcadia | Labelle | Clewiston | Venice

Lee County | Charlotte County | Collier County | Hendry County | Desoto County
Glades County | Monroe County | Sarasota County | Manatee County
Hillsborough County | Pinellas County | Pasco County

Recommend us




Copyright Capeweather.com 2005-2017

DO NOT make decisions that affect life or property based on this data!
PHP-Nuke Copyright © 2004 by Francisco Burzi. This is free software, and you may redistribute it under the GPL. PHP-Nuke comes with absolutely no warranty, for details, see the license.
Page Generation: 0.24 Seconds