Southwest Florida Weather History, Yearly, Monthly, Daily, Records
 Click here to register!Home | Advertise | Forum | Live Webcams | Contact Us | Tell a Friend | Your Account  

Lee County Forecast
Tonight

Tonight: Mostly clear, with a low around 49. Light and variable wind.
Mostly Clear
Thursday

Thursday: Mostly sunny, with a high near 71. Calm wind becoming southwest 5 to 8 mph in the morning.
Mostly Sunny
Lo 49 °FHi 71 °F
Extended Forecast
Florida Weather Forecast

Southwest Florida Webcams

Main Navigation
Weather
· Home
· Current Conditions
· Storm Warnings
· Station Graphs
· Storm Fronts
· Station History
· Drought Index
· Storm Reports
· Rainfall Estimates
· Fire Graphs

Doppler Radar
· Lee County
· Charlotte County
· Collier County
· Hendry County
· Desoto County
· Glades County
· Sarasota County
· Manatee County
· Hillsborough County
· Pinellas County
· Pasco County
· Southwest Florida
· Florida
· State Radars
· National

Satellite
· South Florida
· North Florida
· Regional
· National

Forecast
· Extended
· Marine
· Discussion
· Florida Forecast
· Hazardous Outlook
· Wave Heights
· Fire

Lightning
· Live
· Tracker
· Loop
· Network
· WASP
· WASP Loop

Tropical Weather
· Hurricane Tracker
· Tropical Satellite
· Sea Temperature
· Discussion
· Buoy Data
· Tracking Tools
· Monthly Summary

Moon and Tides
· Tides
· Moon Phase

Live Products

Fishing Reports

Local News

Other Info

Support Us

Support Capeweather.com
donations

If you find this website useful, consider making
a donation.

Click here to learn more


  
 

Southwest Florida Monthly and Yearly Weather Reports

2017: Jan | Feb | Mar | Apr | May | Jun | Jul | Aug | Sep | Oct | Nov | Dec 
2016: Jan | Feb | Mar | Apr | May | Jun | Jul | Aug | Sep | Oct | Nov | Dec 
2015: Jan | Feb | Mar | Apr | May | Jun | Jul | Aug | Sep | Oct | Nov | Dec 
2014: Jan | Feb | Mar | Apr | May | Jun | Jul | Aug | Sep | Oct | Nov | Dec 
2013: Jan | Feb | Mar | Apr | May | Jun | Jul | Aug | Sep | Oct | Nov | Dec 
2012: Jan | Feb | Mar | Apr | May | Jun | Jul | Aug | Sep | Oct | Nov | Dec 
2011: Jan | Feb | Mar | Apr | May | Jun | Jul | Aug | Sep | Oct | Nov | Dec 
2010: Jan | Feb | Mar | Apr | May | Jun | Jul | Aug | Sep | Oct | Nov | Dec 
2009: Jan | Feb | Mar | Apr | May | Jun | Jul | Aug | Sep | Oct | Nov | Dec 
2008: Jan | Feb | Mar | Apr | May | Jun | Jul | Aug | Sep | Oct | Nov | Dec 
2007: Jan | Feb | Mar | Apr | May | Jun | Jul | Aug | Sep | Oct | Nov | Dec 
2006: Jan | Feb | Mar | Apr | May | Jun | Jul | Aug | Sep | Oct | Nov | Dec 
2005: Jan | Feb | Mar | Apr | May | Jun | Jul | Aug | Sep | Oct | Nov | Dec 

Report for 2009 09
MONTHLY CLIMATOLOGICAL SUMMARY FOR 9/2009 HEAT COOL MEAN DEG DEG WIND SPEED DOM MEAN MEAN DAY TEMP HIGH TIME LOW TIME DAYS DAYS RAIN AVG HI TIME DIR BAROM HUM --------------------------------------------------------------------------------------- 1 81.4 89.9 2:46pm 75.6 6:12am 0 16 0.00 3 18 2:54pm E 29.94 77 2 81.0 89.3 11:47am 75.8 4:33am 0 14 0.00 3 12 4:28pm WNW 29.88 81 3 78.8 88.0 11:08am 74.2 12:40pm 0 14 0.80 1 24 12:22pm NE 29.87 86 4 81.7 89.7 3:25pm 77.0 12:00am 0 17 0.00 2 16 6:50pm ENE 29.90 80 5 79.5 87.4 1:30pm 75.4 6:41am 0 14 0.02 2 21 3:37pm E 29.97 83 6 81.7 91.2 1:21pm 73.9 6:37am 0 17 0.00 3 15 10:32pm E 29.97 75 7 81.6 90.7 1:27pm 75.8 7:02am 0 17 0.52 2 20 6:52pm E 29.90 79 8 82.3 90.7 1:47pm 76.5 2:26am 0 17 0.09 3 15 3:58pm E 29.87 81 9 82.7 92.5 3:33pm 76.3 6:29am 0 18 0.01 4 20 4:12pm ENE 29.88 78 10 84.2 87.2 1:14pm 77.6 12:00am 0 5 0.11 3 16 5:05pm ENE 29.90 77 11 83.8 87.2 1:14pm 75.3 11:39pm 0 5 0.66 3 17 11:21pm ENE 29.90 78 12 80.3 88.0 2:00pm 75.8 12:00am 0 8 0.99 3 24 4:50am ESE 29.88 89 13 83.1 88.6 2:21pm 78.1 12:00am 0 16 0.01 5 18 1:10pm W 29.86 80 14 85.3 91.0 2:15pm 79.4 5:58am 0 11 0.00 4 16 3:44pm NW 29.88 71 15 0.0 85.3 1:28pm 85.3 1:28pm 0 0 0.00 0 2 1:28pm --- 0.00 0 16 87.8 90.7 2:16pm 77.0 5:59pm 0 7 0.26 4 22 5:36pm SW 29.87 67 17 84.9 89.3 5:08pm 78.1 12:00am 0 8 0.00 2 12 12:37am SW 29.88 69 18 87.2 91.8 2:11pm 76.3 7:03am 0 21 0.00 4 17 5:36pm ESE 29.91 67 19 0.0 79.9 12:44am 79.9 12:44am 0 0 0.00 0 3 12:44am --- 0.00 0 20 83.8 91.8 3:07pm 75.8 9:03pm 0 11 0.07 3 21 6:11pm ENE 29.95 78 21 83.0 92.5 2:37pm 78.5 12:00am 0 16 0.03 2 16 3:00pm E 29.94 84 22 85.6 92.9 3:31pm 78.5 2:53am 0 12 0.00 3 15 5:25pm ESE 29.91 71 23 85.6 91.8 2:01pm 78.1 3:34am 0 13 0.00 5 21 2:20pm E 29.90 70 24 0.0 83.0 9:35am 83.0 9:35am 0 0 0.00 0 3 9:35am --- 0.00 0 25 84.6 92.1 1:55pm 77.6 6:00pm 0 12 0.48 3 19 5:40pm E 29.93 77 26 83.8 90.3 2:26pm 78.3 12:08am 0 17 0.00 3 15 4:36pm W 29.89 79 27 84.3 88.0 3:28pm 80.9 1:21am 0 11 0.30 5 19 3:10pm WNW 29.84 79 28 82.6 88.6 4:20pm 77.2 11:58pm 0 16 0.02 3 14 4:10pm NW 29.88 80 29 81.4 88.6 3:11pm 75.6 2:01am 0 16 0.00 3 18 1:39pm WNW 29.90 79 30 78.7 86.1 1:37pm 73.0 9:05am 0 12 0.00 3 21 7:55am NW 29.91 67 --------------------------------------------------------------------------------------- TOT 82.6 92.9 9/22/09 73.0 9/30/09 0 360 9.07 3 32 9/19/09 E 29.90 78 HEAT BASE: 65.0 COOL BASE: 65.0
 
  
Hurricane Tracker

Hurricane Tracker
Hurricane Tracker
2017 Storm Tracker Forum


Atlantic Storms
No Storms


Sponsored Links

Recent Forum Posts

New Post
SW FL-Bonita Beach: Sharks, Grouper, Snapper; Sheeps, Drum
Posted by
fishbuster on Nov 30, 2017 at 02:32:09 PM


New Post
SW FL-Bonita Beach:Nice trout Inshore;Keeper Mutton Offshore
Posted by
fishbuster on Nov 09, 2017 at 02:17:33 PM


New Post
Philippe- Final Advisory
Posted by
ccstorms on Oct 29, 2017 at 05:36:13 PM


New Post
Invest 92L- Deactivated
Posted by
ccstorms on Oct 17, 2017 at 06:12:31 AM


New Post
Ophelia- Final Advisory
Posted by
ccstorms on Oct 16, 2017 at 06:32:58 AM


New Post
Nate- Final Advisory
Posted by
ccstorms on Oct 08, 2017 at 02:04:43 PM


***FORUM RULES***

Member Login
Username

Password


Join For Free!!
Click here to Register!

Total Hits
We received
79804604
page views since June 2005

Sponsored Links

Social Networks

Southwest Florida Weather | Central Florida Weather | Florida Weather

Cape Coral | Fort Myers | Bonita Springs | Naples | Punta Gorda | Port Charlotte | Estero | Sanibel | Lehigh Acres | Captiva | Pine Island | Bokeelia | St. James City | Alva | Arcadia | Labelle | Clewiston | Venice

Lee County | Charlotte County | Collier County | Hendry County | Desoto County
Glades County | Monroe County | Sarasota County | Manatee County
Hillsborough County | Pinellas County | Pasco County

Recommend us




Copyright Capeweather.com 2005-2017

DO NOT make decisions that affect life or property based on this data!
PHP-Nuke Copyright © 2004 by Francisco Burzi. This is free software, and you may redistribute it under the GPL. PHP-Nuke comes with absolutely no warranty, for details, see the license.
Page Generation: 0.22 Seconds