Southwest Florida Weather History, Yearly, Monthly, Daily, Records
 Click here to register!Home | Advertise | Forum | Live Webcams | Contact Us | Tell a Friend | Your Account  

Lee County Forecast & Temp
Today

Today: Mostly sunny, with a high near 84. East wind 7 to 13 mph, with gusts as high as 18 mph.
Mostly Sunny
Tonight

Tonight: Mostly clear, with a low around 66. East wind 7 to 9 mph.
Mostly Clear
Hi 84 °FLo 66 °F
Extended Forecast
Florida Weather Forecast

Southwest Florida Webcams

Main Navigation
Weather
· Home
· Current Conditions
· Storm Warnings
· Station Graphs
· Storm Fronts
· Station History
· Drought Index
· Storm Reports
· Rainfall Estimates
· Fire Graphs

Doppler Radar
· Lee County
· Charlotte County
· Collier County
· Hendry County
· Desoto County
· Glades County
· Sarasota County
· Manatee County
· Hillsborough County
· Pinellas County
· Pasco County
· Southwest Florida
· Florida
· State Radars
· National

Satellite
· South Florida
· North Florida
· Regional
· National

Forecast
· Extended
· Marine
· Discussion
· Florida Forecast
· Hazardous Outlook
· Wave Heights
· Fire

Lightning
· Live
· Tracker
· Loop
· Network
· WASP
· WASP Loop

Tropical Weather
· Hurricane Tracker
· Tropical Satellite
· Sea Temperature
· Discussion
· Buoy Data
· Tracking Tools
· Monthly Summary

Moon and Tides
· Tides
· Moon Phase

Live Products

Fishing Reports

Local News

Other Info

  
 

Southwest Florida Monthly and Yearly Weather Reports

2018: Jan | Feb | Mar | Apr | May | Jun | Jul | Aug | Sep | Oct | Nov | Dec 
2017: Jan | Feb | Mar | Apr | May | Jun | Jul | Aug | Sep | Oct | Nov | Dec 
2016: Jan | Feb | Mar | Apr | May | Jun | Jul | Aug | Sep | Oct | Nov | Dec 
2015: Jan | Feb | Mar | Apr | May | Jun | Jul | Aug | Sep | Oct | Nov | Dec 
2014: Jan | Feb | Mar | Apr | May | Jun | Jul | Aug | Sep | Oct | Nov | Dec 
2013: Jan | Feb | Mar | Apr | May | Jun | Jul | Aug | Sep | Oct | Nov | Dec 
2012: Jan | Feb | Mar | Apr | May | Jun | Jul | Aug | Sep | Oct | Nov | Dec 
2011: Jan | Feb | Mar | Apr | May | Jun | Jul | Aug | Sep | Oct | Nov | Dec 
2010: Jan | Feb | Mar | Apr | May | Jun | Jul | Aug | Sep | Oct | Nov | Dec 
2009: Jan | Feb | Mar | Apr | May | Jun | Jul | Aug | Sep | Oct | Nov | Dec 
2008: Jan | Feb | Mar | Apr | May | Jun | Jul | Aug | Sep | Oct | Nov | Dec 
2007: Jan | Feb | Mar | Apr | May | Jun | Jul | Aug | Sep | Oct | Nov | Dec 
2006: Jan | Feb | Mar | Apr | May | Jun | Jul | Aug | Sep | Oct | Nov | Dec 
2005: Jan | Feb | Mar | Apr | May | Jun | Jul | Aug | Sep | Oct | Nov | Dec 

Report for 2009 07
MONTHLY CLIMATOLOGICAL SUMMARY FOR 7/2009 HEAT COOL MEAN DEG DEG WIND SPEED DOM MEAN MEAN DAY TEMP HIGH TIME LOW TIME DAYS DAYS RAIN AVG HI TIME DIR BAROM HUM --------------------------------------------------------------------------------------- 1 82.8 88.8 3:39pm 76.1 8:02pm 0 18 0.63 7 23 4:25pm SW 29.85 81 2 81.6 87.8 1:39pm 77.4 12:00am 0 17 0.18 5 29 2:42pm SW 29.96 82 3 81.8 87.8 2:01pm 75.6 7:04am 0 17 0.01 4 18 3:07pm WNW 30.01 81 4 83.1 88.4 1:46pm 78.1 6:44am 0 18 0.00 4 17 1:34pm WNW 29.98 80 5 83.3 89.5 3:31pm 77.6 6:06am 0 18 0.00 3 15 2:22pm WSW 29.95 78 6 84.0 88.6 2:04pm 79.8 7:25am 0 19 0.01 5 19 3:29pm WSW 29.91 74 7 84.4 88.8 3:39pm 81.8 1:11am 0 19 0.01 7 20 2:11pm WSW 29.89 75 8 84.9 89.3 4:00pm 81.4 1:17am 0 20 0.00 6 20 3:54pm WSW 29.91 74 9 82.5 90.1 1:23pm 77.4 11:53pm 0 17 0.00 4 19 6:53pm NE 29.99 78 10 83.6 92.7 4:36pm 75.8 11:58pm 0 19 0.00 3 25 11:36pm SW 30.06 68 11 82.2 92.5 1:14pm 74.4 6:38am 0 17 0.00 4 19 4:15pm ENE 30.08 68 12 82.4 90.5 1:34pm 73.7 6:05am 0 17 0.00 3 16 5:58pm WNW 30.06 70 13 83.1 89.3 2:36pm 76.7 6:30am 0 18 0.00 4 19 3:16pm W 29.98 73 14 84.7 91.2 3:04pm 78.8 7:02am 0 20 0.00 3 15 4:06pm W 29.99 71 15 84.9 93.8 2:50pm 78.5 5:33am 0 20 0.00 3 17 4:11pm E 30.05 69 16 84.8 92.9 3:16pm 76.7 6:30am 0 20 0.00 3 17 4:45pm ESE 30.02 70 17 84.7 91.4 3:03pm 78.8 6:20am 0 20 0.00 3 17 3:17pm WNW 30.00 73 18 85.5 91.0 2:54pm 79.9 4:27am 0 19 0.00 4 19 4:48pm WNW 30.02 71 19 83.5 91.0 2:49pm 77.2 6:21am 0 18 0.00 3 26 4:57pm WNW 30.03 72 20 78.2 86.7 10:06am 71.3 11:48am 0 13 0.17 2 19 10:47am ESE 29.97 75 21 80.8 93.8 1:58pm 72.8 6:52am 0 16 0.55 2 19 4:55pm NE 29.94 75 22 83.7 95.4 5:13pm 73.5 6:55am 0 19 0.00 3 16 6:05pm E 29.92 72 23 84.8 93.2 12:30pm 76.5 6:39am 0 20 0.00 3 15 6:55pm WNW 29.93 71 24 84.9 93.6 1:23pm 77.2 6:20am 0 19 0.00 3 17 4:14pm WNW 29.94 72 25 82.1 91.6 1:07pm 76.5 8:03pm 0 17 0.01 3 22 7:35pm NNW 29.99 77 26 82.4 90.3 3:13pm 75.4 5:56am 0 17 0.07 3 15 5:28pm SW 30.03 77 27 82.6 92.3 3:05pm 75.4 6:27am 0 18 0.02 3 19 4:40pm ESE 30.03 71 28 81.9 92.5 11:53am 75.8 5:52am 0 17 0.03 2 17 2:50pm E 29.99 78 29 83.2 92.1 3:43pm 77.6 4:30am 0 18 0.00 3 15 1:59pm ESE 29.99 78 30 81.6 93.6 3:09pm 76.8 10:23pm 0 17 0.00 3 22 3:48pm ESE 30.03 79 31 81.4 91.4 2:21pm 76.3 2:54am 0 16 0.00 3 24 3:05pm E 30.07 80 --------------------------------------------------------------------------------------- TOT 83.1 95.4 7/22/09 71.3 7/20/09 0 558 1.69 4 29 7/2/09 W 29.99 75 HEAT BASE: 65.0 COOL BASE: 65.0
 
  
Hurricane Tracker

Hurricane Tracker
Hurricane Tracker
2017 Storm Tracker Forum


Atlantic Storms
No Storms


Sponsored Links

Recent Forum Posts

New Post
Fishing Guides Thoughts
Posted by
captruss on Feb 19, 2018 at 01:51:59 PM


New Post
2018 Atlantic Basin Hurricane Names
Posted by
chris on Feb 18, 2018 at 07:34:49 PM


***FORUM RULES***

Member Login
Username

Password


Join For Free!!
Click here to Register!

Total Hits
We received
81551450
page views since June 2005

Sponsored Links

Social Networks

Southwest Florida Weather | Central Florida Weather | Florida Weather

Cape Coral | Fort Myers | Bonita Springs | Naples | Punta Gorda | Port Charlotte | Estero | Sanibel | Lehigh Acres | Captiva | Pine Island | Bokeelia | St. James City | Alva | Arcadia | Labelle | Clewiston | Venice

Lee County | Charlotte County | Collier County | Hendry County | Desoto County
Glades County | Monroe County | Sarasota County | Manatee County
Hillsborough County | Pinellas County | Pasco County

Recommend us




Copyright Capeweather.com 2005-2017

DO NOT make decisions that affect life or property based on this data!
PHP-Nuke Copyright © 2004 by Francisco Burzi. This is free software, and you may redistribute it under the GPL. PHP-Nuke comes with absolutely no warranty, for details, see the license.
Page Generation: 0.22 Seconds