Southwest Florida Weather History, Yearly, Monthly, Daily, Records
 Click here to register!Home | Advertise | Forum | Live Webcams | Contact Us | Tell a Friend | Your Account  

Lee County Forecast
Tonight

Tonight: Partly cloudy, with a low around 77. East southeast wind around 5 mph becoming calm  after midnight.
Partly Cloudy
Monday

Monday: Isolated showers and thunderstorms before 5pm.  Mostly sunny, with a high near 92. Heat index values as high as 102. Light and variable wind becoming southwest 5 to 9 mph in the morning.  Chance of precipitation is 20%.
Isolated
T-storms
Lo 77 °FHi 92 °F
Extended Forecast
Florida Weather Forecast

Southwest Florida Webcams

Main Navigation
Weather
· Home
· Current Conditions
· Storm Warnings
· Station Graphs
· Storm Fronts
· Temperature Map
· Station History
· Drought Index
· Storm Reports
· Rainfall Estimates
· Fire Graphs

Doppler Radar
· Lee County
· Charlotte County
· Collier County
· Hendry County
· Desoto County
· Glades County
· Sarasota County
· Manatee County
· Hillsborough County
· Pinellas County
· Pasco County
· Southwest Florida
· Florida
· State Radars
· National

Satellite
· South Florida
· North Florida
· Regional
· National

Forecast
· Extended
· Marine
· Discussion
· Florida Forecast
· Hazardous Outlook
· Wave Heights
· Fire

Lightning
· Live
· Tracker
· Loop
· Network
· WASP
· WASP Loop
· 3 Hour Forecast

Tropical Weather
· Hurricane Tracker
· Tropical Satellite
· Sea Temperature
· Discussion
· Buoy Data
· Tracking Tools
· Jeff Masters Blog
· Monthly Summary

Moon and Tides
· Tides
· Moon Phase

Live Products

Fishing Reports

Local News

Other Info

  
 

Southwest Florida Monthly and Yearly Weather Reports

2017: Jan | Feb | Mar | Apr | May | Jun | Jul | Aug | Sep | Oct | Nov | Dec 
2016: Jan | Feb | Mar | Apr | May | Jun | Jul | Aug | Sep | Oct | Nov | Dec 
2015: Jan | Feb | Mar | Apr | May | Jun | Jul | Aug | Sep | Oct | Nov | Dec 
2014: Jan | Feb | Mar | Apr | May | Jun | Jul | Aug | Sep | Oct | Nov | Dec 
2013: Jan | Feb | Mar | Apr | May | Jun | Jul | Aug | Sep | Oct | Nov | Dec 
2012: Jan | Feb | Mar | Apr | May | Jun | Jul | Aug | Sep | Oct | Nov | Dec 
2011: Jan | Feb | Mar | Apr | May | Jun | Jul | Aug | Sep | Oct | Nov | Dec 
2010: Jan | Feb | Mar | Apr | May | Jun | Jul | Aug | Sep | Oct | Nov | Dec 
2009: Jan | Feb | Mar | Apr | May | Jun | Jul | Aug | Sep | Oct | Nov | Dec 
2008: Jan | Feb | Mar | Apr | May | Jun | Jul | Aug | Sep | Oct | Nov | Dec 
2007: Jan | Feb | Mar | Apr | May | Jun | Jul | Aug | Sep | Oct | Nov | Dec 
2006: Jan | Feb | Mar | Apr | May | Jun | Jul | Aug | Sep | Oct | Nov | Dec 
2005: Jan | Feb | Mar | Apr | May | Jun | Jul | Aug | Sep | Oct | Nov | Dec 

Report for 2009 06
MONTHLY CLIMATOLOGICAL SUMMARY FOR 6/2009 HEAT COOL MEAN DEG DEG WIND SPEED DOM MEAN MEAN DAY TEMP HIGH TIME LOW TIME DAYS DAYS RAIN AVG HI TIME DIR BAROM HUM --------------------------------------------------------------------------------------- 1 79.2 89.0 2:38pm 69.9 6:39am 0 14 0.00 4 16 6:40pm NW 29.97 68 2 78.0 88.6 3:18pm 70.8 11:52pm 0 13 0.40 3 31 3:54pm ESE 29.99 77 3 78.5 87.8 3:42pm 70.6 12:05am 0 13 0.25 3 16 3:43pm E 29.96 78 4 80.3 88.0 1:49pm 73.0 12:56am 0 15 0.02 3 18 3:07pm SW 29.90 81 5 79.9 87.0 2:23pm 69.6 3:13am 0 15 1.57 5 32 4:54pm WSW 29.85 79 6 80.1 85.7 12:09pm 71.8 7:24am 0 15 0.03 6 27 6:09am WSW 29.90 78 7 78.4 86.5 12:14pm 73.2 3:26am 0 13 0.02 4 28 1:31pm SE 29.96 78 8 78.6 86.7 11:27am 72.0 6:28am 0 14 0.21 3 19 7:36pm ESE 29.94 79 9 79.6 87.2 3:43pm 72.8 5:14am 0 14 0.00 4 18 12:34pm NW 29.92 79 10 81.5 89.7 12:44pm 76.1 5:34am 0 17 0.11 5 25 2:38pm N 29.89 81 11 83.6 91.6 1:22pm 76.0 6:23am 0 19 0.00 4 19 4:11pm NW 29.88 72 12 83.5 91.4 1:15pm 76.3 6:21am 0 18 0.00 4 20 5:09pm NNE 29.90 69 13 83.2 91.8 2:40pm 74.6 4:51am 0 18 0.00 4 18 6:13pm NW 29.95 69 14 82.4 90.7 12:52pm 75.1 6:30am 0 17 0.00 5 18 5:10pm NW 29.96 74 15 83.7 90.5 12:32pm 77.4 6:28am 0 19 0.00 4 16 4:48pm NW 29.95 75 16 84.1 89.7 4:02pm 79.2 6:44am 0 19 0.00 4 17 4:35pm NW 29.95 73 17 83.4 96.1 3:48pm 75.3 4:34am 0 18 0.16 4 20 7:38pm ENE 29.95 73 18 82.1 91.8 11:52am 72.3 7:45pm 0 17 0.28 4 41 6:23pm ESE 29.91 78 19 82.3 92.1 2:27pm 72.3 3:39am 0 17 0.00 3 19 5:25pm NW 29.89 74 20 83.8 89.3 2:58pm 78.1 5:51am 0 18 0.07 4 19 4:03pm WNW 29.88 80 21 84.9 90.3 2:19pm 80.9 6:57am 0 20 0.00 7 21 5:12pm WNW 29.85 78 22 85.5 90.5 2:12pm 81.8 1:40am 0 20 0.00 10 24 10:11am WNW 29.77 79 23 85.8 89.3 11:53am 83.6 4:22am 0 21 0.00 12 28 4:55pm WNW 29.72 81 24 80.3 85.9 11:48am 75.4 5:40am 0 15 0.78 3 19 3:47pm WNW 29.77 84 25 81.7 86.5 12:57pm 76.7 3:08am 0 17 0.00 5 20 6:04pm SW 29.85 81 26 80.0 84.5 11:06am 73.3 7:37am 0 15 0.68 6 28 7:05am SW 29.91 82 27 83.7 88.4 2:20pm 79.2 5:26am 0 18 0.00 4 17 11:26am SW 29.93 75 28 83.0 87.4 11:47am 79.9 1:34am 0 18 0.00 6 23 7:18pm WSW 29.88 76 29 82.4 86.3 11:29am 77.2 2:09pm 0 17 0.06 9 30 1:49pm WSW 29.81 80 30 82.5 87.8 1:17pm 76.8 5:18pm 0 17 0.70 8 29 8:56am WSW 29.80 82 --------------------------------------------------------------------------------------- TOT 81.9 96.1 6/17/09 69.6 6/5/09 0 502 5.35 5 41 6/18/09 WNW 29.89 77 HEAT BASE: 65.0 COOL BASE: 65.0
 
  
Hurricane Tracker

Hurricane Tracker
Hurricane Tracker
2017 Storm Tracker Forum


Atlantic Storms
No Storms


Sponsored Links

Recent Forum Posts

New Post
SW FL-Bonita Beach: Grouper, snapper, redfish, black drum
Posted by
fishbuster on Jul 20, 2017 at 11:36:41 AM


New Post
Some webcams are offline due to lightning
Posted by
chris on Jul 17, 2017 at 10:23:12 PM


New Post
Surely 50MPH sustained this afternoon
Posted by
chris on Jul 12, 2017 at 08:56:15 PM


New Post
Tropical Depression 4 now Remnant Low 7/7
Posted by
ccstorms on Jul 10, 2017 at 06:30:03 PM


New Post
SW FL-Bonita Beach: June wrap-up--Grouper, Snapper, Shark
Posted by
fishbuster on Jul 01, 2017 at 10:12:57 AM


New Post
Lightning strikes pregnant woman, discount store in FM
Posted by
chris on Jun 29, 2017 at 07:31:54 PM


***FORUM RULES***

Sponsored Links

Member Login
Username

Password


Join For Free!!
Click here to Register!

Total Hits
We received
74757521
page views since June 2005

Free Weather Graphics

Free weather stickers

Add a weather graphic to your website with the latest conditions!
Click for Details

Sponsored Links

Social Networks

Southwest Florida Weather | Central Florida Weather | Florida Weather

Cape Coral | Fort Myers | Bonita Springs | Naples | Punta Gorda | Port Charlotte | Estero | Sanibel | Lehigh Acres | Captiva | Pine Island | Bokeelia | St. James City | Alva | Arcadia | Labelle | Clewiston | Venice

Lee County | Charlotte County | Collier County | Hendry County | Desoto County
Glades County | Monroe County | Sarasota County | Manatee County
Hillsborough County | Pinellas County | Pasco County

Recommend us




Copyright Capeweather.com 2005-2017

DO NOT make decisions that affect life or property based on this data!
PHP-Nuke Copyright © 2004 by Francisco Burzi. This is free software, and you may redistribute it under the GPL. PHP-Nuke comes with absolutely no warranty, for details, see the license.
Page Generation: 0.21 Seconds