Southwest Florida Weather History, Yearly, Monthly, Daily, Records
 Click here to register!Home | Advertise | Forum | Live Webcams | Contact Us | Tell a Friend | Your Account  

Lee County Forecast
Tonight

Tonight: Mostly clear, with a low around 49. Light and variable wind.
Mostly Clear
Thursday

Thursday: Mostly sunny, with a high near 71. Calm wind becoming southwest 5 to 8 mph in the morning.
Mostly Sunny
Lo 49 °FHi 71 °F
Extended Forecast
Florida Weather Forecast

Southwest Florida Webcams

Main Navigation
Weather
· Home
· Current Conditions
· Storm Warnings
· Station Graphs
· Storm Fronts
· Station History
· Drought Index
· Storm Reports
· Rainfall Estimates
· Fire Graphs

Doppler Radar
· Lee County
· Charlotte County
· Collier County
· Hendry County
· Desoto County
· Glades County
· Sarasota County
· Manatee County
· Hillsborough County
· Pinellas County
· Pasco County
· Southwest Florida
· Florida
· State Radars
· National

Satellite
· South Florida
· North Florida
· Regional
· National

Forecast
· Extended
· Marine
· Discussion
· Florida Forecast
· Hazardous Outlook
· Wave Heights
· Fire

Lightning
· Live
· Tracker
· Loop
· Network
· WASP
· WASP Loop

Tropical Weather
· Hurricane Tracker
· Tropical Satellite
· Sea Temperature
· Discussion
· Buoy Data
· Tracking Tools
· Monthly Summary

Moon and Tides
· Tides
· Moon Phase

Live Products

Fishing Reports

Local News

Other Info

Support Us

Support Capeweather.com
donations

If you find this website useful, consider making
a donation.

Click here to learn more


  
 

Southwest Florida Monthly and Yearly Weather Reports

2017: Jan | Feb | Mar | Apr | May | Jun | Jul | Aug | Sep | Oct | Nov | Dec 
2016: Jan | Feb | Mar | Apr | May | Jun | Jul | Aug | Sep | Oct | Nov | Dec 
2015: Jan | Feb | Mar | Apr | May | Jun | Jul | Aug | Sep | Oct | Nov | Dec 
2014: Jan | Feb | Mar | Apr | May | Jun | Jul | Aug | Sep | Oct | Nov | Dec 
2013: Jan | Feb | Mar | Apr | May | Jun | Jul | Aug | Sep | Oct | Nov | Dec 
2012: Jan | Feb | Mar | Apr | May | Jun | Jul | Aug | Sep | Oct | Nov | Dec 
2011: Jan | Feb | Mar | Apr | May | Jun | Jul | Aug | Sep | Oct | Nov | Dec 
2010: Jan | Feb | Mar | Apr | May | Jun | Jul | Aug | Sep | Oct | Nov | Dec 
2009: Jan | Feb | Mar | Apr | May | Jun | Jul | Aug | Sep | Oct | Nov | Dec 
2008: Jan | Feb | Mar | Apr | May | Jun | Jul | Aug | Sep | Oct | Nov | Dec 
2007: Jan | Feb | Mar | Apr | May | Jun | Jul | Aug | Sep | Oct | Nov | Dec 
2006: Jan | Feb | Mar | Apr | May | Jun | Jul | Aug | Sep | Oct | Nov | Dec 
2005: Jan | Feb | Mar | Apr | May | Jun | Jul | Aug | Sep | Oct | Nov | Dec 

Report for 2009 05
MONTHLY CLIMATOLOGICAL SUMMARY FOR 5/2009 HEAT COOL MEAN DEG DEG WIND SPEED DOM MEAN MEAN DAY TEMP HIGH TIME LOW TIME DAYS DAYS RAIN AVG HI TIME DIR BAROM HUM --------------------------------------------------------------------------------------- 1 75.3 85.7 1:58pm 65.6 6:41am 0 10 0.00 4 18 9:52am ESE 30.13 69 2 76.0 84.3 3:19pm 67.3 6:14am 0 11 0.00 3 19 3:50pm W 30.06 73 3 76.9 84.0 3:39pm 68.9 4:22am 0 12 0.05 5 21 2:38pm SSW 30.01 74 4 76.7 84.0 1:18pm 67.1 6:08am 0 12 0.00 4 19 10:56am SE 30.01 73 5 77.7 85.1 4:04pm 69.3 6:52am 0 13 0.00 3 17 2:26pm WSW 30.01 74 6 78.1 85.3 4:28pm 71.3 6:35am 0 13 0.04 4 16 1:17pm SSE 30.01 72 7 78.3 85.5 2:50pm 71.3 4:45am 0 13 0.00 4 20 3:07pm WNW 29.98 74 8 78.8 85.7 2:52pm 71.6 6:45am 0 14 0.00 4 17 2:02pm WNW 29.98 74 9 79.6 89.0 2:35pm 71.3 6:46am 0 15 0.00 3 17 3:16pm W 30.01 72 10 80.3 91.2 12:30pm 70.8 6:31am 0 15 0.00 4 20 7:44pm W 30.02 68 11 79.8 89.5 1:48pm 69.8 6:59am 0 15 0.00 5 23 5:01pm WNW 29.98 65 12 78.6 88.4 2:43pm 69.6 6:42am 0 13 0.00 5 21 5:27pm N 29.97 70 13 77.2 89.5 1:23pm 69.6 6:09am 0 12 0.28 4 23 2:01pm E 30.01 76 14 76.8 91.2 2:38pm 70.3 3:35am 0 12 0.12 4 26 5:11pm ENE 30.05 81 15 77.1 90.5 1:26pm 71.3 6:24am 0 12 0.40 4 22 2:08pm E 30.03 80 16 78.3 89.0 12:55pm 71.3 5:51am 0 13 0.45 4 21 7:44pm E 29.99 75 17 77.6 87.4 12:22pm 71.5 6:45am 0 13 0.34 3 19 5:05pm E 29.93 78 18 72.7 80.9 1:14pm 68.3 11:40pm 0 8 0.45 4 25 2:38pm ENE 29.85 90 19 71.9 82.6 4:14pm 67.9 12:18am 0 7 0.17 5 18 11:27am NE 29.79 86 20 75.1 84.7 2:06pm 68.6 5:02am 0 10 0.05 5 22 4:35pm ENE 29.79 79 21 74.8 81.2 4:27pm 70.9 1:08am 0 9 0.59 3 17 9:39am ESE 29.83 86 22 77.9 88.2 2:05pm 71.8 8:02am 0 13 0.20 4 25 8:14pm ESE 29.85 78 23 79.3 87.6 3:13pm 73.2 4:56am 0 14 0.00 4 15 12:33pm ESE 29.89 80 24 78.7 88.2 3:14pm 72.1 4:33am 0 14 0.02 3 15 3:20pm ESE 29.91 78 25 78.3 87.0 3:46pm 72.3 2:07am 0 13 0.00 4 23 8:40pm ESE 29.87 79 26 78.9 86.7 1:27pm 70.9 6:47am 0 14 0.03 4 22 11:39pm SW 29.86 77 27 79.3 87.6 1:30pm 70.4 1:23am 0 14 0.07 4 17 2:29pm WSW 29.88 80 28 80.6 87.4 3:28pm 74.4 3:20am 0 16 0.00 5 21 12:31pm SW 29.88 78 29 80.7 86.1 1:38pm 77.2 12:00am 0 16 0.01 7 21 3:22pm WSW 29.90 78 30 81.2 85.5 2:11pm 77.2 11:58pm 0 16 0.04 7 22 1:54pm W 29.89 78 31 79.8 87.6 6:35pm 72.8 6:45am 0 15 0.01 3 16 3:55pm NW 29.92 68 --------------------------------------------------------------------------------------- TOT 77.8 91.2 5/10/09 65.6 5/1/09 0 396 3.32 4 26 5/14/09 ESE 29.95 76 HEAT BASE: 65.0 COOL BASE: 65.0
 
  
Hurricane Tracker

Hurricane Tracker
Hurricane Tracker
2017 Storm Tracker Forum


Atlantic Storms
No Storms


Sponsored Links

Recent Forum Posts

New Post
SW FL-Bonita Beach: Sharks, Grouper, Snapper; Sheeps, Drum
Posted by
fishbuster on Nov 30, 2017 at 02:32:09 PM


New Post
SW FL-Bonita Beach:Nice trout Inshore;Keeper Mutton Offshore
Posted by
fishbuster on Nov 09, 2017 at 02:17:33 PM


New Post
Philippe- Final Advisory
Posted by
ccstorms on Oct 29, 2017 at 05:36:13 PM


New Post
Invest 92L- Deactivated
Posted by
ccstorms on Oct 17, 2017 at 06:12:31 AM


New Post
Ophelia- Final Advisory
Posted by
ccstorms on Oct 16, 2017 at 06:32:58 AM


New Post
Nate- Final Advisory
Posted by
ccstorms on Oct 08, 2017 at 02:04:43 PM


***FORUM RULES***

Member Login
Username

Password


Join For Free!!
Click here to Register!

Total Hits
We received
79804610
page views since June 2005

Sponsored Links

Social Networks

Southwest Florida Weather | Central Florida Weather | Florida Weather

Cape Coral | Fort Myers | Bonita Springs | Naples | Punta Gorda | Port Charlotte | Estero | Sanibel | Lehigh Acres | Captiva | Pine Island | Bokeelia | St. James City | Alva | Arcadia | Labelle | Clewiston | Venice

Lee County | Charlotte County | Collier County | Hendry County | Desoto County
Glades County | Monroe County | Sarasota County | Manatee County
Hillsborough County | Pinellas County | Pasco County

Recommend us




Copyright Capeweather.com 2005-2017

DO NOT make decisions that affect life or property based on this data!
PHP-Nuke Copyright © 2004 by Francisco Burzi. This is free software, and you may redistribute it under the GPL. PHP-Nuke comes with absolutely no warranty, for details, see the license.
Page Generation: 0.22 Seconds