Southwest Florida Weather History, Yearly, Monthly, Daily, Records
 Click here to register!Home | Advertise | Forum | Live Webcams | Contact Us | Tell a Friend | Your Account  

Lee County Forecast
Today

Today: A 20 percent chance of showers and thunderstorms after 1pm.  Patchy fog before 8am.  Otherwise, mostly sunny, with a high near 81. Light and variable wind becoming west northwest around 6 mph in the afternoon.
Patchy Fog
then Slight
Chance
T-storms
Tonight

Tonight: A 20 percent chance of showers and thunderstorms before 1am.  Mostly cloudy, with a low around 66. Light and variable wind becoming east 5 to 7 mph in the evening.
Slight Chance
T-storms

Hi 81 °FLo 66 °F
Extended Forecast
Florida Weather Forecast

Southwest Florida Webcams

Main Navigation
Weather
· Home
· Current Conditions
· Storm Warnings
· Station Graphs
· Storm Fronts
· Station History
· Drought Index
· Storm Reports
· Rainfall Estimates
· Fire Graphs

Doppler Radar
· Lee County
· Charlotte County
· Collier County
· Hendry County
· Desoto County
· Glades County
· Sarasota County
· Manatee County
· Hillsborough County
· Pinellas County
· Pasco County
· Southwest Florida
· Florida
· State Radars
· National

Satellite
· South Florida
· North Florida
· Regional
· National

Forecast
· Extended
· Marine
· Discussion
· Florida Forecast
· Hazardous Outlook
· Wave Heights
· Fire

Lightning
· Live
· Tracker
· Loop
· Network
· WASP
· WASP Loop

Tropical Weather
· Hurricane Tracker
· Tropical Satellite
· Sea Temperature
· Discussion
· Buoy Data
· Tracking Tools
· Monthly Summary

Moon and Tides
· Tides
· Moon Phase

Live Products

Fishing Reports

Local News

Other Info

Support Us

Support Capeweather.com
donations

If you find this website useful, consider making
a donation.

Click here to learn more


  
 

Southwest Florida Monthly and Yearly Weather Reports

2017: Jan | Feb | Mar | Apr | May | Jun | Jul | Aug | Sep | Oct | Nov | Dec 
2016: Jan | Feb | Mar | Apr | May | Jun | Jul | Aug | Sep | Oct | Nov | Dec 
2015: Jan | Feb | Mar | Apr | May | Jun | Jul | Aug | Sep | Oct | Nov | Dec 
2014: Jan | Feb | Mar | Apr | May | Jun | Jul | Aug | Sep | Oct | Nov | Dec 
2013: Jan | Feb | Mar | Apr | May | Jun | Jul | Aug | Sep | Oct | Nov | Dec 
2012: Jan | Feb | Mar | Apr | May | Jun | Jul | Aug | Sep | Oct | Nov | Dec 
2011: Jan | Feb | Mar | Apr | May | Jun | Jul | Aug | Sep | Oct | Nov | Dec 
2010: Jan | Feb | Mar | Apr | May | Jun | Jul | Aug | Sep | Oct | Nov | Dec 
2009: Jan | Feb | Mar | Apr | May | Jun | Jul | Aug | Sep | Oct | Nov | Dec 
2008: Jan | Feb | Mar | Apr | May | Jun | Jul | Aug | Sep | Oct | Nov | Dec 
2007: Jan | Feb | Mar | Apr | May | Jun | Jul | Aug | Sep | Oct | Nov | Dec 
2006: Jan | Feb | Mar | Apr | May | Jun | Jul | Aug | Sep | Oct | Nov | Dec 
2005: Jan | Feb | Mar | Apr | May | Jun | Jul | Aug | Sep | Oct | Nov | Dec 

Report for 2009 02
MONTHLY CLIMATOLOGICAL SUMMARY FOR 2/2009 HEAT COOL MEAN DEG DEG WIND SPEED DOM MEAN MEAN DAY TEMP HIGH TIME LOW TIME DAYS DAYS RAIN AVG HI TIME DIR BAROM HUM --------------------------------------------------------------------------------------- 1 57.0 73.0 2:38pm 43.3 1:38am 9 1 0.00 3 17 1:25pm ENE 30.17 63 2 63.5 73.5 12:50pm 56.5 12:00am 3 1 0.17 5 31 2:13pm E 29.93 87 3 58.3 64.5 12:00am 45.7 11:58pm 7 0 0.01 7 26 4:47pm NW 30.05 72 4 51.2 62.6 12:23pm 42.1 11:52pm 14 0 0.00 8 29 12:52pm NNW 30.29 68 5 44.4 59.3 3:53pm 32.1 6:58am 21 0 0.00 7 24 9:08am NE 30.47 38 6 52.7 71.3 3:13pm 36.5 4:00am 13 1 0.00 5 17 12:16pm NE 30.44 55 7 58.5 72.1 12:37pm 47.7 1:33am 8 1 0.00 4 21 4:03pm ENE 30.42 70 8 61.2 75.4 4:18pm 48.6 6:58am 6 3 0.00 4 19 3:51pm ENE 30.34 67 9 63.1 76.7 1:51pm 50.1 6:20am 5 3 0.00 4 17 3:06pm E 30.24 66 10 67.9 81.6 2:52pm 59.0 12:00am 2 5 0.00 3 16 12:56pm ENE 30.19 68 11 69.2 80.1 1:37pm 61.0 1:43am 1 5 0.00 4 23 1:39pm ESE 30.14 80 12 68.0 75.6 3:16pm 63.7 7:18am 0 3 0.00 3 15 12:54am WNW 30.13 90 13 67.7 78.1 12:16pm 61.0 11:19pm 1 3 0.01 3 13 8:36am N 30.07 87 14 65.1 73.3 11:29am 59.9 5:25am 2 2 0.00 3 14 2:58pm WNW 30.00 91 15 65.9 77.0 3:05pm 61.5 7:28am 1 2 0.01 3 13 3:28pm S 29.98 90 16 67.6 79.4 12:30pm 56.5 11:59pm 1 4 0.00 6 23 9:50am WNW 30.05 72 17 61.3 76.1 3:16pm 49.4 6:05am 6 2 0.00 6 18 8:12am ENE 30.16 65 18 64.9 74.7 2:46pm 54.5 2:30am 3 3 0.00 4 20 11:37am SSE 30.06 74 19 68.1 75.4 2:02pm 62.3 11:53pm 0 3 0.00 6 23 12:23pm SW 29.98 79 20 59.5 67.4 12:18pm 46.7 11:58pm 6 0 0.00 8 21 5:46am NNW 30.10 52 21 58.6 75.8 2:52pm 42.3 6:36am 9 2 0.00 4 16 10:11am ENE 30.15 57 22 64.0 77.4 1:57pm 53.6 6:02am 4 3 0.00 3 18 2:37pm NW 30.17 72 23 64.7 77.9 2:38pm 58.0 11:49pm 3 3 0.00 6 20 8:11am NE 30.22 64 24 64.9 80.5 3:18pm 58.0 12:00am 3 3 0.00 5 15 9:46am NE 30.19 63 25 67.4 78.1 2:17pm 60.5 11:55pm 1 3 0.00 6 17 5:25pm ESE 30.21 59 26 66.4 78.6 2:28pm 55.6 4:28am 3 4 0.00 5 17 3:36pm E 30.19 61 27 66.9 79.0 3:11pm 57.2 6:59am 2 4 0.00 4 18 11:18am E 30.08 70 28 68.6 77.9 3:07pm 59.9 12:04am 1 5 0.00 3 18 1:18pm SSW 30.01 76 --------------------------------------------------------------------------------------- TOT 62.7 81.6 2/10/09 32.1 2/5/09 134 71 0.20 5 31 2/2/09 ENE 30.16 70 HEAT BASE: 65.0 COOL BASE: 65.0
 
  
Hurricane Tracker

Hurricane Tracker
Hurricane Tracker
2017 Storm Tracker Forum


Atlantic Storms
No Storms


Sponsored Links

Recent Forum Posts

New Post
SW FL-Bonita Beach:Nice trout Inshore;Keeper Mutton Offshore
Posted by
fishbuster on Nov 09, 2017 at 02:17:33 PM


New Post
Philippe- Final Advisory
Posted by
ccstorms on Oct 29, 2017 at 05:36:13 PM


New Post
Invest 92L- Deactivated
Posted by
ccstorms on Oct 17, 2017 at 06:12:31 AM


New Post
Ophelia- Final Advisory
Posted by
ccstorms on Oct 16, 2017 at 06:32:58 AM


New Post
Nate- Final Advisory
Posted by
ccstorms on Oct 08, 2017 at 02:04:43 PM


New Post
SW FL-Bonita Beach: Fishing pre and post Hurricane Irma
Posted by
fishbuster on Oct 07, 2017 at 12:55:48 PM


***FORUM RULES***

Sponsored Links

Member Login
Username

Password


Join For Free!!
Click here to Register!

Total Hits
We received
79184133
page views since June 2005

Sponsored Links

Social Networks

Southwest Florida Weather | Central Florida Weather | Florida Weather

Cape Coral | Fort Myers | Bonita Springs | Naples | Punta Gorda | Port Charlotte | Estero | Sanibel | Lehigh Acres | Captiva | Pine Island | Bokeelia | St. James City | Alva | Arcadia | Labelle | Clewiston | Venice

Lee County | Charlotte County | Collier County | Hendry County | Desoto County
Glades County | Monroe County | Sarasota County | Manatee County
Hillsborough County | Pinellas County | Pasco County

Recommend us




Copyright Capeweather.com 2005-2017

DO NOT make decisions that affect life or property based on this data!
PHP-Nuke Copyright © 2004 by Francisco Burzi. This is free software, and you may redistribute it under the GPL. PHP-Nuke comes with absolutely no warranty, for details, see the license.
Page Generation: 0.22 Seconds