Southwest Florida Weather History, Yearly, Monthly, Daily, Records
 Click here to register!Home | Advertise | Forum | Live Webcams | Contact Us | Tell a Friend | Your Account  

Lee County Forecast
Tonight

Tonight: Mostly clear, with a low around 49. Light and variable wind.
Mostly Clear
Thursday

Thursday: Mostly sunny, with a high near 71. Calm wind becoming southwest 5 to 8 mph in the morning.
Mostly Sunny
Lo 49 °FHi 71 °F
Extended Forecast
Florida Weather Forecast

Southwest Florida Webcams

Main Navigation
Weather
· Home
· Current Conditions
· Storm Warnings
· Station Graphs
· Storm Fronts
· Station History
· Drought Index
· Storm Reports
· Rainfall Estimates
· Fire Graphs

Doppler Radar
· Lee County
· Charlotte County
· Collier County
· Hendry County
· Desoto County
· Glades County
· Sarasota County
· Manatee County
· Hillsborough County
· Pinellas County
· Pasco County
· Southwest Florida
· Florida
· State Radars
· National

Satellite
· South Florida
· North Florida
· Regional
· National

Forecast
· Extended
· Marine
· Discussion
· Florida Forecast
· Hazardous Outlook
· Wave Heights
· Fire

Lightning
· Live
· Tracker
· Loop
· Network
· WASP
· WASP Loop

Tropical Weather
· Hurricane Tracker
· Tropical Satellite
· Sea Temperature
· Discussion
· Buoy Data
· Tracking Tools
· Monthly Summary

Moon and Tides
· Tides
· Moon Phase

Live Products

Fishing Reports

Local News

Other Info

Support Us

Support Capeweather.com
donations

If you find this website useful, consider making
a donation.

Click here to learn more


  
 

Southwest Florida Monthly and Yearly Weather Reports

2017: Jan | Feb | Mar | Apr | May | Jun | Jul | Aug | Sep | Oct | Nov | Dec 
2016: Jan | Feb | Mar | Apr | May | Jun | Jul | Aug | Sep | Oct | Nov | Dec 
2015: Jan | Feb | Mar | Apr | May | Jun | Jul | Aug | Sep | Oct | Nov | Dec 
2014: Jan | Feb | Mar | Apr | May | Jun | Jul | Aug | Sep | Oct | Nov | Dec 
2013: Jan | Feb | Mar | Apr | May | Jun | Jul | Aug | Sep | Oct | Nov | Dec 
2012: Jan | Feb | Mar | Apr | May | Jun | Jul | Aug | Sep | Oct | Nov | Dec 
2011: Jan | Feb | Mar | Apr | May | Jun | Jul | Aug | Sep | Oct | Nov | Dec 
2010: Jan | Feb | Mar | Apr | May | Jun | Jul | Aug | Sep | Oct | Nov | Dec 
2009: Jan | Feb | Mar | Apr | May | Jun | Jul | Aug | Sep | Oct | Nov | Dec 
2008: Jan | Feb | Mar | Apr | May | Jun | Jul | Aug | Sep | Oct | Nov | Dec 
2007: Jan | Feb | Mar | Apr | May | Jun | Jul | Aug | Sep | Oct | Nov | Dec 
2006: Jan | Feb | Mar | Apr | May | Jun | Jul | Aug | Sep | Oct | Nov | Dec 
2005: Jan | Feb | Mar | Apr | May | Jun | Jul | Aug | Sep | Oct | Nov | Dec 

Report for 2009 01
MONTHLY CLIMATOLOGICAL SUMMARY FOR 1/2009 HEAT COOL MEAN DEG DEG WIND SPEED DOM MEAN MEAN DAY TEMP HIGH TIME LOW TIME DAYS DAYS RAIN AVG HI TIME DIR BAROM HUM --------------------------------------------------------------------------------------- 1 64.7 77.7 3:11pm 52.8 7:30am 3 3 0.00 6 18 4:52pm E 30.06 71 2 67.3 77.2 1:50pm 59.8 7:09am 1 4 0.00 3 14 11:58am E 30.06 77 3 68.6 78.8 3:23pm 59.8 6:37am 1 5 0.00 2 12 10:40am ESE 30.05 76 4 69.2 81.4 3:01pm 60.2 7:14am 1 5 0.00 2 12 4:41pm E 30.07 77 5 70.1 80.7 1:03pm 63.4 4:45am 0 5 0.00 2 11 3:48pm ENE 30.06 84 6 71.0 79.8 12:28pm 63.5 1:36am 0 6 0.00 4 20 4:05pm SSE 29.94 85 7 69.7 78.3 1:53pm 59.0 11:49pm 1 5 0.03 5 31 4:10pm SW 29.87 83 8 61.5 72.0 11:24am 53.3 7:39am 5 1 0.00 3 16 1:09pm WNW 29.98 77 9 63.9 78.6 3:53pm 54.1 6:50am 4 3 0.01 2 14 9:48am ENE 30.12 70 10 64.6 77.6 1:02pm 54.5 6:39am 4 3 0.00 2 11 3:45pm ENE 30.15 79 11 66.6 77.4 2:47pm 57.6 4:42am 2 4 0.00 1 12 1:55pm SW 30.08 85 12 69.4 78.8 4:37pm 64.0 10:50pm 0 4 0.01 1 10 12:37pm SSW 30.04 84 13 65.6 74.4 1:58pm 58.0 11:55pm 2 2 0.05 5 31 4:06pm SSE 30.00 90 14 57.2 68.8 4:06pm 49.6 7:52am 8 0 0.00 4 17 12:02pm NNE 30.17 65 15 52.8 57.3 3:46pm 47.0 4:17am 12 0 0.00 6 18 1:20pm NNE 30.27 59 16 56.9 70.4 2:06pm 47.9 11:58pm 9 1 0.00 9 25 9:55am NNE 30.35 52 17 53.4 69.4 4:03pm 40.8 6:53am 12 0 0.00 6 20 9:00am NE 30.32 64 18 58.9 72.3 12:59pm 48.5 6:03am 7 1 0.00 4 16 2:52pm WSW 30.11 78 19 65.9 71.1 12:16pm 61.5 1:50am 1 2 0.14 7 22 5:06pm SW 29.83 80 20 59.5 68.6 1:40am 51.4 11:14pm 6 0 0.03 12 33 2:14am NW 29.85 68 21 46.4 57.3 3:52pm 36.0 7:35am 19 0 0.00 7 24 1:20pm NE 30.17 59 22 47.5 64.5 3:16pm 33.8 7:41am 17 0 0.00 4 18 1:26pm NE 30.24 60 23 53.8 70.1 12:42pm 38.3 6:44am 12 1 0.00 3 14 4:06pm NE 30.23 65 24 58.0 73.9 3:16pm 45.7 7:22am 8 2 0.00 2 14 1:32pm WNW 30.16 74 25 60.8 76.5 3:29pm 49.2 7:09am 7 3 0.00 2 12 4:32pm NW 30.13 74 26 65.5 79.9 1:25pm 52.6 6:37am 4 5 0.00 3 15 5:02pm E 30.21 71 27 68.3 81.2 12:45pm 58.9 4:56am 2 5 0.00 2 16 11:16am ENE 30.19 78 28 69.4 77.7 12:27pm 62.4 5:09am 0 5 0.00 3 22 10:17am S 30.09 83 29 69.7 78.3 3:19pm 64.0 3:45am 0 5 0.00 2 14 9:47am SSE 30.00 87 30 61.3 67.8 3:13am 51.9 11:35pm 4 1 0.08 6 23 8:54am N 30.03 83 31 52.6 65.8 4:00pm 41.9 7:06am 12 0 0.00 7 28 11:56am NE 30.25 48 --------------------------------------------------------------------------------------- TOT 62.3 81.4 1/4/09 33.8 1/22/09 165 81 0.35 4 33 1/20/09 NE 30.10 74 HEAT BASE: 65.0 COOL BASE: 65.0
 
  
Hurricane Tracker

Hurricane Tracker
Hurricane Tracker
2017 Storm Tracker Forum


Atlantic Storms
No Storms


Sponsored Links

Recent Forum Posts

New Post
SW FL-Bonita Beach: Sharks, Grouper, Snapper; Sheeps, Drum
Posted by
fishbuster on Nov 30, 2017 at 02:32:09 PM


New Post
SW FL-Bonita Beach:Nice trout Inshore;Keeper Mutton Offshore
Posted by
fishbuster on Nov 09, 2017 at 02:17:33 PM


New Post
Philippe- Final Advisory
Posted by
ccstorms on Oct 29, 2017 at 05:36:13 PM


New Post
Invest 92L- Deactivated
Posted by
ccstorms on Oct 17, 2017 at 06:12:31 AM


New Post
Ophelia- Final Advisory
Posted by
ccstorms on Oct 16, 2017 at 06:32:58 AM


New Post
Nate- Final Advisory
Posted by
ccstorms on Oct 08, 2017 at 02:04:43 PM


***FORUM RULES***

Member Login
Username

Password


Join For Free!!
Click here to Register!

Total Hits
We received
79804634
page views since June 2005

Sponsored Links

Social Networks

Southwest Florida Weather | Central Florida Weather | Florida Weather

Cape Coral | Fort Myers | Bonita Springs | Naples | Punta Gorda | Port Charlotte | Estero | Sanibel | Lehigh Acres | Captiva | Pine Island | Bokeelia | St. James City | Alva | Arcadia | Labelle | Clewiston | Venice

Lee County | Charlotte County | Collier County | Hendry County | Desoto County
Glades County | Monroe County | Sarasota County | Manatee County
Hillsborough County | Pinellas County | Pasco County

Recommend us




Copyright Capeweather.com 2005-2017

DO NOT make decisions that affect life or property based on this data!
PHP-Nuke Copyright © 2004 by Francisco Burzi. This is free software, and you may redistribute it under the GPL. PHP-Nuke comes with absolutely no warranty, for details, see the license.
Page Generation: 0.50 Seconds