Southwest Florida Weather History, Yearly, Monthly, Daily, Records
 Click here to register!Home | Advertise | Forum | Live Webcams | Contact Us | Tell a Friend | Your Account  

Lee County Forecast & Temp
Today

Today: A 20 percent chance of showers after 4pm.  Mostly sunny, with a high near 85. East wind 7 to 10 mph becoming south southwest in the afternoon.
Mostly Sunny
then Slight
Chance
Showers
Tonight

Tonight: A 10 percent chance of showers before 7pm.  Patchy fog after 4am.  Otherwise, partly cloudy, with a low around 66. South southwest wind around 5 mph becoming light and variable.
Slight Chance
Showers then
Patchy Fog
Hi 85 °FLo 66 °F
Extended Forecast
Florida Weather Forecast

Southwest Florida Webcams

Main Navigation
Weather
· Home
· Current Conditions
· Storm Warnings
· Station Graphs
· Storm Fronts
· Station History
· Drought Index
· Storm Reports
· Rainfall Estimates
· Fire Graphs

Doppler Radar
· Lee County
· Charlotte County
· Collier County
· Hendry County
· Desoto County
· Glades County
· Sarasota County
· Manatee County
· Hillsborough County
· Pinellas County
· Pasco County
· Southwest Florida
· Florida
· State Radars
· National

Satellite
· South Florida
· North Florida
· Regional
· National

Forecast
· Extended
· Marine
· Discussion
· Florida Forecast
· Hazardous Outlook
· Wave Heights
· Fire

Lightning
· Live
· Tracker
· Loop
· Network
· WASP
· WASP Loop

Tropical Weather
· Hurricane Tracker
· Tropical Satellite
· Sea Temperature
· Discussion
· Buoy Data
· Tracking Tools
· Monthly Summary

Moon and Tides
· Tides
· Moon Phase

Live Products

Fishing Reports

Local News

Other Info

  
 

Southwest Florida Monthly and Yearly Weather Reports

2018: Jan | Feb | Mar | Apr | May | Jun | Jul | Aug | Sep | Oct | Nov | Dec 
2017: Jan | Feb | Mar | Apr | May | Jun | Jul | Aug | Sep | Oct | Nov | Dec 
2016: Jan | Feb | Mar | Apr | May | Jun | Jul | Aug | Sep | Oct | Nov | Dec 
2015: Jan | Feb | Mar | Apr | May | Jun | Jul | Aug | Sep | Oct | Nov | Dec 
2014: Jan | Feb | Mar | Apr | May | Jun | Jul | Aug | Sep | Oct | Nov | Dec 
2013: Jan | Feb | Mar | Apr | May | Jun | Jul | Aug | Sep | Oct | Nov | Dec 
2012: Jan | Feb | Mar | Apr | May | Jun | Jul | Aug | Sep | Oct | Nov | Dec 
2011: Jan | Feb | Mar | Apr | May | Jun | Jul | Aug | Sep | Oct | Nov | Dec 
2010: Jan | Feb | Mar | Apr | May | Jun | Jul | Aug | Sep | Oct | Nov | Dec 
2009: Jan | Feb | Mar | Apr | May | Jun | Jul | Aug | Sep | Oct | Nov | Dec 
2008: Jan | Feb | Mar | Apr | May | Jun | Jul | Aug | Sep | Oct | Nov | Dec 
2007: Jan | Feb | Mar | Apr | May | Jun | Jul | Aug | Sep | Oct | Nov | Dec 
2006: Jan | Feb | Mar | Apr | May | Jun | Jul | Aug | Sep | Oct | Nov | Dec 
2005: Jan | Feb | Mar | Apr | May | Jun | Jul | Aug | Sep | Oct | Nov | Dec 

Report for 2008 12
MONTHLY CLIMATOLOGICAL SUMMARY FOR 12/2008 HEAT COOL MEAN DEG DEG WIND SPEED DOM MEAN MEAN DAY TEMP HIGH TIME LOW TIME DAYS DAYS RAIN AVG HI TIME DIR BAROM HUM --------------------------------------------------------------------------------------- 1 67.3 73.2 10:43am 62.1 9:47pm 0 3 0.10 5 25 3:15am NNW 29.97 73 2 60.3 67.8 2:35pm 46.4 11:58pm 5 0 0.21 7 31 6:48am N 30.21 66 3 55.7 71.1 3:13pm 40.6 5:47am 10 1 0.00 4 16 3:38pm NE 30.24 67 4 63.7 78.5 2:03pm 52.9 6:39am 5 4 0.00 2 16 10:53am ENE 30.16 72 5 62.7 76.3 12:20pm 51.9 7:08am 5 3 0.00 2 14 2:39pm NNW 30.12 75 6 63.9 75.3 1:13pm 53.2 7:09am 4 3 0.00 2 12 1:24pm SW 30.04 80 7 63.4 71.6 2:14pm 52.5 11:57pm 3 1 0.11 5 20 8:51am N 30.08 70 8 61.4 75.4 1:56pm 47.9 5:39am 6 3 0.00 5 15 8:36am E 30.15 61 9 70.2 84.5 2:42pm 59.6 5:31am 1 7 0.00 3 15 12:09pm ESE 30.08 74 10 73.5 81.2 12:02pm 68.1 4:43am 0 8 0.00 4 20 10:39am SE 29.99 83 11 69.1 72.8 4:01am 64.3 11:38am 0 4 1.32 7 26 11:27am SSE 29.85 87 12 62.7 67.9 2:40am 49.9 11:50pm 3 1 0.00 9 24 11:53am NW 30.00 76 13 58.3 71.8 2:53pm 46.7 7:30am 8 1 0.00 7 21 8:36am ENE 30.17 67 14 66.4 77.6 3:00pm 55.6 2:58am 3 4 0.00 3 14 2:59pm ENE 30.17 74 15 70.6 79.4 4:27pm 64.2 3:25am 0 6 0.01 2 13 12:20pm E 30.20 83 16 70.0 82.8 1:28pm 62.0 5:43am 0 5 0.00 2 12 4:53pm ENE 30.16 82 17 69.2 81.4 2:01pm 61.3 6:59am 1 5 0.00 2 15 2:03pm ENE 30.17 80 18 69.0 81.1 2:41pm 60.9 4:56am 1 5 0.00 3 17 4:12pm E 30.21 79 19 67.4 77.7 2:27pm 58.9 6:01am 2 4 0.00 2 12 4:10pm E 30.17 81 20 65.4 76.1 2:23pm 58.7 6:57am 2 3 0.00 1 10 3:01pm WNW 30.07 85 21 65.7 75.3 12:19pm 58.9 2:38am 2 3 0.01 1 14 12:49pm WSW 30.01 84 22 62.6 71.1 3:39pm 52.3 11:55pm 3 1 0.00 9 22 6:44am NE 30.18 61 23 65.1 76.7 1:36pm 52.2 12:10am 3 4 0.00 7 20 5:53pm E 30.28 69 24 71.7 82.0 2:58pm 63.9 5:39am 0 7 0.00 5 18 10:53am E 30.23 81 25 73.2 83.0 12:46pm 68.8 6:17am 0 8 0.00 2 14 11:25am ESE 30.21 86 26 73.0 82.0 3:00pm 66.4 11:52pm 0 8 0.00 5 17 9:51am E 30.22 77 27 71.4 82.0 2:30pm 64.7 7:04am 0 6 0.01 4 17 10:46am E 30.19 76 28 70.0 80.9 1:12pm 63.1 7:13am 0 5 0.00 2 12 11:22am E 30.17 81 29 68.1 79.0 12:22pm 60.1 6:50am 1 4 0.00 2 14 2:49pm WNW 30.14 85 30 66.6 78.5 1:52pm 59.8 11:54pm 1 3 0.01 3 15 7:56am WNW 30.09 85 31 64.3 74.6 1:15pm 53.6 7:23am 3 3 0.00 3 19 11:39am WNW 30.03 84 --------------------------------------------------------------------------------------- TOT 66.5 84.5 12/9/08 40.6 12/3/08 74 121 1.78 4 31 12/2/08 E 30.13 77 HEAT BASE: 65.0 COOL BASE: 65.0
 
  
Hurricane Tracker

Hurricane Tracker
Hurricane Tracker
2017 Storm Tracker Forum


Atlantic Storms


Sponsored Links

Recent Forum Posts

New Post
Fabulous Florida Fishing with Tide Walker Charters
Posted by
captruss on Feb 24, 2018 at 07:15:52 AM


New Post
SW FL-Bonita Beach: Still windy, still fishing
Posted by
fishbuster on Feb 23, 2018 at 05:40:40 PM


***FORUM RULES***

Member Login
Username

Password


Join For Free!!
Click here to Register!

Total Hits
We received
81628642
page views since June 2005

Sponsored Links

Social Networks

Southwest Florida Weather | Central Florida Weather | Florida Weather

Cape Coral | Fort Myers | Bonita Springs | Naples | Punta Gorda | Port Charlotte | Estero | Sanibel | Lehigh Acres | Captiva | Pine Island | Bokeelia | St. James City | Alva | Arcadia | Labelle | Clewiston | Venice

Lee County | Charlotte County | Collier County | Hendry County | Desoto County
Glades County | Monroe County | Sarasota County | Manatee County
Hillsborough County | Pinellas County | Pasco County

Recommend us




Copyright Capeweather.com 2005-2017

DO NOT make decisions that affect life or property based on this data!
PHP-Nuke Copyright © 2004 by Francisco Burzi. This is free software, and you may redistribute it under the GPL. PHP-Nuke comes with absolutely no warranty, for details, see the license.
Page Generation: 0.24 Seconds