Southwest Florida Weather History, Yearly, Monthly, Daily, Records
 Click here to register!Home | Advertise | Forum | Live Webcams | Contact Us | Tell a Friend | Your Account  

Lee County Forecast
Tonight

Tonight: Isolated showers and thunderstorms before 11pm.  Partly cloudy, with a low around 74. Northeast wind 6 to 9 mph.  Chance of precipitation is 20%.
Isolated
T-storms then
Partly Cloudy
Friday

Friday: Scattered showers and thunderstorms after 2pm.  Mostly sunny, with a high near 91. Heat index values as high as 97. Northeast wind 7 to 9 mph.  Chance of precipitation is 50%. New rainfall amounts of less than a tenth of an inch, except higher amounts possible in thunderstorms.
Mostly Sunny
then
Scattered
Showers
Lo 74 °FHi 91 °F
Extended Forecast
Florida Weather Forecast

Southwest Florida Webcams

Main Navigation
Weather
· Home
· Current Conditions
· Storm Warnings
· Station Graphs
· Storm Fronts
· Temperature Map
· Station History
· Drought Index
· Storm Reports
· Rainfall Estimates
· Fire Graphs

Doppler Radar
· Lee County
· Charlotte County
· Collier County
· Hendry County
· Desoto County
· Glades County
· Sarasota County
· Manatee County
· Hillsborough County
· Pinellas County
· Pasco County
· Southwest Florida
· Florida
· State Radars
· National

Satellite
· South Florida
· North Florida
· Regional
· National

Forecast
· Extended
· Marine
· Discussion
· Florida Forecast
· Hazardous Outlook
· Wave Heights
· Fire

Lightning
· Live
· Tracker
· Loop
· Network
· WASP
· WASP Loop
· 3 Hour Forecast

Tropical Weather
· Hurricane Tracker
· Tropical Satellite
· Sea Temperature
· Discussion
· Buoy Data
· Tracking Tools
· Monthly Summary

Moon and Tides
· Tides
· Moon Phase

Live Products

Fishing Reports

Local News

Other Info

  
 

Southwest Florida Monthly and Yearly Weather Reports

2017: Jan | Feb | Mar | Apr | May | Jun | Jul | Aug | Sep | Oct | Nov | Dec 
2016: Jan | Feb | Mar | Apr | May | Jun | Jul | Aug | Sep | Oct | Nov | Dec 
2015: Jan | Feb | Mar | Apr | May | Jun | Jul | Aug | Sep | Oct | Nov | Dec 
2014: Jan | Feb | Mar | Apr | May | Jun | Jul | Aug | Sep | Oct | Nov | Dec 
2013: Jan | Feb | Mar | Apr | May | Jun | Jul | Aug | Sep | Oct | Nov | Dec 
2012: Jan | Feb | Mar | Apr | May | Jun | Jul | Aug | Sep | Oct | Nov | Dec 
2011: Jan | Feb | Mar | Apr | May | Jun | Jul | Aug | Sep | Oct | Nov | Dec 
2010: Jan | Feb | Mar | Apr | May | Jun | Jul | Aug | Sep | Oct | Nov | Dec 
2009: Jan | Feb | Mar | Apr | May | Jun | Jul | Aug | Sep | Oct | Nov | Dec 
2008: Jan | Feb | Mar | Apr | May | Jun | Jul | Aug | Sep | Oct | Nov | Dec 
2007: Jan | Feb | Mar | Apr | May | Jun | Jul | Aug | Sep | Oct | Nov | Dec 
2006: Jan | Feb | Mar | Apr | May | Jun | Jul | Aug | Sep | Oct | Nov | Dec 
2005: Jan | Feb | Mar | Apr | May | Jun | Jul | Aug | Sep | Oct | Nov | Dec 

Report for 2008 08
MONTHLY CLIMATOLOGICAL SUMMARY FOR 8/2008 HEAT COOL MEAN DEG DEG WIND SPEED DOM MEAN MEAN DAY TEMP HIGH TIME LOW TIME DAYS DAYS RAIN AVG HI TIME DIR BAROM HUM --------------------------------------------------------------------------------------- 1 82.5 88.6 4:19pm 75.3 6:42am 0 18 0.00 3 16 1:41pm WNW 29.96 76 2 83.1 90.7 2:01pm 75.8 6:43am 0 18 0.00 2 15 3:16pm WNW 29.95 73 3 82.9 91.4 4:39pm 76.7 7:18am 0 18 0.00 1 14 3:20pm ESE 29.94 73 4 80.3 90.1 12:21pm 76.5 6:37am 0 15 0.01 2 18 2:06pm ESE 29.99 79 5 81.1 92.1 2:50pm 75.3 5:58am 0 16 0.05 2 17 7:04pm ESE 30.02 78 6 82.7 91.2 12:44pm 74.7 2:08am 0 18 0.01 2 14 5:34pm W 30.01 77 7 84.6 92.3 4:11pm 78.1 6:01am 0 19 0.00 3 17 2:43pm WNW 29.94 75 8 83.7 89.7 2:29pm 76.3 4:28pm 0 19 0.28 5 29 4:22pm W 29.89 75 9 80.8 86.3 4:41pm 74.6 12:28pm 0 16 0.53 4 26 7:54am W 29.88 81 10 81.0 86.7 4:52pm 76.5 9:03am 0 15 0.30 3 28 1:26pm W 29.90 81 11 82.1 88.4 3:05pm 75.3 7:46am 0 16 0.27 4 19 1:57pm WNW 29.91 78 12 82.3 88.6 2:30pm 75.8 11:33pm 0 17 0.37 6 29 9:13am W 29.89 77 13 82.8 89.0 2:47pm 75.6 12:14am 0 17 0.00 4 20 5:57pm WSW 29.90 77 14 84.8 89.5 2:57pm 80.3 4:11am 0 20 0.04 5 19 3:32pm WSW 29.94 74 15 84.4 89.9 1:34pm 80.1 6:24am 0 19 0.00 2 15 1:33pm W 30.00 72 16 84.3 93.2 3:07pm 77.2 6:13am 0 19 0.00 2 18 4:09pm NE 29.98 72 17 82.4 95.1 4:32pm 74.9 6:43pm 0 17 2.02 2 32 6:19pm E 29.91 77 18 77.6 84.9 11:19am 74.4 5:50am 0 13 0.22 7 28 11:06pm ENE 29.83 87 19 76.8 81.1 8:01pm 74.2 10:06am 0 12 1.30 15 39 8:27am WNW 29.64 89 20 82.8 87.2 1:45pm 78.8 6:58am 0 18 0.07 12 30 4:51pm W 29.78 79 21 81.0 85.7 3:03pm 77.6 2:58am 0 16 0.93 10 31 3:17pm W 29.82 85 22 82.2 86.5 10:22am 77.2 11:07pm 0 17 0.66 7 33 2:23pm WSW 29.84 82 23 82.0 89.0 1:01pm 77.9 5:23am 0 17 0.14 4 20 3:16pm SSE 29.89 83 24 83.5 90.3 6:09pm 76.8 5:00am 0 19 0.00 2 14 2:20pm SW 29.90 78 25 83.2 90.5 2:49pm 76.8 7:03am 0 18 0.00 2 17 4:19pm SE 29.88 78 26 83.6 90.7 2:39pm 76.7 6:07am 0 19 0.00 3 15 3:40pm SE 29.87 78 27 83.9 90.3 11:08am 77.2 6:54am 0 19 0.00 3 16 1:48pm W 29.88 76 28 82.7 92.5 12:30pm 77.6 6:52am 0 16 0.00 2 23 3:03pm WNW 29.83 79 29 84.5 94.5 4:26pm 76.8 5:44am 0 19 0.00 5 21 4:37pm ENE 29.81 73 30 81.9 90.5 11:50am 76.7 7:38pm 0 17 0.16 6 25 5:50pm ENE 29.78 82 31 80.7 88.0 1:30pm 77.7 7:12pm 0 16 0.88 8 30 1:04pm ESE 29.76 86 --------------------------------------------------------------------------------------- TOT 82.3 95.1 8/17/08 74.2 8/19/08 0 533 8.24 4 39 8/19/08 W 29.89 78 HEAT BASE: 65.0 COOL BASE: 65.0
 
  
Hurricane Tracker

Hurricane Tracker
Hurricane Tracker
2017 Storm Tracker Forum


Atlantic Storms
Jose
Lee
Maria


Sponsored Links

Recent Forum Posts

New Post
Maria
Posted by
ccstorms on Sep 21, 2017 at 02:13:14 PM


New Post
Jose
Posted by
ccstorms on Sep 21, 2017 at 02:10:21 PM


New Post
Lee- Final Advisory
Posted by
ccstorms on Sep 19, 2017 at 08:10:26 AM


New Post
Irma
Posted by
ccstorms on Sep 13, 2017 at 08:51:17 PM


New Post
Katia
Posted by
ccstorms on Sep 07, 2017 at 10:38:16 AM


New Post
Possible Gulf Invest- Deactivated
Posted by
ccstorms on Aug 31, 2017 at 07:45:36 AM


***FORUM RULES***

Sponsored Links

Total Hits
We received
77350069
page views since June 2005

Social Networks

Southwest Florida Weather | Central Florida Weather | Florida Weather

Cape Coral | Fort Myers | Bonita Springs | Naples | Punta Gorda | Port Charlotte | Estero | Sanibel | Lehigh Acres | Captiva | Pine Island | Bokeelia | St. James City | Alva | Arcadia | Labelle | Clewiston | Venice

Lee County | Charlotte County | Collier County | Hendry County | Desoto County
Glades County | Monroe County | Sarasota County | Manatee County
Hillsborough County | Pinellas County | Pasco County

Recommend us




Copyright Capeweather.com 2005-2017

DO NOT make decisions that affect life or property based on this data!
PHP-Nuke Copyright © 2004 by Francisco Burzi. This is free software, and you may redistribute it under the GPL. PHP-Nuke comes with absolutely no warranty, for details, see the license.
Page Generation: 0.22 Seconds