Southwest Florida Weather History, Yearly, Monthly, Daily, Records
 Click here to register!Home | Advertise | Forum | Live Webcams | Contact Us | Tell a Friend | Your Account  

Lee County Forecast
Today

Today: A 20 percent chance of showers and thunderstorms after 1pm.  Patchy fog before 8am.  Otherwise, mostly sunny, with a high near 81. Light and variable wind becoming west northwest around 6 mph in the afternoon.
Patchy Fog
then Slight
Chance
T-storms
Tonight

Tonight: A 20 percent chance of showers and thunderstorms before 1am.  Mostly cloudy, with a low around 66. Light and variable wind becoming east 5 to 7 mph in the evening.
Slight Chance
T-storms

Hi 81 °FLo 66 °F
Extended Forecast
Florida Weather Forecast

Southwest Florida Webcams

Main Navigation
Weather
· Home
· Current Conditions
· Storm Warnings
· Station Graphs
· Storm Fronts
· Station History
· Drought Index
· Storm Reports
· Rainfall Estimates
· Fire Graphs

Doppler Radar
· Lee County
· Charlotte County
· Collier County
· Hendry County
· Desoto County
· Glades County
· Sarasota County
· Manatee County
· Hillsborough County
· Pinellas County
· Pasco County
· Southwest Florida
· Florida
· State Radars
· National

Satellite
· South Florida
· North Florida
· Regional
· National

Forecast
· Extended
· Marine
· Discussion
· Florida Forecast
· Hazardous Outlook
· Wave Heights
· Fire

Lightning
· Live
· Tracker
· Loop
· Network
· WASP
· WASP Loop

Tropical Weather
· Hurricane Tracker
· Tropical Satellite
· Sea Temperature
· Discussion
· Buoy Data
· Tracking Tools
· Monthly Summary

Moon and Tides
· Tides
· Moon Phase

Live Products

Fishing Reports

Local News

Other Info

Support Us

Support Capeweather.com
donations

If you find this website useful, consider making
a donation.

Click here to learn more


  
 

Southwest Florida Monthly and Yearly Weather Reports

2017: Jan | Feb | Mar | Apr | May | Jun | Jul | Aug | Sep | Oct | Nov | Dec 
2016: Jan | Feb | Mar | Apr | May | Jun | Jul | Aug | Sep | Oct | Nov | Dec 
2015: Jan | Feb | Mar | Apr | May | Jun | Jul | Aug | Sep | Oct | Nov | Dec 
2014: Jan | Feb | Mar | Apr | May | Jun | Jul | Aug | Sep | Oct | Nov | Dec 
2013: Jan | Feb | Mar | Apr | May | Jun | Jul | Aug | Sep | Oct | Nov | Dec 
2012: Jan | Feb | Mar | Apr | May | Jun | Jul | Aug | Sep | Oct | Nov | Dec 
2011: Jan | Feb | Mar | Apr | May | Jun | Jul | Aug | Sep | Oct | Nov | Dec 
2010: Jan | Feb | Mar | Apr | May | Jun | Jul | Aug | Sep | Oct | Nov | Dec 
2009: Jan | Feb | Mar | Apr | May | Jun | Jul | Aug | Sep | Oct | Nov | Dec 
2008: Jan | Feb | Mar | Apr | May | Jun | Jul | Aug | Sep | Oct | Nov | Dec 
2007: Jan | Feb | Mar | Apr | May | Jun | Jul | Aug | Sep | Oct | Nov | Dec 
2006: Jan | Feb | Mar | Apr | May | Jun | Jul | Aug | Sep | Oct | Nov | Dec 
2005: Jan | Feb | Mar | Apr | May | Jun | Jul | Aug | Sep | Oct | Nov | Dec 

Report for 2008 07
MONTHLY CLIMATOLOGICAL SUMMARY FOR 7/2008 HEAT COOL MEAN DEG DEG WIND SPEED DOM MEAN MEAN DAY TEMP HIGH TIME LOW TIME DAYS DAYS RAIN AVG HI TIME DIR BAROM HUM --------------------------------------------------------------------------------------- 1 80.2 88.8 1:19pm 73.5 6:30am 0 15 0.00 3 20 6:39pm ESE 30.01 75 2 78.3 87.6 11:44am 74.4 6:01am 0 13 0.01 1 15 2:27pm ESE 30.04 78 3 77.6 88.0 12:01pm 72.8 5:48am 0 13 0.00 2 19 1:58pm E 30.07 81 4 80.6 90.3 6:14pm 72.7 3:54am 0 16 0.00 2 16 7:20pm E 30.06 73 5 80.0 93.4 1:43pm 73.0 4:40am 0 15 0.19 2 28 5:19pm ENE 30.03 76 6 79.2 90.5 3:18pm 73.9 3:15am 0 14 0.00 2 19 3:46pm ESE 30.02 79 7 79.0 91.8 1:28pm 70.6 10:43pm 0 13 1.27 2 22 10:11pm E 30.04 80 8 77.2 91.0 1:26pm 70.4 4:57am 0 12 0.21 2 22 3:37pm ENE 30.05 84 9 79.7 92.7 2:23pm 74.0 2:34am 0 15 0.04 2 20 6:26pm ESE 30.06 82 10 81.0 94.0 3:04pm 74.9 2:33am 0 16 0.33 2 24 5:55pm ESE 30.08 80 11 82.0 91.8 2:25pm 75.4 1:20am 0 17 0.00 2 15 6:48pm W 30.09 76 12 79.2 92.5 2:45pm 72.3 5:24pm 0 14 0.25 1 20 4:14pm NW 30.06 81 13 78.4 84.5 10:15am 74.2 11:42am 0 13 0.12 3 26 10:45am W 29.94 86 14 81.3 87.4 3:36pm 74.9 4:33am 0 16 0.32 5 21 3:14am W 29.87 79 15 75.6 79.4 4:00pm 71.1 2:41am 0 11 2.23 2 16 12:18am SW 29.94 93 16 77.0 80.3 5:36pm 73.0 12:40pm 0 12 1.11 3 23 12:23pm WSW 29.98 89 17 82.0 87.6 2:25pm 76.1 6:58am 0 17 0.00 3 16 1:05pm SW 29.98 78 18 82.5 89.5 2:55pm 75.3 6:58am 0 17 0.00 2 13 2:34pm SW 29.97 77 19 82.7 91.0 11:30am 75.8 5:55am 0 18 0.00 2 23 6:07pm WNW 30.01 74 20 84.3 94.9 3:54pm 75.8 5:13am 0 19 0.00 1 11 1:53pm W 30.02 70 21 84.4 91.6 3:28pm 78.1 4:58am 0 19 0.00 2 16 4:18pm SW 30.00 73 22 82.6 90.1 4:23pm 75.1 9:11pm 0 17 0.06 2 22 7:37pm SW 30.01 77 23 81.0 89.3 11:47am 74.6 11:46pm 0 16 0.02 2 14 9:10pm SW 30.01 76 24 77.9 89.0 1:08pm 73.3 5:04am 0 13 0.18 1 21 3:25pm ESE 30.03 82 25 80.6 91.4 2:20pm 72.5 6:29am 0 16 0.20 2 22 6:34pm ENE 30.06 77 26 83.1 92.3 3:27pm 75.1 12:00am 0 18 0.00 2 13 4:33pm SW 30.01 75 27 80.9 89.7 2:35pm 75.1 1:52am 0 16 0.76 1 14 3:28pm SW 29.95 82 28 81.6 88.2 5:13pm 75.4 7:23am 0 17 0.06 1 15 11:28am SW 29.94 79 29 82.8 88.6 1:33pm 77.9 6:38am 0 17 0.25 2 16 5:41am SW 29.99 78 30 83.2 89.7 12:43pm 77.2 11:18pm 0 18 0.03 3 22 2:09pm SW 29.99 74 31 82.5 89.5 1:55pm 74.9 5:43am 0 18 0.01 3 18 5:41pm WNW 29.96 74 --------------------------------------------------------------------------------------- TOT 80.6 94.9 7/20/08 70.4 7/8/08 0 479 7.66 2 28 7/5/08 SW 30.01 79 HEAT BASE: 65.0 COOL BASE: 65.0
 
  
Hurricane Tracker

Hurricane Tracker
Hurricane Tracker
2017 Storm Tracker Forum


Atlantic Storms
No Storms


Sponsored Links

Recent Forum Posts

New Post
SW FL-Bonita Beach:Nice trout Inshore;Keeper Mutton Offshore
Posted by
fishbuster on Nov 09, 2017 at 02:17:33 PM


New Post
Philippe- Final Advisory
Posted by
ccstorms on Oct 29, 2017 at 05:36:13 PM


New Post
Invest 92L- Deactivated
Posted by
ccstorms on Oct 17, 2017 at 06:12:31 AM


New Post
Ophelia- Final Advisory
Posted by
ccstorms on Oct 16, 2017 at 06:32:58 AM


New Post
Nate- Final Advisory
Posted by
ccstorms on Oct 08, 2017 at 02:04:43 PM


New Post
SW FL-Bonita Beach: Fishing pre and post Hurricane Irma
Posted by
fishbuster on Oct 07, 2017 at 12:55:48 PM


***FORUM RULES***

Sponsored Links

Member Login
Username

Password


Join For Free!!
Click here to Register!

Total Hits
We received
79184060
page views since June 2005

Sponsored Links

Social Networks

Southwest Florida Weather | Central Florida Weather | Florida Weather

Cape Coral | Fort Myers | Bonita Springs | Naples | Punta Gorda | Port Charlotte | Estero | Sanibel | Lehigh Acres | Captiva | Pine Island | Bokeelia | St. James City | Alva | Arcadia | Labelle | Clewiston | Venice

Lee County | Charlotte County | Collier County | Hendry County | Desoto County
Glades County | Monroe County | Sarasota County | Manatee County
Hillsborough County | Pinellas County | Pasco County

Recommend us




Copyright Capeweather.com 2005-2017

DO NOT make decisions that affect life or property based on this data!
PHP-Nuke Copyright © 2004 by Francisco Burzi. This is free software, and you may redistribute it under the GPL. PHP-Nuke comes with absolutely no warranty, for details, see the license.
Page Generation: 0.71 Seconds