Southwest Florida Weather History, Yearly, Monthly, Daily, Records
 Click here to register!Home | Advertise | Forum | Live Webcams | Contact Us | Tell a Friend | Your Account  

Lee County Forecast
Today

Today: Mostly sunny, with a high near 79. West wind 5 to 13 mph, with gusts as high as 18 mph.
Mostly Sunny

Tonight

Tonight: Partly cloudy, with a low around 58. Northwest wind 9 to 13 mph becoming north northeast after midnight. Winds could gust as high as 18 mph.
Partly Cloudy

Hi 79 °FLo 58 °F
Extended Forecast
Florida Weather Forecast

Southwest Florida Webcams

Main Navigation
Weather
· Home
· Current Conditions
· Storm Warnings
· Station Graphs
· Storm Fronts
· Temperature Map
· Station History
· Drought Index
· Storm Reports
· Rainfall Estimates
· Fire Graphs

Doppler Radar
· Lee County
· Charlotte County
· Collier County
· Hendry County
· Desoto County
· Glades County
· Sarasota County
· Manatee County
· Hillsborough County
· Pinellas County
· Pasco County
· Southwest Florida
· Florida
· State Radars
· National

Satellite
· South Florida
· North Florida
· Regional
· National

Forecast
· Extended
· Marine
· Discussion
· Florida Forecast
· Hazardous Outlook
· Wave Heights
· Fire

Lightning
· Live
· Tracker
· Loop
· Network
· WASP
· WASP Loop
· 3 Hour Forecast

Tropical Weather
· Hurricane Tracker
· Tropical Satellite
· Sea Temperature
· Discussion
· Buoy Data
· Tracking Tools
· Monthly Summary

Moon and Tides
· Tides
· Moon Phase

Live Products

Fishing Reports

Local News

Other Info

  
 

Southwest Florida Monthly and Yearly Weather Reports

2017: Jan | Feb | Mar | Apr | May | Jun | Jul | Aug | Sep | Oct | Nov | Dec 
2016: Jan | Feb | Mar | Apr | May | Jun | Jul | Aug | Sep | Oct | Nov | Dec 
2015: Jan | Feb | Mar | Apr | May | Jun | Jul | Aug | Sep | Oct | Nov | Dec 
2014: Jan | Feb | Mar | Apr | May | Jun | Jul | Aug | Sep | Oct | Nov | Dec 
2013: Jan | Feb | Mar | Apr | May | Jun | Jul | Aug | Sep | Oct | Nov | Dec 
2012: Jan | Feb | Mar | Apr | May | Jun | Jul | Aug | Sep | Oct | Nov | Dec 
2011: Jan | Feb | Mar | Apr | May | Jun | Jul | Aug | Sep | Oct | Nov | Dec 
2010: Jan | Feb | Mar | Apr | May | Jun | Jul | Aug | Sep | Oct | Nov | Dec 
2009: Jan | Feb | Mar | Apr | May | Jun | Jul | Aug | Sep | Oct | Nov | Dec 
2008: Jan | Feb | Mar | Apr | May | Jun | Jul | Aug | Sep | Oct | Nov | Dec 
2007: Jan | Feb | Mar | Apr | May | Jun | Jul | Aug | Sep | Oct | Nov | Dec 
2006: Jan | Feb | Mar | Apr | May | Jun | Jul | Aug | Sep | Oct | Nov | Dec 
2005: Jan | Feb | Mar | Apr | May | Jun | Jul | Aug | Sep | Oct | Nov | Dec 

Report for 2008 06
MONTHLY CLIMATOLOGICAL SUMMARY FOR 6/2008 HEAT COOL MEAN DEG DEG WIND SPEED DOM MEAN MEAN DAY TEMP HIGH TIME LOW TIME DAYS DAYS RAIN AVG HI TIME DIR BAROM HUM --------------------------------------------------------------------------------------- 1 82.8 89.9 1:48pm 75.8 6:13am 0 17 0.00 3 16 2:28pm W 29.99 73 2 82.1 89.5 11:42am 71.8 9:58pm 0 17 0.60 3 17 9:10pm SW 29.97 73 3 80.4 89.3 2:16pm 72.1 6:13am 0 15 0.05 2 17 3:02pm WNW 29.95 77 4 81.4 90.7 3:04pm 73.5 5:16am 0 16 0.03 2 15 7:08pm SW 29.95 74 5 82.0 92.9 2:35pm 75.8 5:30am 0 17 0.09 2 14 4:34pm ESE 30.00 76 6 83.2 95.9 2:23pm 76.5 5:19am 0 18 0.06 3 20 2:43pm ESE 30.05 73 7 84.1 95.9 3:54pm 74.9 6:17am 0 19 0.00 4 20 3:24pm E 30.07 66 8 80.3 94.3 2:50pm 74.0 11:59pm 0 15 0.04 3 19 4:41pm E 30.03 74 9 77.7 90.1 2:40pm 70.4 5:06pm 0 13 0.04 2 30 4:16pm ENE 29.99 80 10 80.4 89.5 2:56pm 71.8 6:01am 0 15 0.00 3 16 4:48pm W 30.00 74 11 80.5 89.9 3:08pm 72.3 6:07am 0 15 0.00 2 21 7:17pm SW 29.98 74 12 79.3 94.0 3:13pm 71.3 5:11pm 0 14 2.26 2 31 4:34pm ESE 30.02 79 13 77.8 91.6 2:26pm 70.4 6:17am 0 10 3.53 2 12 9:55am NE 30.04 83 14 78.1 90.3 1:30pm 70.1 6:45am 0 13 0.01 2 19 3:34pm ENE 29.98 83 15 80.5 90.1 3:32pm 72.5 6:27am 0 15 0.00 3 18 4:59pm W 29.91 74 16 80.7 88.2 2:58pm 74.2 3:52am 0 16 0.04 2 22 11:38am W 29.92 76 17 81.8 87.8 1:58pm 76.1 3:40am 0 17 0.07 3 17 3:39pm W 29.92 77 18 81.7 86.5 3:09pm 74.6 10:53pm 0 17 0.26 4 21 11:32am W 29.86 76 19 80.3 87.0 4:26pm 74.4 12:17am 0 15 0.05 3 20 9:57am W 29.89 77 20 81.9 88.0 5:55pm 76.3 6:43am 0 17 0.07 3 17 2:54pm W 29.99 78 21 80.2 88.4 2:17pm 74.6 9:19pm 0 15 0.09 3 18 7:02pm N 30.04 83 22 80.0 89.0 2:45pm 73.3 10:08pm 0 14 0.41 3 31 6:56pm W 30.01 81 23 79.9 89.9 12:04pm 73.7 12:00am 0 15 0.01 2 16 3:34pm SW 30.05 80 24 81.5 94.9 3:49pm 73.9 5:40am 0 17 0.00 2 20 4:16pm ESE 30.14 71 25 79.7 91.2 2:21pm 73.2 11:54pm 0 15 0.60 3 27 3:15pm E 30.15 80 26 77.5 87.2 5:06pm 72.3 1:12am 0 12 0.17 2 21 5:36pm ENE 30.09 83 27 81.7 90.7 3:59pm 74.9 2:41am 0 17 0.00 2 20 8:55pm SW 30.06 76 28 81.5 92.1 2:38pm 73.3 8:37pm 0 17 0.27 3 25 7:52pm ENE 30.09 73 29 80.5 89.9 2:58pm 72.7 8:06pm 0 15 0.21 2 26 6:39pm ESE 30.10 80 30 81.0 89.5 12:47pm 73.7 5:45am 0 16 0.00 2 14 7:23pm W 30.06 77 --------------------------------------------------------------------------------------- TOT 80.7 95.9 6/6/08 70.1 6/14/08 0 465 5.43 3 31 6/12/08 E 30.01 77 HEAT BASE: 65.0 COOL BASE: 65.0
 
  
Hurricane Tracker

Hurricane Tracker
Hurricane Tracker
2017 Storm Tracker Forum


Atlantic Storms
No Storms


Sponsored Links

Recent Forum Posts

New Post
SW FL-Bonita Beach:Nice trout Inshore;Keeper Mutton Offshore
Posted by
fishbuster on Nov 09, 2017 at 02:17:33 PM


New Post
Philippe- Final Advisory
Posted by
ccstorms on Oct 29, 2017 at 05:36:13 PM


New Post
Invest 92L- Deactivated
Posted by
ccstorms on Oct 17, 2017 at 06:12:31 AM


New Post
Ophelia- Final Advisory
Posted by
ccstorms on Oct 16, 2017 at 06:32:58 AM


New Post
Nate- Final Advisory
Posted by
ccstorms on Oct 08, 2017 at 02:04:43 PM


New Post
SW FL-Bonita Beach: Fishing pre and post Hurricane Irma
Posted by
fishbuster on Oct 07, 2017 at 12:55:48 PM


***FORUM RULES***

Sponsored Links

Member Login
Username

Password


Join For Free!!
Click here to Register!

Total Hits
We received
79107852
page views since June 2005

Social Networks

Southwest Florida Weather | Central Florida Weather | Florida Weather

Cape Coral | Fort Myers | Bonita Springs | Naples | Punta Gorda | Port Charlotte | Estero | Sanibel | Lehigh Acres | Captiva | Pine Island | Bokeelia | St. James City | Alva | Arcadia | Labelle | Clewiston | Venice

Lee County | Charlotte County | Collier County | Hendry County | Desoto County
Glades County | Monroe County | Sarasota County | Manatee County
Hillsborough County | Pinellas County | Pasco County

Recommend us




Copyright Capeweather.com 2005-2017

DO NOT make decisions that affect life or property based on this data!
PHP-Nuke Copyright © 2004 by Francisco Burzi. This is free software, and you may redistribute it under the GPL. PHP-Nuke comes with absolutely no warranty, for details, see the license.
Page Generation: 0.23 Seconds