Southwest Florida Weather History, Yearly, Monthly, Daily, Records
 Click here to register!Home | Advertise | Forum | Live Webcams | Contact Us | Tell a Friend | Your Account  

Lee County Forecast
Tonight

Tonight: Mostly cloudy, with a low around 75. East wind 9 to 11 mph.
Mostly Cloudy

Sunday

Sunday: Partly sunny, with a high near 88. Southeast wind 8 to 13 mph.
Partly Sunny

Lo 75 °FHi 88 °F
Extended Forecast
Florida Weather Forecast

Southwest Florida Webcams

Main Navigation
Weather
· Home
· Current Conditions
· Storm Warnings
· Station Graphs
· Storm Fronts
· Temperature Map
· Station History
· Drought Index
· Storm Reports
· Rainfall Estimates
· Fire Graphs

Doppler Radar
· Lee County
· Charlotte County
· Collier County
· Hendry County
· Desoto County
· Glades County
· Sarasota County
· Manatee County
· Hillsborough County
· Pinellas County
· Pasco County
· Southwest Florida
· Florida
· State Radars
· National

Satellite
· South Florida
· North Florida
· Regional
· National

Forecast
· Extended
· Marine
· Discussion
· Florida Forecast
· Hazardous Outlook
· Wave Heights
· Fire

Lightning
· Live
· Tracker
· Loop
· Network
· WASP
· WASP Loop
· 3 Hour Forecast

Tropical Weather
· Hurricane Tracker
· Tropical Satellite
· Sea Temperature
· Discussion
· Buoy Data
· Tracking Tools
· Monthly Summary

Moon and Tides
· Tides
· Moon Phase

Live Products

Fishing Reports

Local News

Other Info

  
 

Southwest Florida Monthly and Yearly Weather Reports

2017: Jan | Feb | Mar | Apr | May | Jun | Jul | Aug | Sep | Oct | Nov | Dec 
2016: Jan | Feb | Mar | Apr | May | Jun | Jul | Aug | Sep | Oct | Nov | Dec 
2015: Jan | Feb | Mar | Apr | May | Jun | Jul | Aug | Sep | Oct | Nov | Dec 
2014: Jan | Feb | Mar | Apr | May | Jun | Jul | Aug | Sep | Oct | Nov | Dec 
2013: Jan | Feb | Mar | Apr | May | Jun | Jul | Aug | Sep | Oct | Nov | Dec 
2012: Jan | Feb | Mar | Apr | May | Jun | Jul | Aug | Sep | Oct | Nov | Dec 
2011: Jan | Feb | Mar | Apr | May | Jun | Jul | Aug | Sep | Oct | Nov | Dec 
2010: Jan | Feb | Mar | Apr | May | Jun | Jul | Aug | Sep | Oct | Nov | Dec 
2009: Jan | Feb | Mar | Apr | May | Jun | Jul | Aug | Sep | Oct | Nov | Dec 
2008: Jan | Feb | Mar | Apr | May | Jun | Jul | Aug | Sep | Oct | Nov | Dec 
2007: Jan | Feb | Mar | Apr | May | Jun | Jul | Aug | Sep | Oct | Nov | Dec 
2006: Jan | Feb | Mar | Apr | May | Jun | Jul | Aug | Sep | Oct | Nov | Dec 
2005: Jan | Feb | Mar | Apr | May | Jun | Jul | Aug | Sep | Oct | Nov | Dec 

Report for 2008 04
MONTHLY CLIMATOLOGICAL SUMMARY FOR 4/2008 HEAT COOL MEAN DEG DEG WIND SPEED DOM MEAN MEAN DAY TEMP HIGH TIME LOW TIME DAYS DAYS RAIN AVG HI TIME DIR BAROM HUM --------------------------------------------------------------------------------------- 1 74.4 84.9 12:00pm 68.4 7:09am 0 9 0.17 4 18 3:01pm E 30.08 79 2 72.9 86.5 3:05pm 66.0 7:13am 0 8 0.74 2 18 4:49pm ENE 30.10 84 3 75.5 84.3 12:50pm 67.6 4:13am 0 10 0.00 2 15 4:50pm ESE 30.09 80 4 76.7 84.3 1:24pm 70.8 2:47am 0 12 0.00 4 22 10:52am SSE 30.01 79 5 77.5 83.8 1:02pm 67.9 11:59pm 0 12 0.13 5 24 11:25am SSE 29.96 81 6 73.5 84.1 1:47pm 65.5 1:17am 0 9 1.21 4 29 9:59pm SSW 29.94 83 7 72.4 79.6 2:08pm 65.6 6:37am 0 7 0.24 4 17 12:32pm W 29.89 83 8 74.4 84.0 3:18pm 68.1 7:19am 0 9 0.00 4 15 12:39am ENE 29.94 77 9 75.7 87.0 3:32pm 67.6 6:15am 0 11 0.00 4 17 12:50am ENE 30.00 73 10 72.6 87.6 4:02pm 65.0 5:27am 0 8 0.00 2 15 2:27pm WNW 29.99 77 11 79.3 84.3 3:52pm 70.6 8:17am 0 14 0.00 5 14 5:20pm WNW 29.95 62 12 79.2 84.5 2:56pm 74.0 11:54pm 0 14 0.00 4 16 3:35pm W 29.94 68 13 73.5 81.1 1:22pm 63.4 11:55pm 0 9 0.25 4 21 1:30pm N 29.95 76 14 66.3 74.4 1:20pm 58.0 5:29am 2 3 0.00 7 23 12:04pm WNW 29.99 60 15 59.8 65.0 4:47pm 0.0 12:00am 5 0 0.00 8 27 5:03pm NNW 30.07 52 16 63.7 77.6 4:19pm 50.7 3:40am 5 4 0.00 6 21 9:54am NNE 30.12 48 17 66.5 80.9 3:03pm 52.6 5:05am 4 5 0.00 4 17 12:00am NE 30.12 57 18 71.5 84.7 4:18pm 60.9 4:36am 1 7 0.00 3 14 12:50pm E 30.08 61 19 72.7 80.5 1:48pm 63.4 7:14am 0 8 0.00 3 17 3:03pm SE 30.02 68 20 73.0 79.9 2:29pm 65.8 6:01am 0 8 0.00 4 21 2:44pm WNW 29.96 81 21 72.1 80.7 12:45pm 62.3 7:05am 0 7 0.00 4 20 4:54pm WNW 29.92 70 22 73.4 82.4 1:23pm 66.0 3:06am 0 8 0.00 6 23 4:25pm NNW 29.90 67 23 71.1 80.7 11:36am 59.5 6:35am 1 7 0.00 6 23 5:34pm NE 29.93 68 24 75.5 88.2 3:09pm 63.7 6:48am 0 11 0.00 5 20 2:28pm ENE 29.97 65 25 75.9 87.4 3:34pm 65.6 6:56am 0 11 0.00 4 16 10:30am E 30.00 65 26 75.1 87.8 2:50pm 66.1 6:56am 0 10 0.00 3 17 4:02pm E 30.02 63 27 75.7 84.0 1:46pm 64.7 7:13am 0 10 0.00 3 15 3:42pm SW 30.00 67 28 76.2 83.2 3:21pm 68.8 5:13am 0 11 0.00 4 20 12:43pm WSW 29.96 78 29 75.5 84.3 2:18pm 69.9 11:58pm 0 10 0.02 4 20 3:56pm NW 29.95 73 30 73.7 87.2 4:54pm 59.3 6:54am 1 10 0.00 5 19 5:46pm NNE 30.00 50 --------------------------------------------------------------------------------------- TOT 73.2 88.2 4/24/08 50.7 4/16/08 19 264 2.76 4 29 4/6/08 E 30.00 70 HEAT BASE: 65.0 COOL BASE: 65.0
 
  
Hurricane Tracker

Hurricane Tracker
Hurricane Tracker
2017 Storm Tracker Forum


Atlantic Storms
No Storms


Sponsored Links

Recent Forum Posts

New Post
Invest 92L- Deactivated
Posted by
ccstorms on Oct 17, 2017 at 06:12:31 AM


New Post
Ophelia- Final Advisory
Posted by
ccstorms on Oct 16, 2017 at 06:32:58 AM


New Post
Nate- Final Advisory
Posted by
ccstorms on Oct 08, 2017 at 02:04:43 PM


New Post
SW FL-Bonita Beach: Fishing pre and post Hurricane Irma
Posted by
fishbuster on Oct 07, 2017 at 12:55:48 PM


New Post
Invest 99L- Deactivated
Posted by
ccstorms on Oct 01, 2017 at 06:10:56 AM


New Post
Maria- Final Advisory
Posted by
ccstorms on Sep 30, 2017 at 05:15:26 PM


***FORUM RULES***

Sponsored Links

Member Login
Username

Password


Join For Free!!
Click here to Register!

Total Hits
We received
78351976
page views since June 2005

Social Networks

Southwest Florida Weather | Central Florida Weather | Florida Weather

Cape Coral | Fort Myers | Bonita Springs | Naples | Punta Gorda | Port Charlotte | Estero | Sanibel | Lehigh Acres | Captiva | Pine Island | Bokeelia | St. James City | Alva | Arcadia | Labelle | Clewiston | Venice

Lee County | Charlotte County | Collier County | Hendry County | Desoto County
Glades County | Monroe County | Sarasota County | Manatee County
Hillsborough County | Pinellas County | Pasco County

Recommend us




Copyright Capeweather.com 2005-2017

DO NOT make decisions that affect life or property based on this data!
PHP-Nuke Copyright © 2004 by Francisco Burzi. This is free software, and you may redistribute it under the GPL. PHP-Nuke comes with absolutely no warranty, for details, see the license.
Page Generation: 0.21 Seconds