Southwest Florida Weather History, Yearly, Monthly, Daily, Records
 Click here to register!Home | Advertise | Forum | Live Webcams | Contact Us | Tell a Friend | Your Account  

Lee County Forecast
Tonight

Tonight: Partly cloudy, with a low around 77. East southeast wind around 5 mph becoming calm  after midnight.
Partly Cloudy
Monday

Monday: Isolated showers and thunderstorms before 5pm.  Mostly sunny, with a high near 92. Heat index values as high as 102. Light and variable wind becoming southwest 5 to 9 mph in the morning.  Chance of precipitation is 20%.
Isolated
T-storms
Lo 77 °FHi 92 °F
Extended Forecast
Florida Weather Forecast

Southwest Florida Webcams

Main Navigation
Weather
· Home
· Current Conditions
· Storm Warnings
· Station Graphs
· Storm Fronts
· Temperature Map
· Station History
· Drought Index
· Storm Reports
· Rainfall Estimates
· Fire Graphs

Doppler Radar
· Lee County
· Charlotte County
· Collier County
· Hendry County
· Desoto County
· Glades County
· Sarasota County
· Manatee County
· Hillsborough County
· Pinellas County
· Pasco County
· Southwest Florida
· Florida
· State Radars
· National

Satellite
· South Florida
· North Florida
· Regional
· National

Forecast
· Extended
· Marine
· Discussion
· Florida Forecast
· Hazardous Outlook
· Wave Heights
· Fire

Lightning
· Live
· Tracker
· Loop
· Network
· WASP
· WASP Loop
· 3 Hour Forecast

Tropical Weather
· Hurricane Tracker
· Tropical Satellite
· Sea Temperature
· Discussion
· Buoy Data
· Tracking Tools
· Jeff Masters Blog
· Monthly Summary

Moon and Tides
· Tides
· Moon Phase

Live Products

Fishing Reports

Local News

Other Info

  
 

Southwest Florida Monthly and Yearly Weather Reports

2017: Jan | Feb | Mar | Apr | May | Jun | Jul | Aug | Sep | Oct | Nov | Dec 
2016: Jan | Feb | Mar | Apr | May | Jun | Jul | Aug | Sep | Oct | Nov | Dec 
2015: Jan | Feb | Mar | Apr | May | Jun | Jul | Aug | Sep | Oct | Nov | Dec 
2014: Jan | Feb | Mar | Apr | May | Jun | Jul | Aug | Sep | Oct | Nov | Dec 
2013: Jan | Feb | Mar | Apr | May | Jun | Jul | Aug | Sep | Oct | Nov | Dec 
2012: Jan | Feb | Mar | Apr | May | Jun | Jul | Aug | Sep | Oct | Nov | Dec 
2011: Jan | Feb | Mar | Apr | May | Jun | Jul | Aug | Sep | Oct | Nov | Dec 
2010: Jan | Feb | Mar | Apr | May | Jun | Jul | Aug | Sep | Oct | Nov | Dec 
2009: Jan | Feb | Mar | Apr | May | Jun | Jul | Aug | Sep | Oct | Nov | Dec 
2008: Jan | Feb | Mar | Apr | May | Jun | Jul | Aug | Sep | Oct | Nov | Dec 
2007: Jan | Feb | Mar | Apr | May | Jun | Jul | Aug | Sep | Oct | Nov | Dec 
2006: Jan | Feb | Mar | Apr | May | Jun | Jul | Aug | Sep | Oct | Nov | Dec 
2005: Jan | Feb | Mar | Apr | May | Jun | Jul | Aug | Sep | Oct | Nov | Dec 

Report for 2008 03
MONTHLY CLIMATOLOGICAL SUMMARY FOR 3/2008 HEAT COOL MEAN DEG DEG WIND SPEED DOM MEAN MEAN DAY TEMP HIGH TIME LOW TIME DAYS DAYS RAIN AVG HI TIME DIR BAROM HUM --------------------------------------------------------------------------------------- 1 66.2 80.9 1:32pm 54.7 5:41am 3 4 0.00 4 22 4:16pm ENE 30.20 69 2 69.2 81.2 2:32pm 56.5 6:48am 2 6 0.00 4 19 6:25pm E 30.12 64 3 72.0 84.9 2:19pm 62.6 3:38am 1 7 0.00 4 18 9:27am E 30.06 70 4 72.5 79.2 11:24am 67.6 6:32am 0 8 0.00 4 22 11:10am SE 29.96 85 5 70.2 76.8 1:44pm 65.0 11:56pm 0 5 0.00 5 14 4:03am WNW 29.97 79 6 71.3 82.4 12:33pm 62.9 5:58am 0 7 0.01 1 14 1:27pm E 29.97 82 7 76.2 82.2 1:39pm 69.8 1:31am 0 11 0.04 8 32 10:55am SSE 29.84 83 8 63.3 75.3 12:00am 51.4 11:56pm 3 1 0.36 13 38 10:31am WNW 30.07 64 9 59.3 72.8 4:53pm 46.5 6:41am 7 2 0.00 5 19 9:30am NE 30.26 58 10 65.8 78.3 2:09pm 55.6 5:51am 3 4 0.01 5 19 11:23am ENE 30.21 71 11 69.3 78.5 2:24pm 63.5 6:44am 0 5 0.03 3 16 3:42pm ENE 30.06 83 12 69.5 74.7 1:11pm 62.6 11:57pm 0 5 0.00 6 21 2:53pm WNW 29.96 82 13 64.5 74.6 12:04pm 55.6 7:43am 3 2 0.00 4 19 4:02pm W 30.01 70 14 65.2 76.5 1:48pm 55.4 5:05am 3 3 0.01 2 16 3:14pm E 29.94 78 15 72.3 81.2 2:54pm 62.6 4:41am 0 8 0.00 3 18 10:04am SW 29.89 81 16 75.8 85.1 3:53pm 70.9 11:42pm 0 11 0.00 6 21 2:28pm WNW 30.00 84 17 74.5 84.3 2:38pm 68.1 5:30am 0 9 0.00 6 20 6:45pm E 30.16 71 18 73.2 84.9 3:43pm 64.3 6:51am 0 8 0.00 5 27 12:55pm ESE 30.12 66 19 74.3 82.4 3:23pm 67.4 2:57am 0 9 0.00 6 31 1:50pm SSE 30.00 75 20 72.5 78.8 2:20pm 63.1 11:59pm 0 8 0.00 6 24 11:39pm NW 30.00 81 21 69.2 83.0 3:42pm 57.5 4:21am 2 6 0.00 6 22 12:00am E 30.10 64 22 68.5 72.1 5:13pm 65.2 3:59am 0 3 0.35 2 11 12:00am E 29.98 85 23 71.3 80.5 4:08pm 66.8 5:12am 0 6 0.10 3 18 7:51pm NW 29.91 86 24 68.1 78.8 1:47pm 56.7 11:45pm 1 4 0.01 7 26 7:05pm N 30.03 66 25 60.5 74.2 3:44pm 46.5 7:38am 6 2 0.00 7 23 1:52am NE 30.26 45 26 65.4 79.4 4:28pm 51.6 7:34am 4 5 0.00 4 18 3:39pm NE 30.25 62 27 69.1 81.2 2:04pm 57.3 7:10am 2 6 0.00 3 16 1:27pm E 30.11 66 28 71.3 83.8 12:32pm 58.9 7:23am 1 7 0.00 3 16 4:29pm WNW 30.03 65 29 73.1 86.1 2:42pm 62.7 6:52am 0 8 0.00 3 16 3:57pm E 30.05 67 30 74.3 87.4 3:25pm 62.6 7:01am 0 9 0.00 3 17 4:51pm ENE 30.07 67 31 75.6 87.6 4:26pm 66.6 7:28am 0 11 0.00 5 19 2:23pm ESE 30.08 71 --------------------------------------------------------------------------------------- TOT 69.8 87.6 3/31/08 46.5 3/9/08 41 190 0.92 5 38 3/8/08 E 30.05 72 HEAT BASE: 65.0 COOL BASE: 65.0
 
  
Hurricane Tracker

Hurricane Tracker
Hurricane Tracker
2017 Storm Tracker Forum


Atlantic Storms
No Storms


Sponsored Links

Recent Forum Posts

New Post
SW FL-Bonita Beach: Grouper, snapper, redfish, black drum
Posted by
fishbuster on Jul 20, 2017 at 11:36:41 AM


New Post
Some webcams are offline due to lightning
Posted by
chris on Jul 17, 2017 at 10:23:12 PM


New Post
Surely 50MPH sustained this afternoon
Posted by
chris on Jul 12, 2017 at 08:56:15 PM


New Post
Tropical Depression 4 now Remnant Low 7/7
Posted by
ccstorms on Jul 10, 2017 at 06:30:03 PM


New Post
SW FL-Bonita Beach: June wrap-up--Grouper, Snapper, Shark
Posted by
fishbuster on Jul 01, 2017 at 10:12:57 AM


New Post
Lightning strikes pregnant woman, discount store in FM
Posted by
chris on Jun 29, 2017 at 07:31:54 PM


***FORUM RULES***

Sponsored Links

Member Login
Username

Password


Join For Free!!
Click here to Register!

Total Hits
We received
74757523
page views since June 2005

Free Weather Graphics

Free weather stickers

Add a weather graphic to your website with the latest conditions!
Click for Details

Sponsored Links

Social Networks

Southwest Florida Weather | Central Florida Weather | Florida Weather

Cape Coral | Fort Myers | Bonita Springs | Naples | Punta Gorda | Port Charlotte | Estero | Sanibel | Lehigh Acres | Captiva | Pine Island | Bokeelia | St. James City | Alva | Arcadia | Labelle | Clewiston | Venice

Lee County | Charlotte County | Collier County | Hendry County | Desoto County
Glades County | Monroe County | Sarasota County | Manatee County
Hillsborough County | Pinellas County | Pasco County

Recommend us




Copyright Capeweather.com 2005-2017

DO NOT make decisions that affect life or property based on this data!
PHP-Nuke Copyright © 2004 by Francisco Burzi. This is free software, and you may redistribute it under the GPL. PHP-Nuke comes with absolutely no warranty, for details, see the license.
Page Generation: 0.21 Seconds