Southwest Florida Weather History, Yearly, Monthly, Daily, Records
 Click here to register!Home | Advertise | Forum | Live Webcams | Contact Us | Tell a Friend | Your Account  

Lee County Forecast & Temp
This
Afternoon
This Afternoon: Sunny, with a high near 84. West northwest wind around 6 mph.
Sunny
Tonight

Tonight: Partly cloudy, with a low around 65. Light and variable wind becoming east 5 to 7 mph after midnight.
Partly Cloudy
Hi 84 °FLo 65 °F
Extended Forecast
Florida Weather Forecast

Southwest Florida Webcams

Main Navigation
Weather
· Home
· Current Conditions
· Storm Warnings
· Station Graphs
· Storm Fronts
· Station History
· Drought Index
· Storm Reports
· Rainfall Estimates
· Fire Graphs

Doppler Radar
· Lee County
· Charlotte County
· Collier County
· Hendry County
· Desoto County
· Glades County
· Sarasota County
· Manatee County
· Hillsborough County
· Pinellas County
· Pasco County
· Southwest Florida
· Florida
· State Radars
· National

Satellite
· South Florida
· North Florida
· Regional
· National

Forecast
· Extended
· Marine
· Discussion
· Florida Forecast
· Hazardous Outlook
· Wave Heights
· Fire

Lightning
· Live
· Tracker
· Loop
· Network
· WASP
· WASP Loop

Tropical Weather
· Hurricane Tracker
· Tropical Satellite
· Sea Temperature
· Discussion
· Buoy Data
· Tracking Tools
· Monthly Summary

Moon and Tides
· Tides
· Moon Phase

Live Products

Fishing Reports

Local News

Other Info

  
 

Southwest Florida Monthly and Yearly Weather Reports

2018: Jan | Feb | Mar | Apr | May | Jun | Jul | Aug | Sep | Oct | Nov | Dec 
2017: Jan | Feb | Mar | Apr | May | Jun | Jul | Aug | Sep | Oct | Nov | Dec 
2016: Jan | Feb | Mar | Apr | May | Jun | Jul | Aug | Sep | Oct | Nov | Dec 
2015: Jan | Feb | Mar | Apr | May | Jun | Jul | Aug | Sep | Oct | Nov | Dec 
2014: Jan | Feb | Mar | Apr | May | Jun | Jul | Aug | Sep | Oct | Nov | Dec 
2013: Jan | Feb | Mar | Apr | May | Jun | Jul | Aug | Sep | Oct | Nov | Dec 
2012: Jan | Feb | Mar | Apr | May | Jun | Jul | Aug | Sep | Oct | Nov | Dec 
2011: Jan | Feb | Mar | Apr | May | Jun | Jul | Aug | Sep | Oct | Nov | Dec 
2010: Jan | Feb | Mar | Apr | May | Jun | Jul | Aug | Sep | Oct | Nov | Dec 
2009: Jan | Feb | Mar | Apr | May | Jun | Jul | Aug | Sep | Oct | Nov | Dec 
2008: Jan | Feb | Mar | Apr | May | Jun | Jul | Aug | Sep | Oct | Nov | Dec 
2007: Jan | Feb | Mar | Apr | May | Jun | Jul | Aug | Sep | Oct | Nov | Dec 
2006: Jan | Feb | Mar | Apr | May | Jun | Jul | Aug | Sep | Oct | Nov | Dec 
2005: Jan | Feb | Mar | Apr | May | Jun | Jul | Aug | Sep | Oct | Nov | Dec 

Report for 2008 02
MONTHLY CLIMATOLOGICAL SUMMARY FOR 2/2008 HEAT COOL MEAN DEG DEG WIND SPEED DOM MEAN MEAN DAY TEMP HIGH TIME LOW TIME DAYS DAYS RAIN AVG HI TIME DIR BAROM HUM --------------------------------------------------------------------------------------- 1 68.7 77.7 11:38am 62.0 6:34am 1 4 0.00 3 19 10:21am SE 30.12 80 2 67.5 80.7 2:48pm 57.6 5:26am 2 4 0.00 3 13 4:03pm NE 30.17 73 3 69.8 81.1 3:29pm 61.6 7:05am 1 5 0.00 2 11 4:38pm NNE 30.16 80 4 71.9 82.6 12:36pm 62.1 7:15am 0 7 0.00 2 14 11:30am SW 30.15 80 5 71.8 82.0 12:12pm 64.8 3:27am 0 7 0.00 2 16 9:56am SW 30.12 81 6 73.3 80.5 12:06pm 67.4 12:10am 0 8 0.00 3 24 9:46am SSE 30.02 85 7 74.3 80.3 2:30pm 70.8 12:00am 0 9 0.01 3 18 11:05am SW 29.99 87 8 72.1 77.6 1:55pm 67.6 11:50pm 0 7 0.00 2 13 3:34pm WSW 29.99 89 9 71.7 82.6 1:14pm 66.1 6:21am 0 7 0.00 2 13 3:58pm NNE 30.04 82 10 68.1 80.5 4:05pm 58.1 7:35am 2 5 0.00 6 26 11:05am NE 30.16 53 11 66.0 78.1 3:44pm 53.5 6:54am 3 4 0.00 5 21 1:45pm E 30.18 52 12 68.8 76.5 12:39pm 62.0 6:37am 0 4 0.99 2 18 1:49pm ESE 29.97 81 13 68.0 73.0 3:09pm 59.8 11:56pm 0 3 0.38 5 28 9:26am W 29.86 87 14 59.6 72.3 3:59pm 47.7 7:25am 7 1 0.00 3 18 4:46am ENE 30.15 59 15 64.4 77.4 12:31pm 53.8 7:21am 4 3 0.00 2 12 5:08pm ENE 30.19 73 16 70.1 84.3 3:44pm 58.9 2:53am 2 7 0.00 2 15 9:48pm E 30.07 71 17 72.5 81.6 1:39pm 65.2 5:18am 0 7 0.00 4 17 3:50pm ESE 29.96 78 18 70.2 78.6 10:05am 64.3 11:50pm 0 5 0.00 3 17 3:58am SSE 30.00 86 19 70.3 80.9 1:34pm 80.9 1:34pm 0 1 0.00 6 11 1:34pm SW 30.12 81 20 21 22 23 76.4 80.9 1:34pm 72.8 9:40pm 0 6 0.00 6 21 2:59pm SW 30.03 82 24 74.4 79.6 2:26pm 72.0 11:22pm 0 9 0.00 5 16 1:08pm W 30.06 88 25 74.5 81.1 2:47pm 70.4 6:09am 0 9 0.00 3 14 1:40pm SW 30.01 86 26 75.3 81.2 12:47pm 70.3 3:16am 0 10 0.00 5 20 4:57pm SW 29.88 87 27 61.7 75.3 2:26am 49.6 10:58pm 5 2 0.00 9 27 7:22am NNW 29.97 67 28 54.0 66.6 3:42pm 43.5 7:01am 11 0 0.00 4 19 12:23pm NE 30.27 46 29 62.6 77.9 3:09pm 48.5 4:54am 6 3 0.00 4 19 2:00pm ENE 30.29 59 --------------------------------------------------------------------------------------- TOT 69.0 84.3 2/16/08 43.5 2/28/08 43 140 1.39 4 28 2/13/08 SW 30.07 76 HEAT BASE: 65.0 COOL BASE: 65.0
 
  
Hurricane Tracker

Hurricane Tracker
Hurricane Tracker
2017 Storm Tracker Forum


Atlantic Storms
No Storms


Sponsored Links

Recent Forum Posts

New Post
Fishing Report Feb 17 2018
Posted by
captruss on Feb 17, 2018 at 09:41:35 AM


New Post
Water Temperature is Everything
Posted by
captruss on Feb 09, 2018 at 06:39:09 AM


***FORUM RULES***

Member Login
Username

Password


Join For Free!!
Click here to Register!

Total Hits
We received
81477097
page views since June 2005

Sponsored Links

Social Networks

Southwest Florida Weather | Central Florida Weather | Florida Weather

Cape Coral | Fort Myers | Bonita Springs | Naples | Punta Gorda | Port Charlotte | Estero | Sanibel | Lehigh Acres | Captiva | Pine Island | Bokeelia | St. James City | Alva | Arcadia | Labelle | Clewiston | Venice

Lee County | Charlotte County | Collier County | Hendry County | Desoto County
Glades County | Monroe County | Sarasota County | Manatee County
Hillsborough County | Pinellas County | Pasco County

Recommend us




Copyright Capeweather.com 2005-2017

DO NOT make decisions that affect life or property based on this data!
PHP-Nuke Copyright © 2004 by Francisco Burzi. This is free software, and you may redistribute it under the GPL. PHP-Nuke comes with absolutely no warranty, for details, see the license.
Page Generation: 0.24 Seconds