Southwest Florida Weather History, Yearly, Monthly, Daily, Records
 Click here to register!Home | Advertise | Forum | Live Webcams | Contact Us | Tell a Friend | Your Account  

Lee County Forecast
Today

Today: Scattered showers and thunderstorms after 3pm.  Mostly sunny, with a high near 91. Heat index values as high as 101. Calm wind becoming west northwest 5 to 7 mph in the afternoon.  Chance of precipitation is 30%.
Mostly Sunny
then
Scattered
T-storms
Tonight

Tonight: Scattered showers and thunderstorms before midnight.  Mostly cloudy, with a low around 75. East wind 3 to 6 mph.  Chance of precipitation is 30%.
Scattered
T-storms then
Mostly Cloudy
Hi 91 °FLo 75 °F
Extended Forecast
Florida Weather Forecast

Southwest Florida Webcams

Main Navigation
Weather
· Home
· Current Conditions
· Storm Warnings
· Station Graphs
· Storm Fronts
· Temperature Map
· Station History
· Drought Index
· Storm Reports
· Rainfall Estimates
· Fire Graphs

Doppler Radar
· Lee County
· Charlotte County
· Collier County
· Hendry County
· Desoto County
· Glades County
· Sarasota County
· Manatee County
· Hillsborough County
· Pinellas County
· Pasco County
· Southwest Florida
· Florida
· State Radars
· National

Satellite
· South Florida
· North Florida
· Regional
· National

Forecast
· Extended
· Marine
· Discussion
· Florida Forecast
· Hazardous Outlook
· Wave Heights
· Fire

Lightning
· Live
· Tracker
· Loop
· Network
· WASP
· WASP Loop
· 3 Hour Forecast

Tropical Weather
· Hurricane Tracker
· Tropical Satellite
· Sea Temperature
· Discussion
· Buoy Data
· Tracking Tools
· Jeff Masters Blog
· Monthly Summary

Moon and Tides
· Tides
· Moon Phase

Live Products

Fishing Reports

Local News

Other Info

  
 

Southwest Florida Monthly and Yearly Weather Reports

2017: Jan | Feb | Mar | Apr | May | Jun | Jul | Aug | Sep | Oct | Nov | Dec 
2016: Jan | Feb | Mar | Apr | May | Jun | Jul | Aug | Sep | Oct | Nov | Dec 
2015: Jan | Feb | Mar | Apr | May | Jun | Jul | Aug | Sep | Oct | Nov | Dec 
2014: Jan | Feb | Mar | Apr | May | Jun | Jul | Aug | Sep | Oct | Nov | Dec 
2013: Jan | Feb | Mar | Apr | May | Jun | Jul | Aug | Sep | Oct | Nov | Dec 
2012: Jan | Feb | Mar | Apr | May | Jun | Jul | Aug | Sep | Oct | Nov | Dec 
2011: Jan | Feb | Mar | Apr | May | Jun | Jul | Aug | Sep | Oct | Nov | Dec 
2010: Jan | Feb | Mar | Apr | May | Jun | Jul | Aug | Sep | Oct | Nov | Dec 
2009: Jan | Feb | Mar | Apr | May | Jun | Jul | Aug | Sep | Oct | Nov | Dec 
2008: Jan | Feb | Mar | Apr | May | Jun | Jul | Aug | Sep | Oct | Nov | Dec 
2007: Jan | Feb | Mar | Apr | May | Jun | Jul | Aug | Sep | Oct | Nov | Dec 
2006: Jan | Feb | Mar | Apr | May | Jun | Jul | Aug | Sep | Oct | Nov | Dec 
2005: Jan | Feb | Mar | Apr | May | Jun | Jul | Aug | Sep | Oct | Nov | Dec 

Report for 2008 01
MONTHLY CLIMATOLOGICAL SUMMARY FOR 1/2008 HEAT COOL MEAN DEG DEG WIND SPEED DOM MEAN MEAN DAY TEMP HIGH TIME LOW TIME DAYS DAYS RAIN AVG HI TIME DIR BAROM HUM --------------------------------------------------------------------------------------- 1 67.9 72.0 12:00am 57.3 11:58pm 1 4 0.35 3 23 11:34pm N 30.12 85 2 48.4 57.3 12:00am 36.8 11:59pm 16 0 0.00 11 28 4:15pm NNE 30.35 49 3 45.0 59.9 3:02pm 31.2 6:07am 20 0 0.00 10 24 9:02am NNE 30.51 51 4 54.6 67.6 1:27pm 43.1 4:41am 10 0 0.00 6 18 12:23am NE 30.46 71 5 60.5 71.6 12:57pm 51.3 5:05am 5 1 0.00 3 12 9:12am NE 30.31 83 6 66.8 79.2 2:47pm 58.3 1:31am 2 4 0.00 2 12 3:22pm ENE 30.22 76 7 68.6 81.6 3:19pm 56.6 4:42am 2 6 0.00 2 14 12:17pm E 30.20 76 8 69.6 83.2 2:32pm 61.2 6:52am 1 5 0.00 2 14 4:42pm E 30.16 76 9 66.8 79.9 3:25pm 55.9 6:52am 3 4 0.00 1 13 4:10pm NW 30.10 75 10 68.7 81.2 1:02pm 60.5 6:27am 1 5 0.00 2 13 11:18am SW 30.02 80 11 68.4 77.6 2:03pm 61.5 4:40am 1 4 0.00 2 18 11:31am SSE 29.93 85 12 69.4 78.5 12:55pm 62.3 5:36am 1 5 0.00 1 17 12:04pm SSE 29.93 87 13 70.6 77.4 12:43pm 66.0 6:02am 0 6 0.01 1 12 2:27pm SW 29.95 92 14 64.4 73.5 2:15pm 52.0 11:56pm 3 2 0.00 6 22 10:01am NNE 30.08 55 15 58.8 72.1 3:19pm 49.2 3:53am 7 1 0.00 5 21 10:16am NE 30.11 45 16 67.8 77.4 3:13pm 51.9 4:44am 1 3 0.00 7 20 11:27am ESE 29.99 62 17 70.6 73.0 1:29pm 68.1 10:43pm 0 6 0.18 4 24 12:39am SSE 29.95 86 18 69.3 76.8 2:40pm 66.0 11:56pm 0 4 0.01 2 12 1:27pm NE 30.03 91 19 70.9 79.4 1:32pm 64.7 1:53am 0 6 0.58 3 22 12:22pm S 29.94 90 20 54.3 68.6 12:00am 50.7 9:32pm 11 0 0.10 12 30 12:56am NE 30.19 74 21 62.1 75.3 2:41pm 49.5 1:23am 5 3 0.00 8 26 5:14pm ENE 30.29 71 22 70.7 82.4 3:27pm 62.1 5:23am 1 6 0.00 4 18 1:16pm E 30.15 79 23 69.6 78.5 12:20pm 64.2 11:17pm 0 5 0.00 3 15 1:48pm WNW 30.02 90 24 66.5 73.2 4:00pm 64.0 12:19am 0 2 0.00 3 18 9:27pm NW 30.05 91 25 63.0 74.0 3:35pm 54.5 7:55am 3 1 0.00 6 24 8:57am ENE 30.21 68 26 63.4 75.3 1:22pm 52.0 7:12am 4 3 0.00 2 12 12:07pm SW 30.15 76 27 66.5 75.6 2:36pm 52.8 11:56pm 2 3 0.02 6 24 12:11pm NNE 30.06 69 28 56.2 71.1 4:09pm 45.5 7:17am 10 1 0.00 3 17 10:31am NNE 30.13 65 29 61.0 73.5 1:35pm 46.1 4:08am 6 2 0.00 3 19 10:59am S 30.06 74 30 67.2 75.6 11:27am 58.1 7:19am 1 3 0.00 2 15 9:53am SSE 30.04 78 31 67.7 79.6 12:20pm 56.9 6:33am 2 5 0.00 2 17 10:39am SSE 30.10 72 --------------------------------------------------------------------------------------- TOT 64.4 83.2 1/8/08 31.2 1/3/08 119 100 1.25 4 30 1/20/08 NE 30.13 75 HEAT BASE: 65.0 COOL BASE: 65.0
 
  
Hurricane Tracker

Hurricane Tracker
Hurricane Tracker
2017 Storm Tracker Forum


Atlantic Storms
No Storms


Sponsored Links

Recent Forum Posts

New Post
Cape Coral weather, Sun 6/25/17
Posted by
Weatherman911 on Jun 25, 2017 at 04:34:00 PM


New Post
Cindy- Final Advisory
Posted by
Weatherman911 on Jun 24, 2017 at 10:00:31 PM


New Post
Cape Coral weather, Sat 6/24/17
Posted by
Weatherman911 on Jun 24, 2017 at 05:28:02 PM


New Post
Bret- Final Advisory
Posted by
Weatherman911 on Jun 20, 2017 at 06:54:20 PM


New Post
TWO 8pm EDT 6/8/17
Posted by
chris on Jun 10, 2017 at 11:36:40 AM


New Post
TWO 8pm EDT 6/7/17
Posted by
Weatherman911 on Jun 07, 2017 at 08:17:40 PM


***FORUM RULES***

Sponsored Links

Member Login
Username

Password


Join For Free!!
Click here to Register!

Total Hits
We received
73816629
page views since June 2005

Free Weather Graphics

Free weather stickers

Add a weather graphic to your website with the latest conditions!
Click for Details

Sponsored Links

Social Networks

Southwest Florida Weather | Central Florida Weather | Florida Weather

Cape Coral | Fort Myers | Bonita Springs | Naples | Punta Gorda | Port Charlotte | Estero | Sanibel | Lehigh Acres | Captiva | Pine Island | Bokeelia | St. James City | Alva | Arcadia | Labelle | Clewiston | Venice

Lee County | Charlotte County | Collier County | Hendry County | Desoto County
Glades County | Monroe County | Sarasota County | Manatee County
Hillsborough County | Pinellas County | Pasco County

Recommend us




Copyright Capeweather.com 2005-2017

DO NOT make decisions that affect life or property based on this data!
PHP-Nuke Copyright © 2004 by Francisco Burzi. This is free software, and you may redistribute it under the GPL. PHP-Nuke comes with absolutely no warranty, for details, see the license.
Page Generation: 0.28 Seconds