Southwest Florida Weather History, Yearly, Monthly, Daily, Records
 Click here to register!Home | Advertise | Forum | Live Webcams | Contact Us | Tell a Friend | Your Account  

Lee County Forecast & Temp
Today

Today: A 20 percent chance of showers after 4pm.  Mostly sunny, with a high near 85. East wind 7 to 10 mph becoming south southwest in the afternoon.
Mostly Sunny
then Slight
Chance
Showers
Tonight

Tonight: A 10 percent chance of showers before 7pm.  Patchy fog after 4am.  Otherwise, partly cloudy, with a low around 66. South southwest wind around 5 mph becoming light and variable.
Slight Chance
Showers then
Patchy Fog
Hi 85 °FLo 66 °F
Extended Forecast
Florida Weather Forecast

Southwest Florida Webcams

Main Navigation
Weather
· Home
· Current Conditions
· Storm Warnings
· Station Graphs
· Storm Fronts
· Station History
· Drought Index
· Storm Reports
· Rainfall Estimates
· Fire Graphs

Doppler Radar
· Lee County
· Charlotte County
· Collier County
· Hendry County
· Desoto County
· Glades County
· Sarasota County
· Manatee County
· Hillsborough County
· Pinellas County
· Pasco County
· Southwest Florida
· Florida
· State Radars
· National

Satellite
· South Florida
· North Florida
· Regional
· National

Forecast
· Extended
· Marine
· Discussion
· Florida Forecast
· Hazardous Outlook
· Wave Heights
· Fire

Lightning
· Live
· Tracker
· Loop
· Network
· WASP
· WASP Loop

Tropical Weather
· Hurricane Tracker
· Tropical Satellite
· Sea Temperature
· Discussion
· Buoy Data
· Tracking Tools
· Monthly Summary

Moon and Tides
· Tides
· Moon Phase

Live Products

Fishing Reports

Local News

Other Info

  
 

Southwest Florida Monthly and Yearly Weather Reports

2018: Jan | Feb | Mar | Apr | May | Jun | Jul | Aug | Sep | Oct | Nov | Dec 
2017: Jan | Feb | Mar | Apr | May | Jun | Jul | Aug | Sep | Oct | Nov | Dec 
2016: Jan | Feb | Mar | Apr | May | Jun | Jul | Aug | Sep | Oct | Nov | Dec 
2015: Jan | Feb | Mar | Apr | May | Jun | Jul | Aug | Sep | Oct | Nov | Dec 
2014: Jan | Feb | Mar | Apr | May | Jun | Jul | Aug | Sep | Oct | Nov | Dec 
2013: Jan | Feb | Mar | Apr | May | Jun | Jul | Aug | Sep | Oct | Nov | Dec 
2012: Jan | Feb | Mar | Apr | May | Jun | Jul | Aug | Sep | Oct | Nov | Dec 
2011: Jan | Feb | Mar | Apr | May | Jun | Jul | Aug | Sep | Oct | Nov | Dec 
2010: Jan | Feb | Mar | Apr | May | Jun | Jul | Aug | Sep | Oct | Nov | Dec 
2009: Jan | Feb | Mar | Apr | May | Jun | Jul | Aug | Sep | Oct | Nov | Dec 
2008: Jan | Feb | Mar | Apr | May | Jun | Jul | Aug | Sep | Oct | Nov | Dec 
2007: Jan | Feb | Mar | Apr | May | Jun | Jul | Aug | Sep | Oct | Nov | Dec 
2006: Jan | Feb | Mar | Apr | May | Jun | Jul | Aug | Sep | Oct | Nov | Dec 
2005: Jan | Feb | Mar | Apr | May | Jun | Jul | Aug | Sep | Oct | Nov | Dec 

Report for 2007 10
MONTHLY CLIMATOLOGICAL SUMMARY FOR 10/2007 HEAT COOL MEAN DEG DEG WIND SPEED DOM MEAN MEAN DAY TEMP HIGH TIME LOW TIME DAYS DAYS RAIN AVG HI TIME DIR BAROM HUM --------------------------------------------------------------------------------------- 1 77.5 89.0 1:41pm 70.8 5:24am 0 13 0.01 8 31 12:33pm NE 29.93 73 2 80.1 89.7 1:50pm 73.9 5:49am 0 15 0.00 5 21 2:22pm NE 29.79 82 3 81.8 89.0 4:47pm 76.8 6:02am 0 17 0.01 2 14 11:06am ESE 29.83 80 4 82.5 93.2 2:08pm 77.0 6:18am 0 18 0.03 2 15 7:24pm NE 29.86 78 5 82.2 94.9 3:24pm 77.0 7:42am 0 17 0.07 5 26 4:19pm NE 29.87 82 6 82.8 91.2 2:00pm 77.9 4:13am 0 18 0.01 5 21 12:29pm ENE 29.85 78 7 82.0 92.7 2:41pm 76.3 6:07am 0 17 0.00 5 21 4:47pm E 29.82 79 8 82.5 91.0 4:15pm 77.0 5:20am 0 17 0.00 5 20 3:46pm NE 29.85 73 9 81.6 92.3 2:48pm 73.2 5:35am 0 17 0.00 4 16 1:11pm NE 29.87 73 10 82.0 93.8 3:49pm 73.3 7:25am 0 17 0.00 4 13 5:57pm ENE 29.81 73 11 81.7 92.5 3:44pm 73.3 6:04am 0 17 0.00 2 17 4:06pm N 29.74 73 12 80.8 90.3 2:43pm 72.8 5:56am 0 15 0.00 2 15 9:02am ENE 29.77 70 13 80.4 90.5 2:57pm 73.9 7:02am 0 15 0.00 3 20 4:35pm E 29.84 68 14 78.1 88.6 2:18pm 69.4 7:24am 0 13 0.00 6 21 4:43pm ENE 29.90 67 15 79.5 89.9 2:58pm 71.3 2:52am 0 15 0.00 5 21 4:33pm E 29.92 71 16 81.3 92.9 3:03pm 73.2 7:36am 0 16 0.00 4 17 5:41pm ENE 29.91 73 17 80.2 89.3 2:50pm 72.5 7:39am 0 15 0.00 2 11 4:17pm ENE 29.91 79 18 82.1 89.9 3:21pm 77.2 3:04am 0 17 0.00 1 12 2:16pm SW 29.88 82 19 82.1 89.5 3:03pm 76.1 7:22am 0 17 0.00 2 16 11:17am SW 29.86 81 20 80.3 86.7 12:30pm 76.5 11:56pm 0 15 0.01 1 14 10:16pm E 29.92 83 21 80.8 91.2 2:58pm 75.4 4:19am 0 16 0.13 3 13 9:45am E 30.01 81 22 82.0 90.7 1:59pm 76.0 7:01am 0 17 0.00 2 13 11:02am E 30.00 80 23 81.2 88.0 12:56pm 75.1 4:06am 0 16 0.00 2 16 1:16pm S 29.93 80 24 76.5 84.1 11:09am 70.9 11:00pm 0 11 0.05 3 19 1:46pm N 29.82 86 25 72.8 79.6 12:59pm 65.8 11:53pm 0 8 0.05 6 18 2:45pm NE 29.89 70 26 74.5 83.4 4:11pm 65.6 12:03am 0 10 0.00 5 20 10:29am ENE 29.95 80 27 77.9 82.4 4:28pm 74.9 6:54am 0 13 0.00 3 14 9:30pm ENE 29.98 81 28 78.3 89.3 2:11pm 70.9 6:31am 0 13 0.00 6 21 2:03pm NE 30.00 77 29 77.3 89.3 3:08pm 71.3 4:29am 0 12 0.00 8 29 3:58pm NE 30.01 77 30 76.9 86.1 4:08pm 71.6 6:17am 0 11 0.00 9 27 8:23am NE 29.98 81 31 76.0 84.1 1:41pm 71.6 3:25am 0 11 0.03 10 33 11:52am NE 29.86 86 --------------------------------------------------------------------------------------- TOT 79.9 94.9 10/5/07 65.6 10/26/07 0 460 0.40 4 33 10/31/07 ENE 29.89 77 HEAT BASE: 65.0 COOL BASE: 65.0
 
  
Hurricane Tracker

Hurricane Tracker
Hurricane Tracker
2017 Storm Tracker Forum


Atlantic Storms


Sponsored Links

Recent Forum Posts

New Post
Fabulous Florida Fishing with Tide Walker Charters
Posted by
captruss on Feb 24, 2018 at 07:15:52 AM


New Post
SW FL-Bonita Beach: Still windy, still fishing
Posted by
fishbuster on Feb 23, 2018 at 05:40:40 PM


***FORUM RULES***

Member Login
Username

Password


Join For Free!!
Click here to Register!

Total Hits
We received
81628623
page views since June 2005

Sponsored Links

Social Networks

Southwest Florida Weather | Central Florida Weather | Florida Weather

Cape Coral | Fort Myers | Bonita Springs | Naples | Punta Gorda | Port Charlotte | Estero | Sanibel | Lehigh Acres | Captiva | Pine Island | Bokeelia | St. James City | Alva | Arcadia | Labelle | Clewiston | Venice

Lee County | Charlotte County | Collier County | Hendry County | Desoto County
Glades County | Monroe County | Sarasota County | Manatee County
Hillsborough County | Pinellas County | Pasco County

Recommend us




Copyright Capeweather.com 2005-2017

DO NOT make decisions that affect life or property based on this data!
PHP-Nuke Copyright © 2004 by Francisco Burzi. This is free software, and you may redistribute it under the GPL. PHP-Nuke comes with absolutely no warranty, for details, see the license.
Page Generation: 2.68 Seconds