Southwest Florida Weather History, Yearly, Monthly, Daily, Records
 Click here to register!Home | Advertise | Forum | Live Webcams | Contact Us | Tell a Friend | Your Account  

Lee County Forecast & Temp
Today

Today: A 20 percent chance of showers after 4pm.  Mostly sunny, with a high near 85. East wind 7 to 10 mph becoming south southwest in the afternoon.
Mostly Sunny
then Slight
Chance
Showers
Tonight

Tonight: A 10 percent chance of showers before 7pm.  Patchy fog after 4am.  Otherwise, partly cloudy, with a low around 66. South southwest wind around 5 mph becoming light and variable.
Slight Chance
Showers then
Patchy Fog
Hi 85 °FLo 66 °F
Extended Forecast
Florida Weather Forecast

Southwest Florida Webcams

Main Navigation
Weather
· Home
· Current Conditions
· Storm Warnings
· Station Graphs
· Storm Fronts
· Station History
· Drought Index
· Storm Reports
· Rainfall Estimates
· Fire Graphs

Doppler Radar
· Lee County
· Charlotte County
· Collier County
· Hendry County
· Desoto County
· Glades County
· Sarasota County
· Manatee County
· Hillsborough County
· Pinellas County
· Pasco County
· Southwest Florida
· Florida
· State Radars
· National

Satellite
· South Florida
· North Florida
· Regional
· National

Forecast
· Extended
· Marine
· Discussion
· Florida Forecast
· Hazardous Outlook
· Wave Heights
· Fire

Lightning
· Live
· Tracker
· Loop
· Network
· WASP
· WASP Loop

Tropical Weather
· Hurricane Tracker
· Tropical Satellite
· Sea Temperature
· Discussion
· Buoy Data
· Tracking Tools
· Monthly Summary

Moon and Tides
· Tides
· Moon Phase

Live Products

Fishing Reports

Local News

Other Info

  
 

Southwest Florida Monthly and Yearly Weather Reports

2018: Jan | Feb | Mar | Apr | May | Jun | Jul | Aug | Sep | Oct | Nov | Dec 
2017: Jan | Feb | Mar | Apr | May | Jun | Jul | Aug | Sep | Oct | Nov | Dec 
2016: Jan | Feb | Mar | Apr | May | Jun | Jul | Aug | Sep | Oct | Nov | Dec 
2015: Jan | Feb | Mar | Apr | May | Jun | Jul | Aug | Sep | Oct | Nov | Dec 
2014: Jan | Feb | Mar | Apr | May | Jun | Jul | Aug | Sep | Oct | Nov | Dec 
2013: Jan | Feb | Mar | Apr | May | Jun | Jul | Aug | Sep | Oct | Nov | Dec 
2012: Jan | Feb | Mar | Apr | May | Jun | Jul | Aug | Sep | Oct | Nov | Dec 
2011: Jan | Feb | Mar | Apr | May | Jun | Jul | Aug | Sep | Oct | Nov | Dec 
2010: Jan | Feb | Mar | Apr | May | Jun | Jul | Aug | Sep | Oct | Nov | Dec 
2009: Jan | Feb | Mar | Apr | May | Jun | Jul | Aug | Sep | Oct | Nov | Dec 
2008: Jan | Feb | Mar | Apr | May | Jun | Jul | Aug | Sep | Oct | Nov | Dec 
2007: Jan | Feb | Mar | Apr | May | Jun | Jul | Aug | Sep | Oct | Nov | Dec 
2006: Jan | Feb | Mar | Apr | May | Jun | Jul | Aug | Sep | Oct | Nov | Dec 
2005: Jan | Feb | Mar | Apr | May | Jun | Jul | Aug | Sep | Oct | Nov | Dec 

Report for 2007 09
MONTHLY CLIMATOLOGICAL SUMMARY FOR 9/2007 HEAT COOL MEAN DEG DEG WIND SPEED DOM MEAN MEAN DAY TEMP HIGH TIME LOW TIME DAYS DAYS RAIN AVG HI TIME DIR BAROM HUM --------------------------------------------------------------------------------------- 1 83.8 91.2 1:12pm 77.6 5:14am 0 18 0.00 2 15 10:11am ESE 29.94 74 2 82.9 91.2 12:20pm 76.3 11:01pm 0 18 0.01 2 15 5:03pm WNW 30.01 76 3 81.0 92.1 1:56pm 75.3 5:18am 0 16 0.14 1 22 4:02pm NNE 30.00 79 4 82.2 90.1 12:21pm 75.4 6:47am 0 17 0.04 2 18 2:42pm NW 29.92 78 5 81.7 92.7 1:59pm 75.8 7:07am 0 17 0.02 2 17 4:26pm E 29.92 79 6 83.2 95.1 4:29pm 75.4 6:50am 0 18 0.01 3 25 5:10pm ENE 30.00 72 7 83.7 93.8 4:09pm 75.4 7:05am 0 19 0.00 4 17 11:08am ENE 29.97 70 8 83.1 94.5 3:19pm 75.1 5:46am 0 18 0.00 3 17 6:37pm ENE 29.91 73 9 81.0 90.3 4:16pm 71.8 7:37pm 0 16 0.42 2 22 7:11pm SSE 29.94 75 10 79.4 89.5 4:52pm 73.7 4:29am 0 14 0.25 2 18 5:33pm SE 30.01 80 11 81.2 91.0 1:43pm 74.9 4:01am 0 16 0.37 3 18 7:00pm ENE 29.99 78 12 82.0 91.6 3:52pm 76.0 6:48am 0 17 0.00 1 12 5:55pm SW 29.99 75 13 80.9 92.1 2:42pm 71.1 7:39pm 0 16 0.88 2 26 7:18pm ESE 30.01 76 14 81.8 90.3 1:41pm 73.5 7:05am 0 17 0.01 2 15 3:42pm E 29.99 77 15 82.8 93.4 1:59pm 76.7 11:39pm 0 18 0.23 2 17 5:18pm NE 29.96 77 16 81.9 92.5 2:11pm 74.2 7:17pm 0 17 0.96 2 23 6:41pm E 29.95 80 17 82.9 94.5 3:52pm 75.6 5:45am 0 18 0.00 3 21 6:03pm NE 29.95 76 18 80.2 91.0 2:34pm 74.4 11:54pm 0 15 0.13 5 25 8:05pm NE 29.92 76 19 78.1 87.8 4:55pm 72.1 4:02am 0 13 0.17 5 19 4:47pm NNE 29.83 79 20 77.2 84.3 4:45pm 72.8 2:57am 0 12 0.63 3 22 4:57pm S 29.76 85 21 81.0 88.8 12:46pm 74.4 9:07pm 0 16 0.71 3 20 4:07pm SW 29.88 78 22 79.0 89.5 4:43pm 74.0 6:40pm 0 14 0.13 2 16 6:01pm SE 29.97 84 23 78.7 91.2 1:10pm 75.1 11:55pm 0 14 0.18 2 18 2:47pm ENE 30.02 87 24 77.5 88.6 12:20pm 72.5 6:26pm 0 12 0.95 3 33 6:14pm ENE 29.99 87 25 79.0 88.6 2:00pm 72.7 7:04am 0 14 0.02 3 18 3:07pm ENE 29.97 81 26 78.8 88.2 3:23pm 73.0 7:07am 0 14 0.01 2 14 11:34am ENE 29.93 81 27 79.5 89.0 1:34pm 71.6 6:17am 0 15 0.00 3 17 3:26pm WNW 29.90 79 28 82.5 92.1 1:31pm 74.2 6:54am 0 17 0.00 2 13 6:22pm N 29.93 75 29 81.8 92.7 2:47pm 74.4 6:21am 0 17 0.00 5 22 3:35pm NE 29.98 75 30 79.8 88.6 2:42pm 73.9 7:14am 0 15 0.00 9 30 10:25am NE 30.02 67 --------------------------------------------------------------------------------------- TOT 80.9 95.1 9/6/07 71.1 9/13/07 0 477 6.27 3 33 9/24/07 ENE 29.95 78 HEAT BASE: 65.0 COOL BASE: 65.0
 
  
Hurricane Tracker

Hurricane Tracker
Hurricane Tracker
2017 Storm Tracker Forum


Atlantic Storms


Sponsored Links

Recent Forum Posts

New Post
Fabulous Florida Fishing with Tide Walker Charters
Posted by
captruss on Feb 24, 2018 at 07:15:52 AM


New Post
SW FL-Bonita Beach: Still windy, still fishing
Posted by
fishbuster on Feb 23, 2018 at 05:40:40 PM


***FORUM RULES***

Member Login
Username

Password


Join For Free!!
Click here to Register!

Total Hits
We received
81628564
page views since June 2005

Sponsored Links

Social Networks

Southwest Florida Weather | Central Florida Weather | Florida Weather

Cape Coral | Fort Myers | Bonita Springs | Naples | Punta Gorda | Port Charlotte | Estero | Sanibel | Lehigh Acres | Captiva | Pine Island | Bokeelia | St. James City | Alva | Arcadia | Labelle | Clewiston | Venice

Lee County | Charlotte County | Collier County | Hendry County | Desoto County
Glades County | Monroe County | Sarasota County | Manatee County
Hillsborough County | Pinellas County | Pasco County

Recommend us




Copyright Capeweather.com 2005-2017

DO NOT make decisions that affect life or property based on this data!
PHP-Nuke Copyright © 2004 by Francisco Burzi. This is free software, and you may redistribute it under the GPL. PHP-Nuke comes with absolutely no warranty, for details, see the license.
Page Generation: 0.20 Seconds