Southwest Florida Weather History, Yearly, Monthly, Daily, Records
 Click here to register!Home | Advertise | Forum | Live Webcams | Contact Us | Tell a Friend | Your Account  

Lee County Forecast & Temp
This
Afternoon
This Afternoon: Sunny, with a high near 84. West northwest wind around 6 mph.
Sunny
Tonight

Tonight: Partly cloudy, with a low around 65. Light and variable wind becoming east 5 to 7 mph after midnight.
Partly Cloudy
Hi 84 °FLo 65 °F
Extended Forecast
Florida Weather Forecast

Southwest Florida Webcams

Main Navigation
Weather
· Home
· Current Conditions
· Storm Warnings
· Station Graphs
· Storm Fronts
· Station History
· Drought Index
· Storm Reports
· Rainfall Estimates
· Fire Graphs

Doppler Radar
· Lee County
· Charlotte County
· Collier County
· Hendry County
· Desoto County
· Glades County
· Sarasota County
· Manatee County
· Hillsborough County
· Pinellas County
· Pasco County
· Southwest Florida
· Florida
· State Radars
· National

Satellite
· South Florida
· North Florida
· Regional
· National

Forecast
· Extended
· Marine
· Discussion
· Florida Forecast
· Hazardous Outlook
· Wave Heights
· Fire

Lightning
· Live
· Tracker
· Loop
· Network
· WASP
· WASP Loop

Tropical Weather
· Hurricane Tracker
· Tropical Satellite
· Sea Temperature
· Discussion
· Buoy Data
· Tracking Tools
· Monthly Summary

Moon and Tides
· Tides
· Moon Phase

Live Products

Fishing Reports

Local News

Other Info

  
 

Southwest Florida Monthly and Yearly Weather Reports

2018: Jan | Feb | Mar | Apr | May | Jun | Jul | Aug | Sep | Oct | Nov | Dec 
2017: Jan | Feb | Mar | Apr | May | Jun | Jul | Aug | Sep | Oct | Nov | Dec 
2016: Jan | Feb | Mar | Apr | May | Jun | Jul | Aug | Sep | Oct | Nov | Dec 
2015: Jan | Feb | Mar | Apr | May | Jun | Jul | Aug | Sep | Oct | Nov | Dec 
2014: Jan | Feb | Mar | Apr | May | Jun | Jul | Aug | Sep | Oct | Nov | Dec 
2013: Jan | Feb | Mar | Apr | May | Jun | Jul | Aug | Sep | Oct | Nov | Dec 
2012: Jan | Feb | Mar | Apr | May | Jun | Jul | Aug | Sep | Oct | Nov | Dec 
2011: Jan | Feb | Mar | Apr | May | Jun | Jul | Aug | Sep | Oct | Nov | Dec 
2010: Jan | Feb | Mar | Apr | May | Jun | Jul | Aug | Sep | Oct | Nov | Dec 
2009: Jan | Feb | Mar | Apr | May | Jun | Jul | Aug | Sep | Oct | Nov | Dec 
2008: Jan | Feb | Mar | Apr | May | Jun | Jul | Aug | Sep | Oct | Nov | Dec 
2007: Jan | Feb | Mar | Apr | May | Jun | Jul | Aug | Sep | Oct | Nov | Dec 
2006: Jan | Feb | Mar | Apr | May | Jun | Jul | Aug | Sep | Oct | Nov | Dec 
2005: Jan | Feb | Mar | Apr | May | Jun | Jul | Aug | Sep | Oct | Nov | Dec 

Report for 2007 06
MONTHLY CLIMATOLOGICAL SUMMARY FOR 6/2007 HEAT COOL MEAN DEG DEG WIND SPEED DOM MEAN MEAN DAY TEMP HIGH TIME LOW TIME DAYS DAYS RAIN AVG HI TIME DIR BAROM HUM --------------------------------------------------------------------------------------- 1 70.9 74.9 12:00am 67.6 9:51am 0 6 1.06 6 25 4:44pm E 29.90 86 2 77.3 81.1 2:59pm 70.6 12:00am 0 12 0.36 10 33 7:36am W 29.69 84 3 77.7 82.2 2:13pm 73.9 6:45am 0 13 0.01 9 21 2:05pm W 29.83 75 4 78.3 83.4 4:38pm 74.0 4:10am 0 13 0.00 5 17 4:24pm WSW 29.92 76 5 80.7 87.4 3:38pm 74.4 2:19am 0 16 0.00 4 16 1:00pm SW 29.95 76 6 80.0 83.4 1:45pm 77.2 11:10pm 0 15 0.00 2 16 2:14pm SW 30.00 83 7 80.6 89.5 1:37pm 74.4 11:56pm 0 16 0.01 3 26 8:38pm ESE 30.03 73 8 75.8 88.0 12:31pm 71.6 11:52pm 0 11 0.38 2 18 2:52pm ENE 30.04 86 9 79.5 93.4 4:00pm 69.6 6:19am 0 14 0.01 3 18 5:22pm NE 29.95 77 10 81.4 88.8 2:26pm 74.7 6:23am 0 16 0.01 4 18 4:36pm W 29.88 78 11 81.7 88.6 1:26pm 75.6 6:18am 0 17 0.00 4 18 5:30pm WNW 29.93 77 12 82.8 89.0 2:13pm 77.0 11:59pm 0 18 0.00 5 24 4:54pm WNW 29.90 70 13 79.2 88.6 4:10pm 73.0 6:41am 0 14 0.00 3 16 6:03pm ENE 29.83 71 14 78.9 88.4 3:59pm 69.6 5:46am 0 14 0.00 4 18 5:50pm NE 29.83 73 15 80.5 91.6 1:57pm 74.2 5:59am 0 15 0.17 3 15 2:26pm E 29.89 73 16 80.5 91.2 1:26pm 73.0 6:34am 0 15 0.01 2 15 4:46pm ENE 29.94 78 17 79.8 88.2 2:09pm 74.4 4:29am 0 15 0.16 2 22 5:01pm E 30.03 82 18 81.3 89.5 2:00pm 74.7 5:37am 0 16 0.01 2 15 1:50pm E 30.06 79 19 82.6 93.8 2:08pm 74.7 5:53am 0 18 0.00 3 20 5:57pm E 30.06 74 20 82.3 88.6 2:29pm 75.4 6:45am 0 17 0.00 4 17 4:42pm W 30.00 76 21 82.9 87.6 1:47pm 77.2 5:04am 0 18 0.00 7 19 3:55pm W 29.95 73 22 83.1 89.3 2:51pm 79.2 5:07am 0 18 0.00 5 17 12:52pm W 29.95 69 23 81.6 88.6 3:04pm 72.7 6:38am 0 17 0.00 3 18 4:16pm WSW 29.95 70 24 83.7 91.6 2:16pm 76.8 5:45am 0 19 0.00 3 16 4:00pm WNW 30.01 68 25 82.3 94.9 3:54pm 73.3 5:35am 0 17 0.03 3 19 4:11pm NE 30.09 77 26 83.3 95.9 3:53pm 73.3 6:38am 0 18 0.01 4 17 2:39pm E 30.10 70 27 81.5 94.0 1:56pm 75.8 6:59am 0 16 0.03 3 18 2:04pm E 30.04 74 28 81.3 91.8 1:28pm 75.4 6:23am 0 16 0.08 4 16 1:07pm E 29.99 76 29 80.1 89.3 3:37pm 74.4 9:47pm 0 15 0.18 3 19 5:03pm ENE 29.97 81 30 82.1 90.3 12:22pm 74.7 3:29am 0 17 0.00 4 18 5:01pm WNW 29.95 79 --------------------------------------------------------------------------------------- TOT 80.5 95.9 6/26/07 67.6 6/1/07 0 463 2.52 4 33 6/2/07 W 29.96 76 HEAT BASE: 65.0 COOL BASE: 65.0
 
  
Hurricane Tracker

Hurricane Tracker
Hurricane Tracker
2017 Storm Tracker Forum


Atlantic Storms
No Storms


Sponsored Links

Recent Forum Posts

New Post
Fishing Report Feb 17 2018
Posted by
captruss on Feb 17, 2018 at 09:41:35 AM


New Post
Water Temperature is Everything
Posted by
captruss on Feb 09, 2018 at 06:39:09 AM


***FORUM RULES***

Member Login
Username

Password


Join For Free!!
Click here to Register!

Total Hits
We received
81477068
page views since June 2005

Sponsored Links

Social Networks

Southwest Florida Weather | Central Florida Weather | Florida Weather

Cape Coral | Fort Myers | Bonita Springs | Naples | Punta Gorda | Port Charlotte | Estero | Sanibel | Lehigh Acres | Captiva | Pine Island | Bokeelia | St. James City | Alva | Arcadia | Labelle | Clewiston | Venice

Lee County | Charlotte County | Collier County | Hendry County | Desoto County
Glades County | Monroe County | Sarasota County | Manatee County
Hillsborough County | Pinellas County | Pasco County

Recommend us




Copyright Capeweather.com 2005-2017

DO NOT make decisions that affect life or property based on this data!
PHP-Nuke Copyright © 2004 by Francisco Burzi. This is free software, and you may redistribute it under the GPL. PHP-Nuke comes with absolutely no warranty, for details, see the license.
Page Generation: 0.22 Seconds