Southwest Florida Weather History, Yearly, Monthly, Daily, Records
 Click here to register!Home | Advertise | Forum | Live Webcams | Contact Us | Tell a Friend | Your Account  

Lee County Forecast
Today

Today: Scattered showers and thunderstorms after 3pm.  Mostly sunny, with a high near 91. Heat index values as high as 101. Calm wind becoming west northwest 5 to 7 mph in the afternoon.  Chance of precipitation is 30%.
Mostly Sunny
then
Scattered
T-storms
Tonight

Tonight: Scattered showers and thunderstorms before midnight.  Mostly cloudy, with a low around 75. East wind 3 to 6 mph.  Chance of precipitation is 30%.
Scattered
T-storms then
Mostly Cloudy
Hi 91 °FLo 75 °F
Extended Forecast
Florida Weather Forecast

Southwest Florida Webcams

Main Navigation
Weather
· Home
· Current Conditions
· Storm Warnings
· Station Graphs
· Storm Fronts
· Temperature Map
· Station History
· Drought Index
· Storm Reports
· Rainfall Estimates
· Fire Graphs

Doppler Radar
· Lee County
· Charlotte County
· Collier County
· Hendry County
· Desoto County
· Glades County
· Sarasota County
· Manatee County
· Hillsborough County
· Pinellas County
· Pasco County
· Southwest Florida
· Florida
· State Radars
· National

Satellite
· South Florida
· North Florida
· Regional
· National

Forecast
· Extended
· Marine
· Discussion
· Florida Forecast
· Hazardous Outlook
· Wave Heights
· Fire

Lightning
· Live
· Tracker
· Loop
· Network
· WASP
· WASP Loop
· 3 Hour Forecast

Tropical Weather
· Hurricane Tracker
· Tropical Satellite
· Sea Temperature
· Discussion
· Buoy Data
· Tracking Tools
· Jeff Masters Blog
· Monthly Summary

Moon and Tides
· Tides
· Moon Phase

Live Products

Fishing Reports

Local News

Other Info

  
 

Southwest Florida Monthly and Yearly Weather Reports

2017: Jan | Feb | Mar | Apr | May | Jun | Jul | Aug | Sep | Oct | Nov | Dec 
2016: Jan | Feb | Mar | Apr | May | Jun | Jul | Aug | Sep | Oct | Nov | Dec 
2015: Jan | Feb | Mar | Apr | May | Jun | Jul | Aug | Sep | Oct | Nov | Dec 
2014: Jan | Feb | Mar | Apr | May | Jun | Jul | Aug | Sep | Oct | Nov | Dec 
2013: Jan | Feb | Mar | Apr | May | Jun | Jul | Aug | Sep | Oct | Nov | Dec 
2012: Jan | Feb | Mar | Apr | May | Jun | Jul | Aug | Sep | Oct | Nov | Dec 
2011: Jan | Feb | Mar | Apr | May | Jun | Jul | Aug | Sep | Oct | Nov | Dec 
2010: Jan | Feb | Mar | Apr | May | Jun | Jul | Aug | Sep | Oct | Nov | Dec 
2009: Jan | Feb | Mar | Apr | May | Jun | Jul | Aug | Sep | Oct | Nov | Dec 
2008: Jan | Feb | Mar | Apr | May | Jun | Jul | Aug | Sep | Oct | Nov | Dec 
2007: Jan | Feb | Mar | Apr | May | Jun | Jul | Aug | Sep | Oct | Nov | Dec 
2006: Jan | Feb | Mar | Apr | May | Jun | Jul | Aug | Sep | Oct | Nov | Dec 
2005: Jan | Feb | Mar | Apr | May | Jun | Jul | Aug | Sep | Oct | Nov | Dec 

Report for 2007 04
MONTHLY CLIMATOLOGICAL SUMMARY FOR 4/2007 HEAT COOL MEAN DEG DEG WIND SPEED DOM MEAN MEAN DAY TEMP HIGH TIME LOW TIME DAYS DAYS RAIN AVG HI TIME DIR BAROM HUM --------------------------------------------------------------------------------------- 1 72.1 81.1 2:22pm 62.7 7:20am 0 7 0.00 4 22 10:57am E 30.10 66 2 72.1 81.6 3:17pm 61.8 6:16am 0 7 0.00 3 16 2:13pm SW 30.11 75 3 72.7 84.9 2:36pm 64.7 7:18am 0 7 0.00 2 18 2:40pm NW 30.08 77 4 74.0 82.6 3:49pm 66.4 7:05am 0 9 0.00 3 17 2:48pm NW 29.97 71 5 73.8 82.0 12:22pm 68.3 1:58am 0 9 0.00 4 19 2:34pm W 29.86 72 6 65.8 75.1 1:10pm 56.5 7:14am 2 2 0.01 7 25 4:15pm NW 29.84 63 7 63.4 69.6 12:56pm 56.9 11:59pm 3 1 0.00 8 25 5:11pm NW 30.00 56 8 61.0 72.3 5:57pm 50.5 7:11am 5 1 0.00 4 15 4:39pm NE 30.11 55 9 68.7 79.4 4:49pm 56.9 3:37am 2 6 0.00 3 21 12:26pm ENE 30.03 68 10 71.9 79.6 11:47am 66.8 7:32am 0 7 0.28 3 19 7:05pm ESE 29.90 83 11 75.1 82.6 1:55pm 66.9 12:00am 0 9 0.12 3 21 3:27am S 29.80 79 12 75.5 83.0 3:46pm 69.8 7:37am 0 11 0.04 4 18 10:05am WNW 29.91 78 13 77.3 92.7 3:39pm 63.5 7:06am 0 12 0.00 3 16 9:18am NNE 30.00 66 14 78.1 86.3 12:45pm 70.9 6:41am 0 13 0.00 5 21 3:18pm ESE 29.92 78 15 72.8 79.0 10:12am 63.5 11:55pm 0 8 0.49 11 29 4:33pm WNW 29.82 82 16 62.3 69.4 2:45pm 51.0 7:05am 3 1 0.00 10 31 12:48am NW 30.02 54 17 67.0 76.7 1:11pm 57.2 6:07am 2 4 0.00 7 23 9:49am WNW 29.92 65 18 67.9 76.1 3:55pm 57.0 6:25am 2 5 0.00 5 20 2:42pm WSW 29.76 75 19 71.9 80.7 4:24pm 65.6 7:21am 0 7 0.00 7 22 2:10pm NW 29.76 71 20 71.6 82.0 1:30pm 61.8 7:16am 1 7 0.00 6 23 2:23pm NNE 29.90 65 21 72.4 85.3 2:45pm 62.4 6:44am 0 8 0.00 6 24 6:17pm ENE 30.02 68 22 74.1 85.7 3:46pm 63.9 7:00am 0 9 0.00 5 22 8:52pm E 30.11 56 23 72.3 84.3 3:54pm 57.0 7:10am 1 8 0.00 5 19 1:37pm E 30.18 57 24 73.1 86.7 3:22pm 61.2 6:23am 0 8 0.00 4 17 4:06pm ENE 30.14 73 25 74.3 82.0 3:55pm 65.5 5:00am 0 9 0.00 3 20 10:04am SW 30.05 72 26 76.0 83.4 12:26pm 68.1 6:16am 0 11 0.00 5 20 4:27pm SW 30.01 76 27 76.7 84.0 2:04pm 70.1 6:54am 0 12 0.00 4 17 2:43pm SW 30.02 81 28 76.5 85.1 3:25pm 70.9 11:43pm 0 11 0.00 5 19 6:45pm WNW 30.05 72 29 77.5 89.5 1:40pm 64.2 6:00am 0 11 0.00 6 21 11:05am N 30.05 58 30 75.9 89.0 1:35pm 64.0 7:14am 0 11 0.00 4 17 4:22pm NE 30.02 70 --------------------------------------------------------------------------------------- TOT 72.1 92.7 4/13/07 50.5 4/8/07 22 231 0.94 5 31 4/16/07 NW 29.98 69 HEAT BASE: 65.0 COOL BASE: 65.0
 
  
Hurricane Tracker

Hurricane Tracker
Hurricane Tracker
2017 Storm Tracker Forum


Atlantic Storms
No Storms


Sponsored Links

Recent Forum Posts

New Post
Cape Coral weather, Sun 6/25/17
Posted by
Weatherman911 on Jun 25, 2017 at 04:34:00 PM


New Post
Cindy- Final Advisory
Posted by
Weatherman911 on Jun 24, 2017 at 10:00:31 PM


New Post
Cape Coral weather, Sat 6/24/17
Posted by
Weatherman911 on Jun 24, 2017 at 05:28:02 PM


New Post
Bret- Final Advisory
Posted by
Weatherman911 on Jun 20, 2017 at 06:54:20 PM


New Post
TWO 8pm EDT 6/8/17
Posted by
chris on Jun 10, 2017 at 11:36:40 AM


New Post
TWO 8pm EDT 6/7/17
Posted by
Weatherman911 on Jun 07, 2017 at 08:17:40 PM


***FORUM RULES***

Sponsored Links

Member Login
Username

Password


Join For Free!!
Click here to Register!

Total Hits
We received
73816758
page views since June 2005

Free Weather Graphics

Free weather stickers

Add a weather graphic to your website with the latest conditions!
Click for Details

Sponsored Links

Social Networks

Southwest Florida Weather | Central Florida Weather | Florida Weather

Cape Coral | Fort Myers | Bonita Springs | Naples | Punta Gorda | Port Charlotte | Estero | Sanibel | Lehigh Acres | Captiva | Pine Island | Bokeelia | St. James City | Alva | Arcadia | Labelle | Clewiston | Venice

Lee County | Charlotte County | Collier County | Hendry County | Desoto County
Glades County | Monroe County | Sarasota County | Manatee County
Hillsborough County | Pinellas County | Pasco County

Recommend us




Copyright Capeweather.com 2005-2017

DO NOT make decisions that affect life or property based on this data!
PHP-Nuke Copyright © 2004 by Francisco Burzi. This is free software, and you may redistribute it under the GPL. PHP-Nuke comes with absolutely no warranty, for details, see the license.
Page Generation: 0.32 Seconds