Southwest Florida Weather History, Yearly, Monthly, Daily, Records
 Click here to register!Home | Advertise | Forum | Live Webcams | Contact Us | Tell a Friend | Your Account  

Lee County Forecast
Tonight

Tonight: Mostly clear, with a low around 49. Light and variable wind.
Mostly Clear
Thursday

Thursday: Mostly sunny, with a high near 71. Calm wind becoming southwest 5 to 8 mph in the morning.
Mostly Sunny
Lo 49 °FHi 71 °F
Extended Forecast
Florida Weather Forecast

Southwest Florida Webcams

Main Navigation
Weather
· Home
· Current Conditions
· Storm Warnings
· Station Graphs
· Storm Fronts
· Station History
· Drought Index
· Storm Reports
· Rainfall Estimates
· Fire Graphs

Doppler Radar
· Lee County
· Charlotte County
· Collier County
· Hendry County
· Desoto County
· Glades County
· Sarasota County
· Manatee County
· Hillsborough County
· Pinellas County
· Pasco County
· Southwest Florida
· Florida
· State Radars
· National

Satellite
· South Florida
· North Florida
· Regional
· National

Forecast
· Extended
· Marine
· Discussion
· Florida Forecast
· Hazardous Outlook
· Wave Heights
· Fire

Lightning
· Live
· Tracker
· Loop
· Network
· WASP
· WASP Loop

Tropical Weather
· Hurricane Tracker
· Tropical Satellite
· Sea Temperature
· Discussion
· Buoy Data
· Tracking Tools
· Monthly Summary

Moon and Tides
· Tides
· Moon Phase

Live Products

Fishing Reports

Local News

Other Info

Support Us

Support Capeweather.com
donations

If you find this website useful, consider making
a donation.

Click here to learn more


  
 

Southwest Florida Monthly and Yearly Weather Reports

2017: Jan | Feb | Mar | Apr | May | Jun | Jul | Aug | Sep | Oct | Nov | Dec 
2016: Jan | Feb | Mar | Apr | May | Jun | Jul | Aug | Sep | Oct | Nov | Dec 
2015: Jan | Feb | Mar | Apr | May | Jun | Jul | Aug | Sep | Oct | Nov | Dec 
2014: Jan | Feb | Mar | Apr | May | Jun | Jul | Aug | Sep | Oct | Nov | Dec 
2013: Jan | Feb | Mar | Apr | May | Jun | Jul | Aug | Sep | Oct | Nov | Dec 
2012: Jan | Feb | Mar | Apr | May | Jun | Jul | Aug | Sep | Oct | Nov | Dec 
2011: Jan | Feb | Mar | Apr | May | Jun | Jul | Aug | Sep | Oct | Nov | Dec 
2010: Jan | Feb | Mar | Apr | May | Jun | Jul | Aug | Sep | Oct | Nov | Dec 
2009: Jan | Feb | Mar | Apr | May | Jun | Jul | Aug | Sep | Oct | Nov | Dec 
2008: Jan | Feb | Mar | Apr | May | Jun | Jul | Aug | Sep | Oct | Nov | Dec 
2007: Jan | Feb | Mar | Apr | May | Jun | Jul | Aug | Sep | Oct | Nov | Dec 
2006: Jan | Feb | Mar | Apr | May | Jun | Jul | Aug | Sep | Oct | Nov | Dec 
2005: Jan | Feb | Mar | Apr | May | Jun | Jul | Aug | Sep | Oct | Nov | Dec 

Report for 2007 03
MONTHLY CLIMATOLOGICAL SUMMARY FOR 3/2007 HEAT COOL MEAN DEG DEG WIND SPEED DOM MEAN MEAN DAY TEMP HIGH TIME LOW TIME DAYS DAYS RAIN AVG HI TIME DIR BAROM HUM --------------------------------------------------------------------------------------- 1 74.4 82.2 11:40am 67.9 3:41am 0 9 0.00 5 25 12:46pm ESE 29.88 81 2 74.7 79.8 11:36am 71.5 6:14am 0 10 0.00 4 19 12:33pm S 29.84 89 3 73.7 81.2 1:46pm 60.4 11:58pm 0 9 0.05 5 23 9:26pm SW 29.91 85 4 65.4 76.3 3:07pm 57.2 11:51pm 2 2 0.00 6 21 9:06pm NE 30.08 60 5 58.2 71.3 5:35pm 44.3 6:21am 8 1 0.01 6 21 8:44am NNE 30.20 51 6 59.9 78.3 3:54pm 43.8 7:05am 8 3 0.00 4 17 9:32am NE 30.24 57 7 64.9 78.3 2:11pm 51.7 5:27am 4 4 0.00 3 15 3:43pm ENE 30.18 66 8 65.0 78.5 12:08pm 53.2 7:04am 4 4 0.00 4 21 1:29pm NE 30.07 65 9 68.6 83.0 1:55pm 57.6 4:06am 2 5 0.00 3 14 2:34pm WNW 30.06 70 10 69.8 81.4 2:24pm 61.5 6:59am 1 6 0.00 3 17 3:55pm WNW 30.09 73 11 71.1 87.2 3:50pm 58.9 7:57am 1 7 0.00 4 29 3:58pm NE 30.12 66 12 71.7 83.0 4:01pm 61.2 7:59am 0 7 0.00 3 15 5:24pm E 30.17 68 13 72.5 84.3 3:52pm 60.9 7:44am 0 8 0.00 4 19 3:13pm E 30.20 60 14 72.5 81.8 1:53pm 64.8 6:48am 0 7 0.00 4 18 11:33am ESE 30.12 64 15 72.4 81.1 12:33pm 65.6 5:37am 0 7 0.00 3 19 12:34pm SSE 30.00 74 16 71.8 79.4 2:45pm 67.4 11:30pm 0 7 0.05 6 23 7:09pm WNW 29.88 81 17 63.5 68.1 12:46am 55.4 11:50pm 2 1 0.00 9 24 4:25pm NW 30.00 63 18 63.0 77.2 4:42pm 47.7 6:36am 5 3 0.00 6 22 11:05pm NE 30.16 46 19 67.0 80.1 3:04pm 54.4 7:32am 3 5 0.00 5 19 9:16am E 30.26 50 20 67.3 80.5 12:43pm 58.3 5:33am 1 4 0.00 5 22 2:34pm ENE 30.27 76 21 70.5 83.4 3:23pm 61.6 7:24am 1 6 0.00 6 22 6:02pm ENE 30.23 62 22 71.2 83.2 2:28pm 60.1 4:11am 1 7 0.00 6 22 1:43pm ENE 30.14 66 23 74.5 87.4 4:30pm 64.7 7:17am 0 10 0.00 6 19 5:25pm ENE 30.11 70 24 74.1 85.9 3:41pm 62.4 7:31am 0 9 0.00 5 20 12:54pm ENE 30.17 66 25 73.6 85.1 3:08pm 62.1 7:32am 0 9 0.01 5 21 5:01pm ENE 30.16 65 26 74.5 87.6 3:57pm 63.2 5:01am 0 10 0.01 6 22 2:38pm E 30.14 61 27 74.3 85.9 4:51pm 65.6 4:50am 0 9 0.00 4 17 9:44pm E 30.10 68 28 71.6 85.1 2:41pm 59.9 7:19am 1 7 0.00 3 16 4:19pm ENE 30.07 70 29 73.5 84.7 3:04pm 63.4 7:51am 0 9 0.00 3 16 3:31pm E 30.08 69 30 74.3 86.5 3:21pm 64.5 7:26am 0 9 0.00 5 22 9:06pm E 30.11 69 31 73.8 85.1 3:15pm 65.8 7:25am 0 9 0.00 4 18 1:26pm ESE 30.08 65 --------------------------------------------------------------------------------------- TOT 70.1 87.6 3/26/07 43.8 3/6/07 46 202 0.13 5 29 3/11/07 ENE 30.10 67 HEAT BASE: 65.0 COOL BASE: 65.0
 
  
Hurricane Tracker

Hurricane Tracker
Hurricane Tracker
2017 Storm Tracker Forum


Atlantic Storms
No Storms


Sponsored Links

Recent Forum Posts

New Post
SW FL-Bonita Beach: Sharks, Grouper, Snapper; Sheeps, Drum
Posted by
fishbuster on Nov 30, 2017 at 02:32:09 PM


New Post
SW FL-Bonita Beach:Nice trout Inshore;Keeper Mutton Offshore
Posted by
fishbuster on Nov 09, 2017 at 02:17:33 PM


New Post
Philippe- Final Advisory
Posted by
ccstorms on Oct 29, 2017 at 05:36:13 PM


New Post
Invest 92L- Deactivated
Posted by
ccstorms on Oct 17, 2017 at 06:12:31 AM


New Post
Ophelia- Final Advisory
Posted by
ccstorms on Oct 16, 2017 at 06:32:58 AM


New Post
Nate- Final Advisory
Posted by
ccstorms on Oct 08, 2017 at 02:04:43 PM


***FORUM RULES***

Member Login
Username

Password


Join For Free!!
Click here to Register!

Total Hits
We received
79804571
page views since June 2005

Sponsored Links

Social Networks

Southwest Florida Weather | Central Florida Weather | Florida Weather

Cape Coral | Fort Myers | Bonita Springs | Naples | Punta Gorda | Port Charlotte | Estero | Sanibel | Lehigh Acres | Captiva | Pine Island | Bokeelia | St. James City | Alva | Arcadia | Labelle | Clewiston | Venice

Lee County | Charlotte County | Collier County | Hendry County | Desoto County
Glades County | Monroe County | Sarasota County | Manatee County
Hillsborough County | Pinellas County | Pasco County

Recommend us




Copyright Capeweather.com 2005-2017

DO NOT make decisions that affect life or property based on this data!
PHP-Nuke Copyright © 2004 by Francisco Burzi. This is free software, and you may redistribute it under the GPL. PHP-Nuke comes with absolutely no warranty, for details, see the license.
Page Generation: 0.74 Seconds