Southwest Florida Weather History, Yearly, Monthly, Daily, Records
 Click here to register!Home | Advertise | Forum | Live Webcams | Contact Us | Tell a Friend | Your Account  

Lee County Forecast
Tonight

Tonight: Partly cloudy, with a low around 60. West northwest wind 5 to 7 mph becoming calm  after midnight.
Partly Cloudy

Tuesday

Tuesday: Mostly sunny, with a high near 83. Calm wind becoming west 5 to 8 mph in the afternoon.
Mostly Sunny

Lo 60 °FHi 83 °F
Extended Forecast
Florida Weather Forecast

Southwest Florida Webcams

Main Navigation
Weather
· Home
· Current Conditions
· Storm Warnings
· Station Graphs
· Storm Fronts
· Temperature Map
· Station History
· Drought Index
· Storm Reports
· Rainfall Estimates
· Fire Graphs

Doppler Radar
· Lee County
· Charlotte County
· Collier County
· Hendry County
· Desoto County
· Glades County
· Sarasota County
· Manatee County
· Hillsborough County
· Pinellas County
· Pasco County
· Southwest Florida
· Florida
· State Radars
· National

Satellite
· South Florida
· North Florida
· Regional
· National

Forecast
· Extended
· Marine
· Discussion
· Florida Forecast
· Hazardous Outlook
· Wave Heights
· Fire

Lightning
· Live
· Tracker
· Loop
· Network
· WASP
· WASP Loop
· 3 Hour Forecast

Tropical Weather
· Hurricane Tracker
· Tropical Satellite
· Sea Temperature
· Discussion
· Buoy Data
· Tracking Tools
· Jeff Masters Blog
· Monthly Summary

Moon and Tides
· Tides
· Moon Phase

Live Products
· Webcams
· NOAA Radio
· Police Scanner
· Marine VHF Radio

Fishing Reports
· Forum Reports
· Captain Joe

Local News
· Cape Coral
· Fort Myers
· Lehigh Acres
· Estero
· Bonita Springs

Other Info
· Advertising
· Donation Support
· Station Status
· Disclaimer
· Forum
· Facebook
· Contact Us
· CWOP
· Events Calendar

Matched Content

  
 

Southwest Florida Monthly and Yearly Weather Reports

2017: Jan | Feb | Mar | Apr | May | Jun | Jul | Aug | Sep | Oct | Nov | Dec 
2016: Jan | Feb | Mar | Apr | May | Jun | Jul | Aug | Sep | Oct | Nov | Dec 
2015: Jan | Feb | Mar | Apr | May | Jun | Jul | Aug | Sep | Oct | Nov | Dec 
2014: Jan | Feb | Mar | Apr | May | Jun | Jul | Aug | Sep | Oct | Nov | Dec 
2013: Jan | Feb | Mar | Apr | May | Jun | Jul | Aug | Sep | Oct | Nov | Dec 
2012: Jan | Feb | Mar | Apr | May | Jun | Jul | Aug | Sep | Oct | Nov | Dec 
2011: Jan | Feb | Mar | Apr | May | Jun | Jul | Aug | Sep | Oct | Nov | Dec 
2010: Jan | Feb | Mar | Apr | May | Jun | Jul | Aug | Sep | Oct | Nov | Dec 
2009: Jan | Feb | Mar | Apr | May | Jun | Jul | Aug | Sep | Oct | Nov | Dec 
2008: Jan | Feb | Mar | Apr | May | Jun | Jul | Aug | Sep | Oct | Nov | Dec 
2007: Jan | Feb | Mar | Apr | May | Jun | Jul | Aug | Sep | Oct | Nov | Dec 
2006: Jan | Feb | Mar | Apr | May | Jun | Jul | Aug | Sep | Oct | Nov | Dec 
2005: Jan | Feb | Mar | Apr | May | Jun | Jul | Aug | Sep | Oct | Nov | Dec 

Report for 2007 02
MONTHLY CLIMATOLOGICAL SUMMARY FOR 2/2007 HEAT COOL MEAN DEG DEG WIND SPEED DOM MEAN MEAN DAY TEMP HIGH TIME LOW TIME DAYS DAYS RAIN AVG HI TIME DIR BAROM HUM --------------------------------------------------------------------------------------- 1 68.4 78.5 1:04pm 56.9 4:25am 2 5 0.00 7 30 3:19pm SSE 29.91 80 2 71.5 79.9 2:14pm 66.4 8:08pm 0 6 0.00 4 20 3:25pm SSW 29.89 85 3 64.1 67.6 12:07am 59.5 11:55pm 2 1 0.00 6 21 10:52am NE 30.12 73 4 60.4 68.1 12:39pm 53.8 7:21am 5 0 0.02 10 26 6:51pm NE 30.19 75 5 55.7 60.4 1:17pm 52.5 7:58pm 9 0 0.09 9 25 9:35am NE 30.29 64 6 59.1 71.1 3:24pm 49.6 4:54am 7 1 0.04 4 18 1:50pm NE 30.30 66 7 62.8 77.4 1:12pm 52.8 5:31am 12 4 0.00 3 16 4:12pm ENE 30.18 74 8 64.2 79.2 3:27pm 55.3 3:10am 4 3 0.00 3 17 5:10pm NE 30.11 67 9 61.8 75.6 1:35pm 49.8 7:14am 5 2 0.00 3 15 4:21pm NNW 30.07 73 10 64.2 76.3 12:13pm 53.6 7:32am 3 3 0.00 4 17 1:28pm NNW 30.09 73 11 63.4 77.2 3:52pm 52.0 6:21am 4 2 0.00 3 15 9:59am NE 30.14 73 12 65.8 72.0 3:00pm 62.0 3:20am 1 2 0.29 3 18 1:07pm E 30.09 87 13 69.3 77.7 12:18pm 62.7 4:27am 0 5 0.00 2 18 11:43am SSW 29.88 87 14 69.5 76.7 12:40pm 61.2 11:52pm 0 5 0.00 6 22 12:45pm W 29.86 85 15 59.6 62.1 11:21am 53.6 11:57pm 5 0 0.05 3 14 9:16pm N 29.97 84 16 53.3 59.5 11:13am 43.3 11:56pm 12 0 0.00 6 22 11:04am N 30.06 73 17 50.2 60.9 1:21pm 38.8 7:10am 15 0 0.00 5 21 1:55pm NE 30.09 69 18 54.3 61.6 5:01am 45.2 11:56pm 11 0 0.12 10 35 10:38am NNW 30.12 71 19 52.9 68.3 4:11pm 38.9 6:59am 12 0 0.00 4 18 11:44am NE 30.28 55 20 59.7 74.0 3:08pm 45.5 6:28am 8 2 0.00 2 16 12:31pm SSW 30.17 74 21 65.0 76.0 12:50pm 53.2 7:16am 3 3 0.01 2 14 2:45pm SW 30.09 75 22 65.8 76.7 10:45am 58.3 11:58pm 2 3 0.00 5 19 1:07pm WNW 30.07 77 23 65.3 82.8 2:41pm 56.3 7:36am 3 4 0.00 3 17 4:49pm NW 30.05 69 24 66.8 79.4 2:54pm 56.7 3:29am 2 4 0.01 3 18 11:02am E 30.05 71 25 70.0 79.4 1:29pm 61.8 5:21am 1 6 0.00 4 21 9:22am ESE 29.98 80 26 70.8 75.8 11:21am 68.6 12:00am 0 6 0.02 2 17 4:56am SSW 29.92 92 27 72.9 80.3 12:35pm 68.4 11:52pm 0 8 0.05 4 15 11:52am W 29.91 89 28 72.6 84.7 2:24pm 64.7 5:52am 0 8 0.00 3 18 6:28pm ENE 29.94 76 --------------------------------------------------------------------------------------- TOT 63.5 84.7 2/28/07 38.8 2/17/07 130 83 0.70 4 35 2/18/07 NE 30.07 76 HEAT BASE: 65.0 COOL BASE: 65.0
 
  
Hurricane Tracker

Hurricane Tracker
Hurricane Tracker
Storm Tracker Forum


Atlantic Storms
14L
90L


Sponsored Links

Recent Forum Posts

New Post
SW FL-Bonita Beach: Offshore or Inshore--Great Fishing!
Posted by
fishbuster on Mar 25, 2017 at 11:22:51 AM


New Post
SWFL-Bonita Beach:Redfish&Drum Inshore;Grouper & Sna
Posted by
fishbuster on Mar 05, 2017 at 03:02:40 PM


New Post
Florida Stormy Clouds
Posted by
emeryhayward98 on Mar 03, 2017 at 12:08:57 PM


New Post
SW FL-Bonita Beach: Two weeks of excellent fishing offshore
Posted by
fishbuster on Feb 16, 2017 at 02:43:04 PM


New Post
SW FL-Bonita Beach: All kinds of bottom fish offshore; Drum
Posted by
chris on Jan 27, 2017 at 09:03:43 PM


New Post
Big Time In the Sound
Posted by
chris on Jan 26, 2017 at 01:25:22 PM


***FORUM RULES***

Member Login
Username

Password


Join For Free!!
Click here to Register!

Sponsors

Social Networks

Total Hits
We received
71028293
page views since June 2005

Free Weather Graphics

Free weather stickers

Add a weather graphic to your website with the latest conditions!
Click for Details

Sponsored Links

Southwest Florida Weather | Central Florida Weather | Florida Weather

Cape Coral | Fort Myers | Bonita Springs | Naples | Punta Gorda | Port Charlotte | Estero | Sanibel | Lehigh Acres | Captiva | Pine Island | Bokeelia | St. James City | Alva | Arcadia | Labelle | Clewiston | Venice

Lee County | Charlotte County | Collier County | Hendry County | Desoto County
Glades County | Monroe County | Sarasota County | Manatee County
Hillsborough County | Pinellas County | Pasco County

Recommend us




Copyright Capeweather.com 2005-2017

DO NOT make decisions that affect life or property based on this data!
PHP-Nuke Copyright © 2004 by Francisco Burzi. This is free software, and you may redistribute it under the GPL. PHP-Nuke comes with absolutely no warranty, for details, see the license.
Page Generation: 0.22 Seconds