Southwest Florida Weather History, Yearly, Monthly, Daily, Records
 Click here to register!Home | Advertise | Forum | Live Webcams | Contact Us | Tell a Friend | Your Account  

Lee County Forecast
This
Afternoon
This Afternoon: Isolated showers after 2pm.  Partly sunny, with a high near 87. Breezy, with an east wind around 16 mph, with gusts as high as 23 mph.  Chance of precipitation is 20%.
Isolated
Showers and
Breezy
Tonight

Tonight: Mostly cloudy, with a low around 74. East wind around 11 mph.
Mostly Cloudy

Hi 87 °FLo 74 °F
Extended Forecast
Florida Weather Forecast

Southwest Florida Webcams

Main Navigation
Weather
· Home
· Current Conditions
· Storm Warnings
· Station Graphs
· Storm Fronts
· Temperature Map
· Station History
· Drought Index
· Storm Reports
· Rainfall Estimates
· Fire Graphs

Doppler Radar
· Lee County
· Charlotte County
· Collier County
· Hendry County
· Desoto County
· Glades County
· Sarasota County
· Manatee County
· Hillsborough County
· Pinellas County
· Pasco County
· Southwest Florida
· Florida
· State Radars
· National

Satellite
· South Florida
· North Florida
· Regional
· National

Forecast
· Extended
· Marine
· Discussion
· Florida Forecast
· Hazardous Outlook
· Wave Heights
· Fire

Lightning
· Live
· Tracker
· Loop
· Network
· WASP
· WASP Loop
· 3 Hour Forecast

Tropical Weather
· Hurricane Tracker
· Tropical Satellite
· Sea Temperature
· Discussion
· Buoy Data
· Tracking Tools
· Monthly Summary

Moon and Tides
· Tides
· Moon Phase

Live Products

Fishing Reports

Local News

Other Info

  
 

Southwest Florida Monthly and Yearly Weather Reports

2017: Jan | Feb | Mar | Apr | May | Jun | Jul | Aug | Sep | Oct | Nov | Dec 
2016: Jan | Feb | Mar | Apr | May | Jun | Jul | Aug | Sep | Oct | Nov | Dec 
2015: Jan | Feb | Mar | Apr | May | Jun | Jul | Aug | Sep | Oct | Nov | Dec 
2014: Jan | Feb | Mar | Apr | May | Jun | Jul | Aug | Sep | Oct | Nov | Dec 
2013: Jan | Feb | Mar | Apr | May | Jun | Jul | Aug | Sep | Oct | Nov | Dec 
2012: Jan | Feb | Mar | Apr | May | Jun | Jul | Aug | Sep | Oct | Nov | Dec 
2011: Jan | Feb | Mar | Apr | May | Jun | Jul | Aug | Sep | Oct | Nov | Dec 
2010: Jan | Feb | Mar | Apr | May | Jun | Jul | Aug | Sep | Oct | Nov | Dec 
2009: Jan | Feb | Mar | Apr | May | Jun | Jul | Aug | Sep | Oct | Nov | Dec 
2008: Jan | Feb | Mar | Apr | May | Jun | Jul | Aug | Sep | Oct | Nov | Dec 
2007: Jan | Feb | Mar | Apr | May | Jun | Jul | Aug | Sep | Oct | Nov | Dec 
2006: Jan | Feb | Mar | Apr | May | Jun | Jul | Aug | Sep | Oct | Nov | Dec 
2005: Jan | Feb | Mar | Apr | May | Jun | Jul | Aug | Sep | Oct | Nov | Dec 

Report for 2007 01
MONTHLY CLIMATOLOGICAL SUMMARY FOR 1/2007 HEAT COOL MEAN DEG DEG WIND SPEED DOM MEAN MEAN DAY TEMP HIGH TIME LOW TIME DAYS DAYS RAIN AVG HI TIME DIR BAROM HUM --------------------------------------------------------------------------------------- 1 70.8 78.5 12:28pm 64.7 11:55pm 0 6 0.03 3 26 6:14pm ESE 30.09 87 2 70.3 77.6 2:12pm 64.7 12:00am 0 5 0.00 4 15 3:54pm ENE 30.14 85 3 73.0 83.2 3:41pm 64.8 6:37am 0 8 0.00 2 12 11:37am ENE 30.19 82 4 72.7 81.6 1:35pm 66.1 4:33am 0 8 0.00 2 15 12:36pm ESE 30.11 83 5 74.3 81.8 2:04pm 68.6 3:26am 0 9 0.00 4 27 11:42am SSE 30.02 85 6 74.1 81.4 12:21pm 68.3 11:49pm 0 9 0.00 2 14 11:59am SE 30.07 85 7 73.8 83.8 12:50pm 66.4 2:20am 0 9 0.00 2 14 11:04am ESE 30.10 86 8 72.8 80.1 12:38pm 62.7 11:56pm 0 8 0.00 5 19 4:46pm SW 30.06 86 9 59.1 69.9 1:55pm 50.7 7:26am 7 1 0.00 6 25 10:31am NNE 30.18 57 10 58.8 71.1 3:35pm 49.2 7:16am 7 1 0.00 7 23 10:08am NE 30.25 62 11 64.0 77.2 2:08pm 51.6 6:41am 4 3 0.00 5 20 12:46pm ENE 30.31 69 12 68.1 79.0 2:00pm 57.6 3:43am 2 5 0.00 4 20 10:59am ENE 30.30 70 13 69.6 81.2 3:06pm 60.1 5:12am 1 6 0.00 4 16 11:39am E 30.24 71 14 70.9 83.2 2:34pm 62.0 7:15am 0 6 0.00 4 15 2:59pm E 30.19 76 15 70.5 82.0 2:42pm 59.9 7:06am 1 6 0.00 2 12 11:38am E 30.14 72 16 71.1 80.1 3:48pm 65.2 7:38am 0 6 0.01 2 12 1:47pm SW 30.12 86 17 70.7 81.1 4:20pm 64.3 7:52am 0 6 0.00 6 23 7:03am ENE 30.20 75 18 68.4 79.6 2:22pm 63.7 5:42am 0 4 0.00 4 14 12:00am NE 30.23 87 19 69.6 81.2 4:22pm 63.7 7:32am 0 5 0.00 3 16 11:54am NNW 30.17 83 20 67.8 80.9 3:22pm 58.0 7:18am 2 5 0.00 4 18 8:53pm ENE 30.14 74 21 70.9 82.8 1:56pm 61.2 12:22am 1 7 0.00 4 18 4:29pm E 30.10 74 22 72.1 79.4 2:10pm 66.3 4:38am 0 7 0.05 3 19 10:54am SSW 30.01 90 23 69.8 75.4 4:45pm 65.6 11:39pm 0 5 0.01 1 10 2:55pm NNW 29.98 88 24 67.3 74.6 1:13pm 58.9 11:59pm 0 3 0.00 4 16 6:10pm ENE 29.98 73 25 56.9 65.6 3:38pm 50.8 11:54pm 9 3 0.19 7 23 8:25am NE 29.98 83 26 56.0 72.1 4:12pm 43.3 7:32am 10 1 0.00 5 19 10:04am NNE 30.13 63 27 63.3 76.3 2:17pm 49.6 6:08am 5 4 0.00 4 20 11:25pm ENE 30.04 76 28 65.5 71.1 5:49am 54.2 11:55pm 2 2 0.01 8 32 11:13am NNW 29.96 78 29 54.4 63.9 3:41pm 44.5 11:52pm 11 0 0.00 5 22 8:40am NNE 30.17 61 30 51.9 63.7 3:07pm 39.6 7:05am 13 0 0.00 3 12 3:32pm NNE 30.17 61 31 60.3 73.7 4:34pm 48.8 5:22am 6 2 0.00 4 19 9:13am ENE 30.10 57 --------------------------------------------------------------------------------------- TOT 67.1 83.8 1/7/07 39.6 1/30/07 81 146 0.30 4 32 1/28/07 ENE 30.13 76 HEAT BASE: 65.0 COOL BASE: 65.0
 
  
Hurricane Tracker

Hurricane Tracker
Hurricane Tracker
2017 Storm Tracker Forum


Atlantic Storms
No Storms


Sponsored Links

Recent Forum Posts

New Post
Invest 92L- Deactivated
Posted by
ccstorms on Oct 17, 2017 at 06:12:31 AM


New Post
Ophelia- Final Advisory
Posted by
ccstorms on Oct 16, 2017 at 06:32:58 AM


New Post
Nate- Final Advisory
Posted by
ccstorms on Oct 08, 2017 at 02:04:43 PM


New Post
SW FL-Bonita Beach: Fishing pre and post Hurricane Irma
Posted by
fishbuster on Oct 07, 2017 at 12:55:48 PM


New Post
Invest 99L- Deactivated
Posted by
ccstorms on Oct 01, 2017 at 06:10:56 AM


New Post
Maria- Final Advisory
Posted by
ccstorms on Sep 30, 2017 at 05:15:26 PM


***FORUM RULES***

Sponsored Links

Member Login
Username

Password


Join For Free!!
Click here to Register!

Total Hits
We received
78344561
page views since June 2005

Social Networks

Southwest Florida Weather | Central Florida Weather | Florida Weather

Cape Coral | Fort Myers | Bonita Springs | Naples | Punta Gorda | Port Charlotte | Estero | Sanibel | Lehigh Acres | Captiva | Pine Island | Bokeelia | St. James City | Alva | Arcadia | Labelle | Clewiston | Venice

Lee County | Charlotte County | Collier County | Hendry County | Desoto County
Glades County | Monroe County | Sarasota County | Manatee County
Hillsborough County | Pinellas County | Pasco County

Recommend us




Copyright Capeweather.com 2005-2017

DO NOT make decisions that affect life or property based on this data!
PHP-Nuke Copyright © 2004 by Francisco Burzi. This is free software, and you may redistribute it under the GPL. PHP-Nuke comes with absolutely no warranty, for details, see the license.
Page Generation: 0.69 Seconds